{"id":7409,"date":"2022-02-24T11:26:25","date_gmt":"2022-02-24T11:26:25","guid":{"rendered":"http:\/\/esiaz24.uclm.es\/?page_id=7409"},"modified":"2025-10-01T06:17:17","modified_gmt":"2025-10-01T06:17:17","slug":"buzon-y-sugerencias-muii","status":"publish","type":"page","link":"https:\/\/esi.uclm.es\/index.php\/master-en-ingenieria-informatica\/buzon-y-sugerencias-muii\/","title":{"rendered":"Buz\u00f3n y sugerencias MUII"},"content":{"rendered":"\n<h3 class=\"wp-block-heading\" id=\"la-escuela-superior-de-ingenieria-informatica-pone-a-disposicion-de-sus-estudiantes-profesores-y-pas-un-buzon-de-reclamaciones-y-sugerencias-que-recogera-las-propuestas-que-tengan-como-finalidad-promover-la-mejora-de-la-calidad-de-la-titulacion\">La Escuela Superior de Ingenier\u00eda Inform\u00e1tica pone a disposici\u00f3n de sus estudiantes, profesores y PAS un buz\u00f3n de reclamaciones y sugerencias que recoger\u00e1 las propuestas que tengan como finalidad promover la mejora de la calidad de la titulaci\u00f3n.<\/h3>\n\n\n\n<script>\n        setTimeout(function() {\n            window.location.href = \"https:\/\/www.uclm.es\/estudios\/masteres\/master-ingenieria-informatica%202024\";\n        }, 100);\n    <\/script>\n\n\n\n<p>Alternativa o complementariamente al buz\u00f3n de reclamaciones,cualquier solicitud o sugerencia se puede realizar a trav\u00e9s de los diversos representates de la escuela:<\/p>\n\n\n\n<ul class=\"wp-block-list\">\n<li>El\u00a0<strong>delegado<\/strong>\u00a0es el representante de los alumnos de cada clase y \u00e9l puede hacer llegar cualquier reclamaci\u00f3n o sugerencia que afecte a la clase al equipo de gobierno y coordinadores de la escuela. Igualmente, la<strong><a href=\"http:\/\/www.esi.uclm.es\/dai\/\" target=\"_blank\" rel=\"noreferrer noopener\">\u00a0delegaci\u00f3n de alumnos<\/a><\/strong>, son representantes que pueden llevar las reclamaciones a la Junta de Centro y al equipo de gobierno.<\/li>\n\n\n\n<li>Cualquier problema sobre la\u00a0<strong>matr\u00edcula<\/strong>\u00a0y otros aspectos generales de la gesti\u00f3n de alumnos de la UCLM puedes consultarlo con la\u00a0<a href=\"http:\/\/www.uclm.es\/estudiantes\/\">unidad de gesti\u00f3n de alumnos del campus de Ciudad Real<\/a><\/li>\n\n\n\n<li>Los alumnos tienen asignados un\u00a0<strong>tutor personal<\/strong>\u00a0que puede ayudar en lo referente a su marcha acad\u00e9mica.<\/li>\n\n\n\n<li>La escuela dispone de\u00a0<strong>coordinador del master, coordinador del grado, del grado biling\u00fce y coordinadores de cada curso e intensificaci\u00f3n<\/strong>. Todos ellos pueden mediar y ayudar con las sugerencias y reclamaciones. En este\u00a0<a href=\"https:\/\/esi.uclm.es\/index.php\/direccion\/coordinacion\/\">enlace<\/a>\u00a0est\u00e1 disponible la organizaci\u00f3n de coordinadores.<\/li>\n<\/ul>\n\n\n\n<p>Las&nbsp;<strong>reclamaciones y sugerencias por escrito<\/strong>&nbsp;podr\u00e1n ser emitidas a t\u00edtulo individual o en representaci\u00f3n de un grupo de personas. En cualquier caso ser\u00e1 necesario que &nbsp;las personas relacionadas con la solicitud est\u00e9n identificadas, no se tramitar\u00e1 ninguna reclamaci\u00f3n o sugerencia donde no se cumpla este requisito. Asimismo, en la solicitud se indicar\u00e1 el canal elegido por el remitente para recibir informaci\u00f3n sobre el estado de tramitaci\u00f3n (correo electr\u00f3nico, tel\u00e9fono, ..).&nbsp;<br><br>Las sugerencias podr\u00e1n hacerse llegar a trav\u00e9s del buz\u00f3n f\u00edsico instalado en la entrada de la Secretar\u00eda del centro o mediante correo electr\u00f3nico enviado a&nbsp;<a href=\"mailto:esi@uclm.es\">esi@uclm.es<\/a>.&nbsp;<br><br>Las reclamaciones se realizar\u00e1n por escrito dirigidas al Director de la Escuela y se entregar\u00e1n en Secretar\u00eda de Direcci\u00f3n donde se les dar\u00e1 registro de entrada.&nbsp;<br><br>La Comisi\u00f3n de Garant\u00eda de Calidad del centro ser\u00e1 la encargada de canalizar las sugerencias y reclamaciones al responsable del servicio implicado y de comunicar al remitente la soluci\u00f3n adoptada<\/p>\n","protected":false},"excerpt":{"rendered":"<p>La Escuela Superior de Ingenier\u00eda Inform\u00e1tica pone a disposici\u00f3n de sus estudiantes, profesores y PAS un buz\u00f3n de reclamaciones y sugerencias que recoger\u00e1 las propuestas que tengan como finalidad promover la mejora de la calidad de la titulaci\u00f3n. Alternativa o complementariamente al buz\u00f3n de reclamaciones,cualquier [&hellip;]<\/p>\n","protected":false},"author":1,"featured_media":0,"parent":3998,"menu_order":0,"comment_status":"closed","ping_status":"closed","template":"","meta":{"footnotes":""},"class_list":["post-7409","page","type-page","status-publish","hentry"],"yoast_head":"<!-- This site is optimized with the Yoast SEO plugin v27.4 - https:\/\/yoast.com\/product\/yoast-seo-wordpress\/ -->\n<title>Buz\u00f3n y sugerencias MUII - Escuela Superior de Inform\u00e1tica de UCLM<\/title>\n<meta name=\"robots\" content=\"index, follow, max-snippet:-1, max-image-preview:large, max-video-preview:-1\" \/>\n<link rel=\"canonical\" href=\"https:\/\/esi.uclm.es\/index.php\/master-en-ingenieria-informatica\/buzon-y-sugerencias-muii\/\" \/>\n<meta property=\"og:locale\" content=\"es_ES\" \/>\n<meta property=\"og:type\" content=\"article\" \/>\n<meta property=\"og:title\" content=\"Buz\u00f3n y sugerencias MUII - Escuela Superior de Inform\u00e1tica de UCLM\" \/>\n<meta property=\"og:description\" content=\"La Escuela Superior de Ingenier\u00eda Inform\u00e1tica pone a disposici\u00f3n de sus estudiantes, profesores y PAS un buz\u00f3n de reclamaciones y sugerencias que recoger\u00e1 las propuestas que tengan como finalidad promover la mejora de la calidad de la titulaci\u00f3n. Alternativa o complementariamente al buz\u00f3n de reclamaciones,cualquier [&hellip;]\" \/>\n<meta property=\"og:url\" content=\"https:\/\/esi.uclm.es\/index.php\/master-en-ingenieria-informatica\/buzon-y-sugerencias-muii\/\" \/>\n<meta property=\"og:site_name\" content=\"Escuela Superior de Inform\u00e1tica de UCLM\" \/>\n<meta property=\"article:publisher\" content=\"https:\/\/www.facebook.com\/Escuela-Superior-de-Informtica-543261809027158\" \/>\n<meta property=\"article:modified_time\" content=\"2025-10-01T06:17:17+00:00\" \/>\n<meta name=\"twitter:card\" content=\"summary_large_image\" \/>\n<meta name=\"twitter:site\" content=\"@esiuclm\" \/>\n<meta name=\"twitter:label1\" content=\"Tiempo de lectura\" \/>\n\t<meta name=\"twitter:data1\" content=\"2 minutos\" \/>\n<script type=\"application\/ld+json\" class=\"yoast-schema-graph\">{\"@context\":\"https:\\\/\\\/schema.org\",\"@graph\":[{\"@type\":\"WebPage\",\"@id\":\"https:\\\/\\\/esi.uclm.es\\\/index.php\\\/master-en-ingenieria-informatica\\\/buzon-y-sugerencias-muii\\\/\",\"url\":\"https:\\\/\\\/esi.uclm.es\\\/index.php\\\/master-en-ingenieria-informatica\\\/buzon-y-sugerencias-muii\\\/\",\"name\":\"Buz\u00f3n y sugerencias MUII - Escuela Superior de Inform\u00e1tica de UCLM\",\"isPartOf\":{\"@id\":\"https:\\\/\\\/esi.uclm.es\\\/#website\"},\"datePublished\":\"2022-02-24T11:26:25+00:00\",\"dateModified\":\"2025-10-01T06:17:17+00:00\",\"breadcrumb\":{\"@id\":\"https:\\\/\\\/esi.uclm.es\\\/index.php\\\/master-en-ingenieria-informatica\\\/buzon-y-sugerencias-muii\\\/#breadcrumb\"},\"inLanguage\":\"es\",\"potentialAction\":[{\"@type\":\"ReadAction\",\"target\":[\"https:\\\/\\\/esi.uclm.es\\\/index.php\\\/master-en-ingenieria-informatica\\\/buzon-y-sugerencias-muii\\\/\"]}]},{\"@type\":\"BreadcrumbList\",\"@id\":\"https:\\\/\\\/esi.uclm.es\\\/index.php\\\/master-en-ingenieria-informatica\\\/buzon-y-sugerencias-muii\\\/#breadcrumb\",\"itemListElement\":[{\"@type\":\"ListItem\",\"position\":1,\"name\":\"Portada\",\"item\":\"https:\\\/\\\/esi.uclm.es\\\/\"},{\"@type\":\"ListItem\",\"position\":2,\"name\":\"M\u00e1ster en Ingenier\u00eda Inform\u00e1tica\",\"item\":\"https:\\\/\\\/esi.uclm.es\\\/index.php\\\/master-en-ingenieria-informatica\\\/\"},{\"@type\":\"ListItem\",\"position\":3,\"name\":\"Buz\u00f3n y sugerencias MUII\"}]},{\"@type\":\"WebSite\",\"@id\":\"https:\\\/\\\/esi.uclm.es\\\/#website\",\"url\":\"https:\\\/\\\/esi.uclm.es\\\/\",\"name\":\"Escuela Superior de Inform\u00e1tica de UCLM en Ciudad Real, Castilla-La Mancha\",\"description\":\"La Escuela Superior de Inform\u00e1tica de Ciudad Real (Castilla-La Mancha), Universidad de Castilla-La Mancha es un centro universitario que imparte el ciclo completo de Ingenier\u00eda en Inform\u00e1tica: grado, m\u00e1ster y doctorado.\",\"publisher\":{\"@id\":\"https:\\\/\\\/esi.uclm.es\\\/#organization\"},\"potentialAction\":[{\"@type\":\"SearchAction\",\"target\":{\"@type\":\"EntryPoint\",\"urlTemplate\":\"https:\\\/\\\/esi.uclm.es\\\/?s={search_term_string}\"},\"query-input\":{\"@type\":\"PropertyValueSpecification\",\"valueRequired\":true,\"valueName\":\"search_term_string\"}}],\"inLanguage\":\"es\"},{\"@type\":\"Organization\",\"@id\":\"https:\\\/\\\/esi.uclm.es\\\/#organization\",\"name\":\"Escuela Superior de Inform\u00e1tica de UCLM\",\"url\":\"https:\\\/\\\/esi.uclm.es\\\/\",\"logo\":{\"@type\":\"ImageObject\",\"inLanguage\":\"es\",\"@id\":\"https:\\\/\\\/esi.uclm.es\\\/#\\\/schema\\\/logo\\\/image\\\/\",\"url\":\"https:\\\/\\\/esi.uclm.es\\\/assets\\\/uploads\\\/2022\\\/03\\\/LogoESI_cabecera-1.png\",\"contentUrl\":\"https:\\\/\\\/esi.uclm.es\\\/assets\\\/uploads\\\/2022\\\/03\\\/LogoESI_cabecera-1.png\",\"width\":460,\"height\":184,\"caption\":\"Escuela Superior de Inform\u00e1tica de UCLM\"},\"image\":{\"@id\":\"https:\\\/\\\/esi.uclm.es\\\/#\\\/schema\\\/logo\\\/image\\\/\"},\"sameAs\":[\"https:\\\/\\\/www.facebook.com\\\/Escuela-Superior-de-Informtica-543261809027158\",\"https:\\\/\\\/x.com\\\/esiuclm\",\"https:\\\/\\\/www.instagram.com\\\/esiuclm\\\/\",\"https:\\\/\\\/www.youtube.com\\\/user\\\/esiuclm\",\"https:\\\/\\\/www.twitch.tv\\\/esiuclm\",\"https:\\\/\\\/www.linkedin.com\\\/company\\\/12656631\\\/admin\\\/\"]}]}<\/script>\n<!-- \/ Yoast SEO plugin. -->","yoast_head_json":{"title":"Buz\u00f3n y sugerencias MUII - Escuela Superior de Inform\u00e1tica de UCLM","robots":{"index":"index","follow":"follow","max-snippet":"max-snippet:-1","max-image-preview":"max-image-preview:large","max-video-preview":"max-video-preview:-1"},"canonical":"https:\/\/esi.uclm.es\/index.php\/master-en-ingenieria-informatica\/buzon-y-sugerencias-muii\/","og_locale":"es_ES","og_type":"article","og_title":"Buz\u00f3n y sugerencias MUII - Escuela Superior de Inform\u00e1tica de UCLM","og_description":"La Escuela Superior de Ingenier\u00eda Inform\u00e1tica pone a disposici\u00f3n de sus estudiantes, profesores y PAS un buz\u00f3n de reclamaciones y sugerencias que recoger\u00e1 las propuestas que tengan como finalidad promover la mejora de la calidad de la titulaci\u00f3n. Alternativa o complementariamente al buz\u00f3n de reclamaciones,cualquier [&hellip;]","og_url":"https:\/\/esi.uclm.es\/index.php\/master-en-ingenieria-informatica\/buzon-y-sugerencias-muii\/","og_site_name":"Escuela Superior de Inform\u00e1tica de UCLM","article_publisher":"https:\/\/www.facebook.com\/Escuela-Superior-de-Informtica-543261809027158","article_modified_time":"2025-10-01T06:17:17+00:00","twitter_card":"summary_large_image","twitter_site":"@esiuclm","twitter_misc":{"Tiempo de lectura":"2 minutos"},"schema":{"@context":"https:\/\/schema.org","@graph":[{"@type":"WebPage","@id":"https:\/\/esi.uclm.es\/index.php\/master-en-ingenieria-informatica\/buzon-y-sugerencias-muii\/","url":"https:\/\/esi.uclm.es\/index.php\/master-en-ingenieria-informatica\/buzon-y-sugerencias-muii\/","name":"Buz\u00f3n y sugerencias MUII - Escuela Superior de Inform\u00e1tica de UCLM","isPartOf":{"@id":"https:\/\/esi.uclm.es\/#website"},"datePublished":"2022-02-24T11:26:25+00:00","dateModified":"2025-10-01T06:17:17+00:00","breadcrumb":{"@id":"https:\/\/esi.uclm.es\/index.php\/master-en-ingenieria-informatica\/buzon-y-sugerencias-muii\/#breadcrumb"},"inLanguage":"es","potentialAction":[{"@type":"ReadAction","target":["https:\/\/esi.uclm.es\/index.php\/master-en-ingenieria-informatica\/buzon-y-sugerencias-muii\/"]}]},{"@type":"BreadcrumbList","@id":"https:\/\/esi.uclm.es\/index.php\/master-en-ingenieria-informatica\/buzon-y-sugerencias-muii\/#breadcrumb","itemListElement":[{"@type":"ListItem","position":1,"name":"Portada","item":"https:\/\/esi.uclm.es\/"},{"@type":"ListItem","position":2,"name":"M\u00e1ster en Ingenier\u00eda Inform\u00e1tica","item":"https:\/\/esi.uclm.es\/index.php\/master-en-ingenieria-informatica\/"},{"@type":"ListItem","position":3,"name":"Buz\u00f3n y sugerencias MUII"}]},{"@type":"WebSite","@id":"https:\/\/esi.uclm.es\/#website","url":"https:\/\/esi.uclm.es\/","name":"Escuela Superior de Inform\u00e1tica de UCLM en Ciudad Real, Castilla-La Mancha","description":"La Escuela Superior de Inform\u00e1tica de Ciudad Real (Castilla-La Mancha), Universidad de Castilla-La Mancha es un centro universitario que imparte el ciclo completo de Ingenier\u00eda en Inform\u00e1tica: grado, m\u00e1ster y doctorado.","publisher":{"@id":"https:\/\/esi.uclm.es\/#organization"},"potentialAction":[{"@type":"SearchAction","target":{"@type":"EntryPoint","urlTemplate":"https:\/\/esi.uclm.es\/?s={search_term_string}"},"query-input":{"@type":"PropertyValueSpecification","valueRequired":true,"valueName":"search_term_string"}}],"inLanguage":"es"},{"@type":"Organization","@id":"https:\/\/esi.uclm.es\/#organization","name":"Escuela Superior de Inform\u00e1tica de UCLM","url":"https:\/\/esi.uclm.es\/","logo":{"@type":"ImageObject","inLanguage":"es","@id":"https:\/\/esi.uclm.es\/#\/schema\/logo\/image\/","url":"https:\/\/esi.uclm.es\/assets\/uploads\/2022\/03\/LogoESI_cabecera-1.png","contentUrl":"https:\/\/esi.uclm.es\/assets\/uploads\/2022\/03\/LogoESI_cabecera-1.png","width":460,"height":184,"caption":"Escuela Superior de Inform\u00e1tica de UCLM"},"image":{"@id":"https:\/\/esi.uclm.es\/#\/schema\/logo\/image\/"},"sameAs":["https:\/\/www.facebook.com\/Escuela-Superior-de-Informtica-543261809027158","https:\/\/x.com\/esiuclm","https:\/\/www.instagram.com\/esiuclm\/","https:\/\/www.youtube.com\/user\/esiuclm","https:\/\/www.twitch.tv\/esiuclm","https:\/\/www.linkedin.com\/company\/12656631\/admin\/"]}]}},"_links":{"self":[{"href":"https:\/\/esi.uclm.es\/index.php\/wp-json\/wp\/v2\/pages\/7409","targetHints":{"allow":["GET"]}}],"collection":[{"href":"https:\/\/esi.uclm.es\/index.php\/wp-json\/wp\/v2\/pages"}],"about":[{"href":"https:\/\/esi.uclm.es\/index.php\/wp-json\/wp\/v2\/types\/page"}],"author":[{"embeddable":true,"href":"https:\/\/esi.uclm.es\/index.php\/wp-json\/wp\/v2\/users\/1"}],"replies":[{"embeddable":true,"href":"https:\/\/esi.uclm.es\/index.php\/wp-json\/wp\/v2\/comments?post=7409"}],"version-history":[{"count":3,"href":"https:\/\/esi.uclm.es\/index.php\/wp-json\/wp\/v2\/pages\/7409\/revisions"}],"predecessor-version":[{"id":21621,"href":"https:\/\/esi.uclm.es\/index.php\/wp-json\/wp\/v2\/pages\/7409\/revisions\/21621"}],"up":[{"embeddable":true,"href":"https:\/\/esi.uclm.es\/index.php\/wp-json\/wp\/v2\/pages\/3998"}],"wp:attachment":[{"href":"https:\/\/esi.uclm.es\/index.php\/wp-json\/wp\/v2\/media?parent=7409"}],"curies":[{"name":"wp","href":"https:\/\/api.w.org\/{rel}","templated":true}]}}