{"id":6866,"date":"2022-02-19T14:27:52","date_gmt":"2022-02-19T14:27:52","guid":{"rendered":"http:\/\/esiaz24.uclm.es\/?page_id=6866"},"modified":"2022-05-24T21:07:53","modified_gmt":"2022-05-24T21:07:53","slug":"salon-de-actos","status":"publish","type":"page","link":"https:\/\/esi.uclm.es\/index.php\/infraestructuras\/salon-de-actos\/","title":{"rendered":"Sal\u00f3n de Actos"},"content":{"rendered":"\n<h2 class=\"wp-block-heading\">Sal\u00f3n de actos de la Escuela Superior de Inform\u00e1tica<\/h2>\n\n\n\n<hr class=\"wp-block-separator has-text-color has-background has-vivid-cyan-blue-background-color has-vivid-cyan-blue-color is-style-default\"\/>\n\n\n\n<div style=\"height:12px\" aria-hidden=\"true\" class=\"wp-block-spacer\"><\/div>\n\n\n\n<figure class=\"wp-block-image size-large\"><img loading=\"lazy\" decoding=\"async\" width=\"1024\" height=\"678\" src=\"https:\/\/esi.uclm.es\/assets\/uploads\/2022\/02\/Salon_de_actos-1024x678.png\" alt=\"\" class=\"wp-image-7254\" srcset=\"https:\/\/esi.uclm.es\/assets\/uploads\/2022\/02\/Salon_de_actos-1024x678.png 1024w, https:\/\/esi.uclm.es\/assets\/uploads\/2022\/02\/Salon_de_actos-300x199.png 300w, https:\/\/esi.uclm.es\/assets\/uploads\/2022\/02\/Salon_de_actos-768x509.png 768w, https:\/\/esi.uclm.es\/assets\/uploads\/2022\/02\/Salon_de_actos-391x260.png 391w, https:\/\/esi.uclm.es\/assets\/uploads\/2022\/02\/Salon_de_actos-128x86.png 128w, https:\/\/esi.uclm.es\/assets\/uploads\/2022\/02\/Salon_de_actos-600x397.png 600w, https:\/\/esi.uclm.es\/assets\/uploads\/2022\/02\/Salon_de_actos.png 1232w\" sizes=\"auto, (max-width: 1024px) 100vw, 1024px\" \/><\/figure>\n\n\n\n<p><\/p>\n\n\n\n<figure class=\"wp-block-image size-large\"><img loading=\"lazy\" decoding=\"async\" width=\"1024\" height=\"768\" src=\"https:\/\/esi.uclm.es\/assets\/uploads\/2022\/02\/salon_actos-1024x768.jpg\" alt=\"\" class=\"wp-image-7360\" srcset=\"https:\/\/esi.uclm.es\/assets\/uploads\/2022\/02\/salon_actos-1024x768.jpg 1024w, https:\/\/esi.uclm.es\/assets\/uploads\/2022\/02\/salon_actos-300x225.jpg 300w, https:\/\/esi.uclm.es\/assets\/uploads\/2022\/02\/salon_actos-768x576.jpg 768w, https:\/\/esi.uclm.es\/assets\/uploads\/2022\/02\/salon_actos-800x600.jpg 800w, https:\/\/esi.uclm.es\/assets\/uploads\/2022\/02\/salon_actos-1300x975.jpg 1300w, https:\/\/esi.uclm.es\/assets\/uploads\/2022\/02\/salon_actos-600x450.jpg 600w, https:\/\/esi.uclm.es\/assets\/uploads\/2022\/02\/salon_actos.jpg 1504w\" sizes=\"auto, (max-width: 1024px) 100vw, 1024px\" \/><\/figure>\n","protected":false},"excerpt":{"rendered":"<p>Sal\u00f3n de actos de la Escuela Superior de Inform\u00e1tica<\/p>\n","protected":false},"author":1,"featured_media":0,"parent":6860,"menu_order":0,"comment_status":"closed","ping_status":"closed","template":"","meta":{"footnotes":""},"class_list":["post-6866","page","type-page","status-publish","hentry"],"yoast_head":"<!-- This site is optimized with the Yoast SEO plugin v27.2 - https:\/\/yoast.com\/product\/yoast-seo-wordpress\/ -->\n<title>Sal\u00f3n de Actos - Escuela Superior de Inform\u00e1tica de UCLM<\/title>\n<meta name=\"robots\" content=\"index, follow, max-snippet:-1, max-image-preview:large, max-video-preview:-1\" \/>\n<link rel=\"canonical\" href=\"https:\/\/esi.uclm.es\/index.php\/infraestructuras\/salon-de-actos\/\" \/>\n<meta property=\"og:locale\" content=\"es_ES\" \/>\n<meta property=\"og:type\" content=\"article\" \/>\n<meta property=\"og:title\" content=\"Sal\u00f3n de Actos - Escuela Superior de Inform\u00e1tica de UCLM\" \/>\n<meta property=\"og:description\" content=\"Sal\u00f3n de actos de la Escuela Superior de Inform\u00e1tica\" \/>\n<meta property=\"og:url\" content=\"https:\/\/esi.uclm.es\/index.php\/infraestructuras\/salon-de-actos\/\" \/>\n<meta property=\"og:site_name\" content=\"Escuela Superior de Inform\u00e1tica de UCLM\" \/>\n<meta property=\"article:publisher\" content=\"https:\/\/www.facebook.com\/Escuela-Superior-de-Informtica-543261809027158\" \/>\n<meta property=\"article:modified_time\" content=\"2022-05-24T21:07:53+00:00\" \/>\n<meta property=\"og:image\" content=\"https:\/\/esi.uclm.es\/assets\/uploads\/2022\/02\/Salon_de_actos-1024x678.png\" \/>\n<meta name=\"twitter:card\" content=\"summary_large_image\" \/>\n<meta name=\"twitter:site\" content=\"@esiuclm\" \/>\n<script type=\"application\/ld+json\" class=\"yoast-schema-graph\">{\"@context\":\"https:\/\/schema.org\",\"@graph\":[{\"@type\":\"WebPage\",\"@id\":\"https:\/\/esi.uclm.es\/index.php\/infraestructuras\/salon-de-actos\/\",\"url\":\"https:\/\/esi.uclm.es\/index.php\/infraestructuras\/salon-de-actos\/\",\"name\":\"Sal\u00f3n de Actos - Escuela Superior de Inform\u00e1tica de UCLM\",\"isPartOf\":{\"@id\":\"https:\/\/esi.uclm.es\/#website\"},\"primaryImageOfPage\":{\"@id\":\"https:\/\/esi.uclm.es\/index.php\/infraestructuras\/salon-de-actos\/#primaryimage\"},\"image\":{\"@id\":\"https:\/\/esi.uclm.es\/index.php\/infraestructuras\/salon-de-actos\/#primaryimage\"},\"thumbnailUrl\":\"https:\/\/esi.uclm.es\/assets\/uploads\/2022\/02\/Salon_de_actos-1024x678.png\",\"datePublished\":\"2022-02-19T14:27:52+00:00\",\"dateModified\":\"2022-05-24T21:07:53+00:00\",\"breadcrumb\":{\"@id\":\"https:\/\/esi.uclm.es\/index.php\/infraestructuras\/salon-de-actos\/#breadcrumb\"},\"inLanguage\":\"es\",\"potentialAction\":[{\"@type\":\"ReadAction\",\"target\":[\"https:\/\/esi.uclm.es\/index.php\/infraestructuras\/salon-de-actos\/\"]}]},{\"@type\":\"ImageObject\",\"inLanguage\":\"es\",\"@id\":\"https:\/\/esi.uclm.es\/index.php\/infraestructuras\/salon-de-actos\/#primaryimage\",\"url\":\"https:\/\/esi.uclm.es\/assets\/uploads\/2022\/02\/Salon_de_actos-1024x678.png\",\"contentUrl\":\"https:\/\/esi.uclm.es\/assets\/uploads\/2022\/02\/Salon_de_actos-1024x678.png\"},{\"@type\":\"BreadcrumbList\",\"@id\":\"https:\/\/esi.uclm.es\/index.php\/infraestructuras\/salon-de-actos\/#breadcrumb\",\"itemListElement\":[{\"@type\":\"ListItem\",\"position\":1,\"name\":\"Portada\",\"item\":\"https:\/\/esi.uclm.es\/\"},{\"@type\":\"ListItem\",\"position\":2,\"name\":\"Infraestructuras\",\"item\":\"https:\/\/esi.uclm.es\/index.php\/infraestructuras\/\"},{\"@type\":\"ListItem\",\"position\":3,\"name\":\"Sal\u00f3n de Actos\"}]},{\"@type\":\"WebSite\",\"@id\":\"https:\/\/esi.uclm.es\/#website\",\"url\":\"https:\/\/esi.uclm.es\/\",\"name\":\"Escuela Superior de Inform\u00e1tica de UCLM en Ciudad Real, Castilla-La Mancha\",\"description\":\"La Escuela Superior de Inform\u00e1tica de Ciudad Real (Castilla-La Mancha), Universidad de Castilla-La Mancha es un centro universitario que imparte el ciclo completo de Ingenier\u00eda en Inform\u00e1tica: grado, m\u00e1ster y doctorado.\",\"publisher\":{\"@id\":\"https:\/\/esi.uclm.es\/#organization\"},\"potentialAction\":[{\"@type\":\"SearchAction\",\"target\":{\"@type\":\"EntryPoint\",\"urlTemplate\":\"https:\/\/esi.uclm.es\/?s={search_term_string}\"},\"query-input\":{\"@type\":\"PropertyValueSpecification\",\"valueRequired\":true,\"valueName\":\"search_term_string\"}}],\"inLanguage\":\"es\"},{\"@type\":\"Organization\",\"@id\":\"https:\/\/esi.uclm.es\/#organization\",\"name\":\"Escuela Superior de Inform\u00e1tica de UCLM\",\"url\":\"https:\/\/esi.uclm.es\/\",\"logo\":{\"@type\":\"ImageObject\",\"inLanguage\":\"es\",\"@id\":\"https:\/\/esi.uclm.es\/#\/schema\/logo\/image\/\",\"url\":\"https:\/\/esi.uclm.es\/assets\/uploads\/2022\/03\/LogoESI_cabecera-1.png\",\"contentUrl\":\"https:\/\/esi.uclm.es\/assets\/uploads\/2022\/03\/LogoESI_cabecera-1.png\",\"width\":460,\"height\":184,\"caption\":\"Escuela Superior de Inform\u00e1tica de UCLM\"},\"image\":{\"@id\":\"https:\/\/esi.uclm.es\/#\/schema\/logo\/image\/\"},\"sameAs\":[\"https:\/\/www.facebook.com\/Escuela-Superior-de-Informtica-543261809027158\",\"https:\/\/x.com\/esiuclm\",\"https:\/\/www.instagram.com\/esiuclm\/\",\"https:\/\/www.youtube.com\/user\/esiuclm\",\"https:\/\/www.twitch.tv\/esiuclm\",\"https:\/\/www.linkedin.com\/company\/12656631\/admin\/\"]}]}<\/script>\n<!-- \/ Yoast SEO plugin. -->","yoast_head_json":{"title":"Sal\u00f3n de Actos - Escuela Superior de Inform\u00e1tica de UCLM","robots":{"index":"index","follow":"follow","max-snippet":"max-snippet:-1","max-image-preview":"max-image-preview:large","max-video-preview":"max-video-preview:-1"},"canonical":"https:\/\/esi.uclm.es\/index.php\/infraestructuras\/salon-de-actos\/","og_locale":"es_ES","og_type":"article","og_title":"Sal\u00f3n de Actos - Escuela Superior de Inform\u00e1tica de UCLM","og_description":"Sal\u00f3n de actos de la Escuela Superior de Inform\u00e1tica","og_url":"https:\/\/esi.uclm.es\/index.php\/infraestructuras\/salon-de-actos\/","og_site_name":"Escuela Superior de Inform\u00e1tica de UCLM","article_publisher":"https:\/\/www.facebook.com\/Escuela-Superior-de-Informtica-543261809027158","article_modified_time":"2022-05-24T21:07:53+00:00","og_image":[{"url":"https:\/\/esi.uclm.es\/assets\/uploads\/2022\/02\/Salon_de_actos-1024x678.png","type":"","width":"","height":""}],"twitter_card":"summary_large_image","twitter_site":"@esiuclm","schema":{"@context":"https:\/\/schema.org","@graph":[{"@type":"WebPage","@id":"https:\/\/esi.uclm.es\/index.php\/infraestructuras\/salon-de-actos\/","url":"https:\/\/esi.uclm.es\/index.php\/infraestructuras\/salon-de-actos\/","name":"Sal\u00f3n de Actos - Escuela Superior de Inform\u00e1tica de UCLM","isPartOf":{"@id":"https:\/\/esi.uclm.es\/#website"},"primaryImageOfPage":{"@id":"https:\/\/esi.uclm.es\/index.php\/infraestructuras\/salon-de-actos\/#primaryimage"},"image":{"@id":"https:\/\/esi.uclm.es\/index.php\/infraestructuras\/salon-de-actos\/#primaryimage"},"thumbnailUrl":"https:\/\/esi.uclm.es\/assets\/uploads\/2022\/02\/Salon_de_actos-1024x678.png","datePublished":"2022-02-19T14:27:52+00:00","dateModified":"2022-05-24T21:07:53+00:00","breadcrumb":{"@id":"https:\/\/esi.uclm.es\/index.php\/infraestructuras\/salon-de-actos\/#breadcrumb"},"inLanguage":"es","potentialAction":[{"@type":"ReadAction","target":["https:\/\/esi.uclm.es\/index.php\/infraestructuras\/salon-de-actos\/"]}]},{"@type":"ImageObject","inLanguage":"es","@id":"https:\/\/esi.uclm.es\/index.php\/infraestructuras\/salon-de-actos\/#primaryimage","url":"https:\/\/esi.uclm.es\/assets\/uploads\/2022\/02\/Salon_de_actos-1024x678.png","contentUrl":"https:\/\/esi.uclm.es\/assets\/uploads\/2022\/02\/Salon_de_actos-1024x678.png"},{"@type":"BreadcrumbList","@id":"https:\/\/esi.uclm.es\/index.php\/infraestructuras\/salon-de-actos\/#breadcrumb","itemListElement":[{"@type":"ListItem","position":1,"name":"Portada","item":"https:\/\/esi.uclm.es\/"},{"@type":"ListItem","position":2,"name":"Infraestructuras","item":"https:\/\/esi.uclm.es\/index.php\/infraestructuras\/"},{"@type":"ListItem","position":3,"name":"Sal\u00f3n de Actos"}]},{"@type":"WebSite","@id":"https:\/\/esi.uclm.es\/#website","url":"https:\/\/esi.uclm.es\/","name":"Escuela Superior de Inform\u00e1tica de UCLM en Ciudad Real, Castilla-La Mancha","description":"La Escuela Superior de Inform\u00e1tica de Ciudad Real (Castilla-La Mancha), Universidad de Castilla-La Mancha es un centro universitario que imparte el ciclo completo de Ingenier\u00eda en Inform\u00e1tica: grado, m\u00e1ster y doctorado.","publisher":{"@id":"https:\/\/esi.uclm.es\/#organization"},"potentialAction":[{"@type":"SearchAction","target":{"@type":"EntryPoint","urlTemplate":"https:\/\/esi.uclm.es\/?s={search_term_string}"},"query-input":{"@type":"PropertyValueSpecification","valueRequired":true,"valueName":"search_term_string"}}],"inLanguage":"es"},{"@type":"Organization","@id":"https:\/\/esi.uclm.es\/#organization","name":"Escuela Superior de Inform\u00e1tica de UCLM","url":"https:\/\/esi.uclm.es\/","logo":{"@type":"ImageObject","inLanguage":"es","@id":"https:\/\/esi.uclm.es\/#\/schema\/logo\/image\/","url":"https:\/\/esi.uclm.es\/assets\/uploads\/2022\/03\/LogoESI_cabecera-1.png","contentUrl":"https:\/\/esi.uclm.es\/assets\/uploads\/2022\/03\/LogoESI_cabecera-1.png","width":460,"height":184,"caption":"Escuela Superior de Inform\u00e1tica de UCLM"},"image":{"@id":"https:\/\/esi.uclm.es\/#\/schema\/logo\/image\/"},"sameAs":["https:\/\/www.facebook.com\/Escuela-Superior-de-Informtica-543261809027158","https:\/\/x.com\/esiuclm","https:\/\/www.instagram.com\/esiuclm\/","https:\/\/www.youtube.com\/user\/esiuclm","https:\/\/www.twitch.tv\/esiuclm","https:\/\/www.linkedin.com\/company\/12656631\/admin\/"]}]}},"_links":{"self":[{"href":"https:\/\/esi.uclm.es\/index.php\/wp-json\/wp\/v2\/pages\/6866","targetHints":{"allow":["GET"]}}],"collection":[{"href":"https:\/\/esi.uclm.es\/index.php\/wp-json\/wp\/v2\/pages"}],"about":[{"href":"https:\/\/esi.uclm.es\/index.php\/wp-json\/wp\/v2\/types\/page"}],"author":[{"embeddable":true,"href":"https:\/\/esi.uclm.es\/index.php\/wp-json\/wp\/v2\/users\/1"}],"replies":[{"embeddable":true,"href":"https:\/\/esi.uclm.es\/index.php\/wp-json\/wp\/v2\/comments?post=6866"}],"version-history":[{"count":5,"href":"https:\/\/esi.uclm.es\/index.php\/wp-json\/wp\/v2\/pages\/6866\/revisions"}],"predecessor-version":[{"id":10271,"href":"https:\/\/esi.uclm.es\/index.php\/wp-json\/wp\/v2\/pages\/6866\/revisions\/10271"}],"up":[{"embeddable":true,"href":"https:\/\/esi.uclm.es\/index.php\/wp-json\/wp\/v2\/pages\/6860"}],"wp:attachment":[{"href":"https:\/\/esi.uclm.es\/index.php\/wp-json\/wp\/v2\/media?parent=6866"}],"curies":[{"name":"wp","href":"https:\/\/api.w.org\/{rel}","templated":true}]}}