{"id":5873,"date":"2022-02-06T18:02:17","date_gmt":"2022-02-06T18:02:17","guid":{"rendered":"http:\/\/esiaz24.uclm.es\/?page_id=5873"},"modified":"2023-03-18T19:38:17","modified_gmt":"2023-03-18T19:38:17","slug":"clasificacion-futbol-sala","status":"publish","type":"page","link":"https:\/\/esi.uclm.es\/index.php\/vida-en-la-esi\/deportes-y-ocio\/liga-de-futbol-sala\/clasificacion-futbol-sala\/","title":{"rendered":"Clasificaci\u00f3n F\u00fatbol Sala"},"content":{"rendered":"\r\n<p>&nbsp;<\/p>\r\n\r\n\r\n\r\n<p><strong>LIGA REGULAR<\/strong><\/p>\r\n\r\n\r\n\r\n<figure class=\"wp-block-table is-style-stripes\">\r\n<table style=\"height: 164px; width: 100%;\">\r\n<thead>\r\n<tr style=\"height: 24px;\">\r\n<th style=\"height: 24px; width: 2.95455%;\">\u00a0<\/th>\r\n<th style=\"height: 24px; width: 50.6818%;\">EQUIPO<\/th>\r\n<th style=\"height: 24px; width: 2.27273%;\">PJ<\/th>\r\n<th style=\"height: 24px; width: 3.63636%;\">V<\/th>\r\n<th style=\"height: 24px; width: 3.63636%;\">E<\/th>\r\n<th style=\"height: 24px; width: 3.86364%;\">D<\/th>\r\n<th style=\"height: 24px; width: 6.36364%;\">GF<\/th>\r\n<th style=\"height: 24px; width: 6.36364%;\">GC<\/th>\r\n<th style=\"height: 24px; width: 6.81818%;\">DG<\/th>\r\n<th style=\"height: 24px; width: 17.5%;\">PUNTOS<\/th>\r\n<\/tr>\r\n<\/thead>\r\n<tbody>\r\n<tr style=\"height: 24px;\">\r\n<td style=\"height: 24px; width: 2.95455%;\">1<\/td>\r\n<td style=\"height: 24px; width: 50.6818%;\">LOS SOLFAMIDAS<\/td>\r\n<td class=\"\" style=\"width: 2.27273%; height: 24px;\">10<\/td>\r\n<td class=\"\" style=\"width: 3.63636%; height: 24px;\">8<\/td>\r\n<td class=\"\" style=\"width: 3.63636%; height: 24px;\">0<\/td>\r\n<td class=\"\" style=\"width: 3.86364%; height: 24px;\">2<\/td>\r\n<td class=\"\" style=\"width: 6.36364%; height: 24px;\">39<\/td>\r\n<td class=\"\" style=\"width: 6.36364%; height: 24px;\">13<\/td>\r\n<td class=\"\" style=\"width: 6.81818%; height: 24px;\">26<\/td>\r\n<td style=\"height: 24px; width: 17.5%;\">24<\/td>\r\n<\/tr>\r\n<tr style=\"height: 24px;\">\r\n<td style=\"height: 24px; width: 2.95455%;\">2<\/td>\r\n<td style=\"height: 24px; width: 50.6818%;\">MATAUS FC<\/td>\r\n<td style=\"height: 24px; width: 2.27273%;\">10<\/td>\r\n<td style=\"height: 24px; width: 3.63636%;\">8<\/td>\r\n<td style=\"height: 24px; width: 3.63636%;\">0<\/td>\r\n<td style=\"height: 24px; width: 3.86364%;\">2<\/td>\r\n<td class=\"\" style=\"width: 6.36364%; height: 24px;\">57<\/td>\r\n<td class=\"\" style=\"width: 6.36364%; height: 24px;\">6<\/td>\r\n<td class=\"\" style=\"width: 6.81818%; height: 24px;\">51<\/td>\r\n<td style=\"height: 24px; width: 17.5%;\">23<\/td>\r\n<\/tr>\r\n<tr style=\"height: 24px;\">\r\n<td style=\"height: 24px; width: 2.95455%;\">3<\/td>\r\n<td style=\"height: 24px; width: 50.6818%;\">BRU\u00d1OS F.C<\/td>\r\n<td style=\"height: 24px; width: 2.27273%;\">10<\/td>\r\n<td style=\"height: 24px; width: 3.63636%;\">6<\/td>\r\n<td style=\"height: 24px; width: 3.63636%;\">1<\/td>\r\n<td style=\"height: 24px; width: 3.86364%;\">3<\/td>\r\n<td class=\"\" style=\"width: 6.36364%; height: 24px;\">44<\/td>\r\n<td class=\"\" style=\"width: 6.36364%; height: 24px;\">32<\/td>\r\n<td class=\"\" style=\"width: 6.81818%; height: 24px;\">12<\/td>\r\n<td style=\"height: 24px; width: 17.5%;\">19<\/td>\r\n<\/tr>\r\n<tr style=\"height: 24px;\">\r\n<td style=\"height: 24px; width: 2.95455%;\">4<\/td>\r\n<td style=\"height: 24px; width: 50.6818%;\">CHURRER\u00cdAS JACINTO<\/td>\r\n<td style=\"height: 24px; width: 2.27273%;\">10<\/td>\r\n<td style=\"height: 24px; width: 3.63636%;\">5<\/td>\r\n<td style=\"height: 24px; width: 3.63636%;\">0<\/td>\r\n<td style=\"height: 24px; width: 3.86364%;\">5<\/td>\r\n<td class=\"\" style=\"width: 6.36364%; height: 24px;\">38<\/td>\r\n<td class=\"\" style=\"width: 6.36364%; height: 24px;\">34<\/td>\r\n<td class=\"\" style=\"width: 6.81818%; height: 24px;\">4<\/td>\r\n<td style=\"height: 24px; width: 17.5%;\">15<\/td>\r\n<\/tr>\r\n<tr style=\"height: 24px;\">\r\n<td style=\"height: 24px; width: 2.95455%;\">5<\/td>\r\n<td style=\"height: 24px; width: 50.6818%;\">ATL\u00c9TICO TUCUM\u00c1N<\/td>\r\n<td style=\"height: 24px; width: 2.27273%;\">10<\/td>\r\n<td style=\"height: 24px; width: 3.63636%;\">1<\/td>\r\n<td style=\"height: 24px; width: 3.63636%;\">1<\/td>\r\n<td style=\"height: 24px; width: 3.86364%;\">8<\/td>\r\n<td class=\"\" style=\"width: 6.36364%; height: 24px;\">21<\/td>\r\n<td class=\"\" style=\"width: 6.36364%; height: 24px;\">63<\/td>\r\n<td class=\"\" style=\"width: 6.81818%; height: 24px;\">-42<\/td>\r\n<td style=\"height: 24px; width: 17.5%;\">3<\/td>\r\n<\/tr>\r\n<tr style=\"height: 24px;\">\r\n<td style=\"height: 20px; width: 2.95455%;\">6<\/td>\r\n<td style=\"height: 20px; width: 50.6818%;\">CA COCA JUNIORS<\/td>\r\n<td style=\"height: 20px; width: 2.27273%;\">10<\/td>\r\n<td style=\"height: 20px; width: 3.63636%;\">0<\/td>\r\n<td style=\"height: 20px; width: 3.63636%;\">2<\/td>\r\n<td style=\"height: 20px; width: 3.86364%;\">8<\/td>\r\n<td class=\"\" style=\"width: 6.36364%; height: 20px;\">9<\/td>\r\n<td class=\"\" style=\"width: 6.36364%; height: 20px;\">58<\/td>\r\n<td class=\"\" style=\"width: 6.81818%; height: 20px;\">-49<\/td>\r\n<td style=\"height: 20px; width: 17.5%;\">-1<\/td>\r\n<\/tr>\r\n<\/tbody>\r\n<\/table>\r\n<\/figure>\r\n\r\n\r\n\r\n<p><strong>LEYENDA<\/strong><\/p>\r\n<figure class=\"wp-block-table is-style-stripes\">\r\n<table style=\"height: 100px; width: 26.3214%;\">\r\n<tbody>\r\n<tr style=\"height: 24px;\">\r\n<td style=\"height: 24px;\">PJ<\/td>\r\n<td style=\"height: 24px;\">Partidos Jugados<\/td>\r\n<\/tr>\r\n<tr style=\"height: 24px;\">\r\n<td style=\"height: 24px;\">V<\/td>\r\n<td style=\"height: 24px;\">Victorias<\/td>\r\n<\/tr>\r\n<tr style=\"height: 24px;\">\r\n<td style=\"height: 24px;\">E<\/td>\r\n<td style=\"height: 24px;\">Empates<\/td>\r\n<\/tr>\r\n<tr style=\"height: 24px;\">\r\n<td style=\"height: 24px;\">P<\/td>\r\n<td style=\"height: 24px;\">Perdidos<\/td>\r\n<\/tr>\r\n<tr style=\"height: 24px;\">\r\n<td style=\"height: 24px;\">GF<\/td>\r\n<td style=\"height: 24px;\">Goles a Favor<\/td>\r\n<\/tr>\r\n<tr style=\"height: 24px;\">\r\n<td style=\"height: 24px;\">GC<\/td>\r\n<td style=\"height: 24px;\">Goles en Contra<\/td>\r\n<\/tr>\r\n<tr style=\"height: 48px;\">\r\n<td style=\"height: 10px;\">DG<\/td>\r\n<td style=\"height: 10px;\">Diferencia de Goles<\/td>\r\n<\/tr>\r\n<\/tbody>\r\n<\/table>\r\n<p>&nbsp;<\/p>\r\n<\/figure>\r\n<p><strong>CLASIFICACI\u00d3N FINAL<\/strong><\/p>\r\n<p>\r\n\r\n<\/p>\r\n<figure class=\"wp-block-table is-style-stripes\">\r\n<table>\r\n<thead>\r\n<tr>\r\n<th>POSICI\u00d3N<\/th>\r\n<th>EQUIPO<\/th>\r\n<\/tr>\r\n<\/thead>\r\n<tbody>\r\n<tr>\r\n<td>1\u00ba<\/td>\r\n<td>[PENDIENTE DE LIGA REGULAR]<\/td>\r\n<\/tr>\r\n<tr>\r\n<td>2\u00ba<\/td>\r\n<td>[PENDIENTE DE LIGA REGULAR]<\/td>\r\n<\/tr>\r\n<tr>\r\n<td>3\u00ba &#8211; 4\u00ba<\/td>\r\n<td>[PENDIENTE DE LIGA REGULAR]<\/td>\r\n<\/tr>\r\n<tr>\r\n<td>3\u00ba &#8211; 4\u00ba<\/td>\r\n<td>[PENDIENTE DE LIGA REGULAR]<\/td>\r\n<\/tr>\r\n<tr>\r\n<td>5\u00ba &#8211; 6\u00ba<\/td>\r\n<td>ATL\u00c9TICO TUCUM\u00c1N<\/td>\r\n<\/tr>\r\n<tr>\r\n<td>5\u00ba &#8211; 6\u00ba<\/td>\r\n<td>CA COCA JUNIORS<\/td>\r\n<\/tr>\r\n<\/tbody>\r\n<\/table>\r\n<\/figure>\r\n\r\n\r\n","protected":false},"excerpt":{"rendered":"<p>&nbsp; LIGA REGULAR \u00a0 EQUIPO PJ V E D GF GC DG PUNTOS 1 LOS SOLFAMIDAS 10 8 0 2 39 13 26 24 2 MATAUS FC 10 8 0 2 57 6 51 23 3 BRU\u00d1OS F.C 10 6 1 3 44 32 12 [&hellip;]<\/p>\n","protected":false},"author":4,"featured_media":0,"parent":4896,"menu_order":0,"comment_status":"closed","ping_status":"closed","template":"","meta":{"footnotes":""},"class_list":["post-5873","page","type-page","status-publish","hentry"],"yoast_head":"<!-- This site is optimized with the Yoast SEO plugin v27.4 - https:\/\/yoast.com\/product\/yoast-seo-wordpress\/ -->\n<title>Clasificaci\u00f3n F\u00fatbol Sala - Escuela Superior de Inform\u00e1tica de UCLM<\/title>\n<meta name=\"robots\" content=\"index, follow, max-snippet:-1, max-image-preview:large, max-video-preview:-1\" \/>\n<link rel=\"canonical\" href=\"https:\/\/esi.uclm.es\/index.php\/vida-en-la-esi\/deportes-y-ocio\/liga-de-futbol-sala\/clasificacion-futbol-sala\/\" \/>\n<meta property=\"og:locale\" content=\"es_ES\" \/>\n<meta property=\"og:type\" content=\"article\" \/>\n<meta property=\"og:title\" content=\"Clasificaci\u00f3n F\u00fatbol Sala - Escuela Superior de Inform\u00e1tica de UCLM\" \/>\n<meta property=\"og:description\" content=\"&nbsp; LIGA REGULAR \u00a0 EQUIPO PJ V E D GF GC DG PUNTOS 1 LOS SOLFAMIDAS 10 8 0 2 39 13 26 24 2 MATAUS FC 10 8 0 2 57 6 51 23 3 BRU\u00d1OS F.C 10 6 1 3 44 32 12 [&hellip;]\" \/>\n<meta property=\"og:url\" content=\"https:\/\/esi.uclm.es\/index.php\/vida-en-la-esi\/deportes-y-ocio\/liga-de-futbol-sala\/clasificacion-futbol-sala\/\" \/>\n<meta property=\"og:site_name\" content=\"Escuela Superior de Inform\u00e1tica de UCLM\" \/>\n<meta property=\"article:publisher\" content=\"https:\/\/www.facebook.com\/Escuela-Superior-de-Informtica-543261809027158\" \/>\n<meta property=\"article:modified_time\" content=\"2023-03-18T19:38:17+00:00\" \/>\n<meta name=\"twitter:card\" content=\"summary_large_image\" \/>\n<meta name=\"twitter:site\" content=\"@esiuclm\" \/>\n<meta name=\"twitter:label1\" content=\"Tiempo de lectura\" \/>\n\t<meta name=\"twitter:data1\" content=\"1 minuto\" \/>\n<script type=\"application\/ld+json\" class=\"yoast-schema-graph\">{\"@context\":\"https:\\\/\\\/schema.org\",\"@graph\":[{\"@type\":\"WebPage\",\"@id\":\"https:\\\/\\\/esi.uclm.es\\\/index.php\\\/vida-en-la-esi\\\/deportes-y-ocio\\\/liga-de-futbol-sala\\\/clasificacion-futbol-sala\\\/\",\"url\":\"https:\\\/\\\/esi.uclm.es\\\/index.php\\\/vida-en-la-esi\\\/deportes-y-ocio\\\/liga-de-futbol-sala\\\/clasificacion-futbol-sala\\\/\",\"name\":\"Clasificaci\u00f3n F\u00fatbol Sala - Escuela Superior de Inform\u00e1tica de UCLM\",\"isPartOf\":{\"@id\":\"https:\\\/\\\/esi.uclm.es\\\/#website\"},\"datePublished\":\"2022-02-06T18:02:17+00:00\",\"dateModified\":\"2023-03-18T19:38:17+00:00\",\"breadcrumb\":{\"@id\":\"https:\\\/\\\/esi.uclm.es\\\/index.php\\\/vida-en-la-esi\\\/deportes-y-ocio\\\/liga-de-futbol-sala\\\/clasificacion-futbol-sala\\\/#breadcrumb\"},\"inLanguage\":\"es\",\"potentialAction\":[{\"@type\":\"ReadAction\",\"target\":[\"https:\\\/\\\/esi.uclm.es\\\/index.php\\\/vida-en-la-esi\\\/deportes-y-ocio\\\/liga-de-futbol-sala\\\/clasificacion-futbol-sala\\\/\"]}]},{\"@type\":\"BreadcrumbList\",\"@id\":\"https:\\\/\\\/esi.uclm.es\\\/index.php\\\/vida-en-la-esi\\\/deportes-y-ocio\\\/liga-de-futbol-sala\\\/clasificacion-futbol-sala\\\/#breadcrumb\",\"itemListElement\":[{\"@type\":\"ListItem\",\"position\":1,\"name\":\"Portada\",\"item\":\"https:\\\/\\\/esi.uclm.es\\\/\"},{\"@type\":\"ListItem\",\"position\":2,\"name\":\"Vida en la ESI\",\"item\":\"https:\\\/\\\/esi.uclm.es\\\/index.php\\\/vida-en-la-esi\\\/\"},{\"@type\":\"ListItem\",\"position\":3,\"name\":\"Deportes y Ocio\",\"item\":\"https:\\\/\\\/esi.uclm.es\\\/index.php\\\/vida-en-la-esi\\\/deportes-y-ocio\\\/\"},{\"@type\":\"ListItem\",\"position\":4,\"name\":\"Liga de F\u00fatbol Sala\",\"item\":\"https:\\\/\\\/esi.uclm.es\\\/index.php\\\/vida-en-la-esi\\\/deportes-y-ocio\\\/liga-de-futbol-sala\\\/\"},{\"@type\":\"ListItem\",\"position\":5,\"name\":\"Clasificaci\u00f3n F\u00fatbol Sala\"}]},{\"@type\":\"WebSite\",\"@id\":\"https:\\\/\\\/esi.uclm.es\\\/#website\",\"url\":\"https:\\\/\\\/esi.uclm.es\\\/\",\"name\":\"Escuela Superior de Inform\u00e1tica de UCLM en Ciudad Real, Castilla-La Mancha\",\"description\":\"La Escuela Superior de Inform\u00e1tica de Ciudad Real (Castilla-La Mancha), Universidad de Castilla-La Mancha es un centro universitario que imparte el ciclo completo de Ingenier\u00eda en Inform\u00e1tica: grado, m\u00e1ster y doctorado.\",\"publisher\":{\"@id\":\"https:\\\/\\\/esi.uclm.es\\\/#organization\"},\"potentialAction\":[{\"@type\":\"SearchAction\",\"target\":{\"@type\":\"EntryPoint\",\"urlTemplate\":\"https:\\\/\\\/esi.uclm.es\\\/?s={search_term_string}\"},\"query-input\":{\"@type\":\"PropertyValueSpecification\",\"valueRequired\":true,\"valueName\":\"search_term_string\"}}],\"inLanguage\":\"es\"},{\"@type\":\"Organization\",\"@id\":\"https:\\\/\\\/esi.uclm.es\\\/#organization\",\"name\":\"Escuela Superior de Inform\u00e1tica de UCLM\",\"url\":\"https:\\\/\\\/esi.uclm.es\\\/\",\"logo\":{\"@type\":\"ImageObject\",\"inLanguage\":\"es\",\"@id\":\"https:\\\/\\\/esi.uclm.es\\\/#\\\/schema\\\/logo\\\/image\\\/\",\"url\":\"https:\\\/\\\/esi.uclm.es\\\/assets\\\/uploads\\\/2022\\\/03\\\/LogoESI_cabecera-1.png\",\"contentUrl\":\"https:\\\/\\\/esi.uclm.es\\\/assets\\\/uploads\\\/2022\\\/03\\\/LogoESI_cabecera-1.png\",\"width\":460,\"height\":184,\"caption\":\"Escuela Superior de Inform\u00e1tica de UCLM\"},\"image\":{\"@id\":\"https:\\\/\\\/esi.uclm.es\\\/#\\\/schema\\\/logo\\\/image\\\/\"},\"sameAs\":[\"https:\\\/\\\/www.facebook.com\\\/Escuela-Superior-de-Informtica-543261809027158\",\"https:\\\/\\\/x.com\\\/esiuclm\",\"https:\\\/\\\/www.instagram.com\\\/esiuclm\\\/\",\"https:\\\/\\\/www.youtube.com\\\/user\\\/esiuclm\",\"https:\\\/\\\/www.twitch.tv\\\/esiuclm\",\"https:\\\/\\\/www.linkedin.com\\\/company\\\/12656631\\\/admin\\\/\"]}]}<\/script>\n<!-- \/ Yoast SEO plugin. -->","yoast_head_json":{"title":"Clasificaci\u00f3n F\u00fatbol Sala - Escuela Superior de Inform\u00e1tica de UCLM","robots":{"index":"index","follow":"follow","max-snippet":"max-snippet:-1","max-image-preview":"max-image-preview:large","max-video-preview":"max-video-preview:-1"},"canonical":"https:\/\/esi.uclm.es\/index.php\/vida-en-la-esi\/deportes-y-ocio\/liga-de-futbol-sala\/clasificacion-futbol-sala\/","og_locale":"es_ES","og_type":"article","og_title":"Clasificaci\u00f3n F\u00fatbol Sala - Escuela Superior de Inform\u00e1tica de UCLM","og_description":"&nbsp; LIGA REGULAR \u00a0 EQUIPO PJ V E D GF GC DG PUNTOS 1 LOS SOLFAMIDAS 10 8 0 2 39 13 26 24 2 MATAUS FC 10 8 0 2 57 6 51 23 3 BRU\u00d1OS F.C 10 6 1 3 44 32 12 [&hellip;]","og_url":"https:\/\/esi.uclm.es\/index.php\/vida-en-la-esi\/deportes-y-ocio\/liga-de-futbol-sala\/clasificacion-futbol-sala\/","og_site_name":"Escuela Superior de Inform\u00e1tica de UCLM","article_publisher":"https:\/\/www.facebook.com\/Escuela-Superior-de-Informtica-543261809027158","article_modified_time":"2023-03-18T19:38:17+00:00","twitter_card":"summary_large_image","twitter_site":"@esiuclm","twitter_misc":{"Tiempo de lectura":"1 minuto"},"schema":{"@context":"https:\/\/schema.org","@graph":[{"@type":"WebPage","@id":"https:\/\/esi.uclm.es\/index.php\/vida-en-la-esi\/deportes-y-ocio\/liga-de-futbol-sala\/clasificacion-futbol-sala\/","url":"https:\/\/esi.uclm.es\/index.php\/vida-en-la-esi\/deportes-y-ocio\/liga-de-futbol-sala\/clasificacion-futbol-sala\/","name":"Clasificaci\u00f3n F\u00fatbol Sala - Escuela Superior de Inform\u00e1tica de UCLM","isPartOf":{"@id":"https:\/\/esi.uclm.es\/#website"},"datePublished":"2022-02-06T18:02:17+00:00","dateModified":"2023-03-18T19:38:17+00:00","breadcrumb":{"@id":"https:\/\/esi.uclm.es\/index.php\/vida-en-la-esi\/deportes-y-ocio\/liga-de-futbol-sala\/clasificacion-futbol-sala\/#breadcrumb"},"inLanguage":"es","potentialAction":[{"@type":"ReadAction","target":["https:\/\/esi.uclm.es\/index.php\/vida-en-la-esi\/deportes-y-ocio\/liga-de-futbol-sala\/clasificacion-futbol-sala\/"]}]},{"@type":"BreadcrumbList","@id":"https:\/\/esi.uclm.es\/index.php\/vida-en-la-esi\/deportes-y-ocio\/liga-de-futbol-sala\/clasificacion-futbol-sala\/#breadcrumb","itemListElement":[{"@type":"ListItem","position":1,"name":"Portada","item":"https:\/\/esi.uclm.es\/"},{"@type":"ListItem","position":2,"name":"Vida en la ESI","item":"https:\/\/esi.uclm.es\/index.php\/vida-en-la-esi\/"},{"@type":"ListItem","position":3,"name":"Deportes y Ocio","item":"https:\/\/esi.uclm.es\/index.php\/vida-en-la-esi\/deportes-y-ocio\/"},{"@type":"ListItem","position":4,"name":"Liga de F\u00fatbol Sala","item":"https:\/\/esi.uclm.es\/index.php\/vida-en-la-esi\/deportes-y-ocio\/liga-de-futbol-sala\/"},{"@type":"ListItem","position":5,"name":"Clasificaci\u00f3n F\u00fatbol Sala"}]},{"@type":"WebSite","@id":"https:\/\/esi.uclm.es\/#website","url":"https:\/\/esi.uclm.es\/","name":"Escuela Superior de Inform\u00e1tica de UCLM en Ciudad Real, Castilla-La Mancha","description":"La Escuela Superior de Inform\u00e1tica de Ciudad Real (Castilla-La Mancha), Universidad de Castilla-La Mancha es un centro universitario que imparte el ciclo completo de Ingenier\u00eda en Inform\u00e1tica: grado, m\u00e1ster y doctorado.","publisher":{"@id":"https:\/\/esi.uclm.es\/#organization"},"potentialAction":[{"@type":"SearchAction","target":{"@type":"EntryPoint","urlTemplate":"https:\/\/esi.uclm.es\/?s={search_term_string}"},"query-input":{"@type":"PropertyValueSpecification","valueRequired":true,"valueName":"search_term_string"}}],"inLanguage":"es"},{"@type":"Organization","@id":"https:\/\/esi.uclm.es\/#organization","name":"Escuela Superior de Inform\u00e1tica de UCLM","url":"https:\/\/esi.uclm.es\/","logo":{"@type":"ImageObject","inLanguage":"es","@id":"https:\/\/esi.uclm.es\/#\/schema\/logo\/image\/","url":"https:\/\/esi.uclm.es\/assets\/uploads\/2022\/03\/LogoESI_cabecera-1.png","contentUrl":"https:\/\/esi.uclm.es\/assets\/uploads\/2022\/03\/LogoESI_cabecera-1.png","width":460,"height":184,"caption":"Escuela Superior de Inform\u00e1tica de UCLM"},"image":{"@id":"https:\/\/esi.uclm.es\/#\/schema\/logo\/image\/"},"sameAs":["https:\/\/www.facebook.com\/Escuela-Superior-de-Informtica-543261809027158","https:\/\/x.com\/esiuclm","https:\/\/www.instagram.com\/esiuclm\/","https:\/\/www.youtube.com\/user\/esiuclm","https:\/\/www.twitch.tv\/esiuclm","https:\/\/www.linkedin.com\/company\/12656631\/admin\/"]}]}},"_links":{"self":[{"href":"https:\/\/esi.uclm.es\/index.php\/wp-json\/wp\/v2\/pages\/5873","targetHints":{"allow":["GET"]}}],"collection":[{"href":"https:\/\/esi.uclm.es\/index.php\/wp-json\/wp\/v2\/pages"}],"about":[{"href":"https:\/\/esi.uclm.es\/index.php\/wp-json\/wp\/v2\/types\/page"}],"author":[{"embeddable":true,"href":"https:\/\/esi.uclm.es\/index.php\/wp-json\/wp\/v2\/users\/4"}],"replies":[{"embeddable":true,"href":"https:\/\/esi.uclm.es\/index.php\/wp-json\/wp\/v2\/comments?post=5873"}],"version-history":[{"count":30,"href":"https:\/\/esi.uclm.es\/index.php\/wp-json\/wp\/v2\/pages\/5873\/revisions"}],"predecessor-version":[{"id":14997,"href":"https:\/\/esi.uclm.es\/index.php\/wp-json\/wp\/v2\/pages\/5873\/revisions\/14997"}],"up":[{"embeddable":true,"href":"https:\/\/esi.uclm.es\/index.php\/wp-json\/wp\/v2\/pages\/4896"}],"wp:attachment":[{"href":"https:\/\/esi.uclm.es\/index.php\/wp-json\/wp\/v2\/media?parent=5873"}],"curies":[{"name":"wp","href":"https:\/\/api.w.org\/{rel}","templated":true}]}}