{"id":4257,"date":"2022-01-27T18:57:47","date_gmt":"2022-01-27T18:57:47","guid":{"rendered":"http:\/\/esiaz24.uclm.es\/?page_id=4257"},"modified":"2022-05-30T21:00:13","modified_gmt":"2022-05-30T21:00:13","slug":"talleres-techlab","status":"publish","type":"page","link":"https:\/\/esi.uclm.es\/index.php\/recursos\/talleres-techlab\/","title":{"rendered":"Talleres TechLab"},"content":{"rendered":"\n<p><\/p>\n\n\n\n<figure class=\"wp-block-image size-large\"><img loading=\"lazy\" decoding=\"async\" width=\"1024\" height=\"241\" src=\"https:\/\/esi.uclm.es\/assets\/uploads\/2022\/05\/techlab-1-1024x241.png\" alt=\"Taller Techlab de la ESI\" class=\"wp-image-10553\" srcset=\"https:\/\/esi.uclm.es\/assets\/uploads\/2022\/05\/techlab-1-1024x241.png 1024w, https:\/\/esi.uclm.es\/assets\/uploads\/2022\/05\/techlab-1-300x71.png 300w, https:\/\/esi.uclm.es\/assets\/uploads\/2022\/05\/techlab-1-768x181.png 768w, https:\/\/esi.uclm.es\/assets\/uploads\/2022\/05\/techlab-1-600x142.png 600w, https:\/\/esi.uclm.es\/assets\/uploads\/2022\/05\/techlab-1.png 1200w\" sizes=\"auto, (max-width: 1024px) 100vw, 1024px\" \/><\/figure>\n\n\n\n<h2 class=\"wp-block-heading\" id=\"programacion-de-videojuegos-y-automatizacion\">Programaci\u00f3n de Videojuegos y Automatizaci\u00f3n<\/h2>\n\n\n\n<hr class=\"wp-block-separator has-text-color has-vivid-cyan-blue-color has-css-opacity has-vivid-cyan-blue-background-color has-background is-style-default\"\/>\n\n\n\n<ul class=\"wp-block-list\"><li><strong>Qu\u00e9 es?<\/strong>&nbsp;Espacio para compartir conocimientos pr\u00e1cticos relacionados con la inform\u00e1tica, en el que los estudiantes no solo puedan aprender, sino tambi\u00e9n desarrollar sus propias ideas y proyectos<\/li><li><strong>\u00bfCon qu\u00e9 finalidad?<\/strong>&nbsp;Acercar la tecnolog\u00eda inform\u00e1tica a los estudiantes de \u00faltimos cursos de secundaria y bachillerato. Captar futuros talentos.<\/li><li><strong>\u00bfCu\u00e1ndo de desarrollar\u00e1?<\/strong>&nbsp;Los viernes por la tarde, de Abril y&nbsp;Mayo, en horario de 16:00 a 19:30<\/li><li><strong>\u00bfD\u00f3nde?<\/strong>&nbsp;De forma presencial en la ESI,&nbsp;<\/li><li><strong>\u00bfC\u00f3mo Inscribirse?&nbsp;<\/strong>Las fechas de inscripci\u00f3n y el enlace al formulario est\u00e1 en la descripci\u00f3n de cada curso (ver m\u00e1s abajo).<\/li><\/ul>\n\n\n\n<h3 class=\"wp-block-heading\">Taller de Programaci\u00f3n con Minecraft Educativo<\/h3>\n\n\n\n<hr class=\"wp-block-separator has-text-color has-vivid-cyan-blue-color has-css-opacity has-vivid-cyan-blue-background-color has-background\"\/>\n\n\n\n<div class=\"wp-block-columns is-layout-flex wp-container-core-columns-is-layout-9d6595d7 wp-block-columns-is-layout-flex\">\n<div class=\"wp-block-column is-layout-flow wp-block-column-is-layout-flow\">\n<figure class=\"wp-block-image size-large\"><img loading=\"lazy\" decoding=\"async\" width=\"1024\" height=\"724\" src=\"https:\/\/esi.uclm.es\/assets\/uploads\/2022\/03\/thumbnail_Flyer_TallerMineCraft-1024x724.png\" alt=\"\" class=\"wp-image-8948\" srcset=\"https:\/\/esi.uclm.es\/assets\/uploads\/2022\/03\/thumbnail_Flyer_TallerMineCraft-1024x724.png 1024w, https:\/\/esi.uclm.es\/assets\/uploads\/2022\/03\/thumbnail_Flyer_TallerMineCraft-300x212.png 300w, https:\/\/esi.uclm.es\/assets\/uploads\/2022\/03\/thumbnail_Flyer_TallerMineCraft-768x543.png 768w, https:\/\/esi.uclm.es\/assets\/uploads\/2022\/03\/thumbnail_Flyer_TallerMineCraft.png 1280w\" sizes=\"auto, (max-width: 1024px) 100vw, 1024px\" \/><\/figure>\n<\/div>\n\n\n\n<div class=\"wp-block-column is-layout-flow wp-block-column-is-layout-flow\">\n<p>Desde la Escuela Superior de Inform\u00e1tica de Ciudad Real, en la <a href=\"http:\/\/www.uclm.es\">Universidad de Castilla-La Mancha<\/a>, deseamos despertar vocaci\u00f3n e inter\u00e9s por carreras STEM y la inform\u00e1tica desde edades tempranas, y que mejor forma de hacerlo que jugando y pasando un rato divertido. Por ello, organizamos un&nbsp;<a rel=\"noreferrer noopener\" href=\"https:\/\/esi.uclm.es\/taller\/\" target=\"_blank\"><strong>taller&nbsp;GRATUITO de programaci\u00f3n de computadores con&nbsp;Minecraft&nbsp;Educativo<\/strong><\/a>&nbsp;(uno de los videojuegos de construcci\u00f3n que m\u00e1s \u00e9xito tiene entre adolescentes) que est\u00e1 destinado a <strong>estudiantes de 4\u00ba ESO y 1\u00ba de Bachillerato de IES de Ciudad Real y alrededores<\/strong>. El taller est\u00e1<strong> limitado a 40 plazas<\/strong> y ser\u00e1 presencial, en nuestra Escuela, los viernes 22 y 29 de abril de 16h a 18.30h. [<a href=\"https:\/\/esi.uclm.es\/taller\">Informaci\u00f3n del taller<\/a> | <a href=\"https:\/\/forms.office.com\/Pages\/ResponsePage.aspx?id=5rosxPRhjEmRB2qM9fAeVvJVS9ADbehBtJY-KfcS61FUQjhIR1dKV1VaSkkxTUZLVlZKNjFXSE5YTy4u\">Apuntarse al taller<\/a> | <a href=\"https:\/\/esi.uclm.es\/assets\/uploads\/2022\/03\/Flyer_TallerMineCraft.png\">Descargar folleto<\/a>].<\/p>\n\n\n\n<p><strong>Duraci\u00f3n Total:<\/strong> 5 horas, dos sesiones de 2,5 horas los viernes 22 y 29 de abril de 2022.<\/p>\n\n\n\n<h2 class=\"wp-block-heading\">Contenidos del curso:<\/h2>\n\n\n\n<ul class=\"wp-block-list\"><li>Introducci\u00f3n a Minecraft<\/li><li>Conceptos b\u00e1sicos de programaci\u00f3n<\/li><li>Programaci\u00f3n por bloques<\/li><li>Construcciones autom\u00e1ticas con robots<\/li><li>Inteligencia Artificial b\u00e1sica<\/li><li>Retos y juegos<\/li><\/ul>\n\n\n\n<p>No esperes a apuntarte, PLAZAS LIMITADAS [<a href=\"https:\/\/esi.uclm.es\/taller\">Informaci\u00f3n del taller<\/a> | <a href=\"https:\/\/forms.office.com\/Pages\/ResponsePage.aspx?id=5rosxPRhjEmRB2qM9fAeVvJVS9ADbehBtJY-KfcS61FUQjhIR1dKV1VaSkkxTUZLVlZKNjFXSE5YTy4u\">Apuntarse al taller<\/a> | <a href=\"https:\/\/esi.uclm.es\/assets\/uploads\/2022\/03\/Flyer_TallerMineCraft.png\">Descargar folleto<\/a>].<\/p>\n<\/div>\n<\/div>\n","protected":false},"excerpt":{"rendered":"<p>Programaci\u00f3n de Videojuegos y Automatizaci\u00f3n Qu\u00e9 es?&nbsp;Espacio para compartir conocimientos pr\u00e1cticos relacionados con la inform\u00e1tica, en el que los estudiantes no solo puedan aprender, sino tambi\u00e9n desarrollar sus propias ideas y proyectos \u00bfCon qu\u00e9 finalidad?&nbsp;Acercar la tecnolog\u00eda inform\u00e1tica a los estudiantes de \u00faltimos cursos de [&hellip;]<\/p>\n","protected":false},"author":1,"featured_media":0,"parent":6226,"menu_order":0,"comment_status":"closed","ping_status":"closed","template":"","meta":{"footnotes":""},"class_list":["post-4257","page","type-page","status-publish","hentry"],"yoast_head":"<!-- This site is optimized with the Yoast SEO plugin v27.3 - https:\/\/yoast.com\/product\/yoast-seo-wordpress\/ -->\n<title>Talleres TechLab - Escuela Superior de Inform\u00e1tica de UCLM<\/title>\n<meta name=\"robots\" content=\"index, follow, max-snippet:-1, max-image-preview:large, max-video-preview:-1\" \/>\n<link rel=\"canonical\" href=\"https:\/\/esi.uclm.es\/index.php\/recursos\/talleres-techlab\/\" \/>\n<meta property=\"og:locale\" content=\"es_ES\" \/>\n<meta property=\"og:type\" content=\"article\" \/>\n<meta property=\"og:title\" content=\"Talleres TechLab - Escuela Superior de Inform\u00e1tica de UCLM\" \/>\n<meta property=\"og:description\" content=\"Programaci\u00f3n de Videojuegos y Automatizaci\u00f3n Qu\u00e9 es?&nbsp;Espacio para compartir conocimientos pr\u00e1cticos relacionados con la inform\u00e1tica, en el que los estudiantes no solo puedan aprender, sino tambi\u00e9n desarrollar sus propias ideas y proyectos \u00bfCon qu\u00e9 finalidad?&nbsp;Acercar la tecnolog\u00eda inform\u00e1tica a los estudiantes de \u00faltimos cursos de [&hellip;]\" \/>\n<meta property=\"og:url\" content=\"https:\/\/esi.uclm.es\/index.php\/recursos\/talleres-techlab\/\" \/>\n<meta property=\"og:site_name\" content=\"Escuela Superior de Inform\u00e1tica de UCLM\" \/>\n<meta property=\"article:publisher\" content=\"https:\/\/www.facebook.com\/Escuela-Superior-de-Informtica-543261809027158\" \/>\n<meta property=\"article:modified_time\" content=\"2022-05-30T21:00:13+00:00\" \/>\n<meta property=\"og:image\" content=\"https:\/\/esi.uclm.es\/assets\/uploads\/2022\/05\/techlab-1-1024x241.png\" \/>\n<meta name=\"twitter:card\" content=\"summary_large_image\" \/>\n<meta name=\"twitter:site\" content=\"@esiuclm\" \/>\n<meta name=\"twitter:label1\" content=\"Tiempo de lectura\" \/>\n\t<meta name=\"twitter:data1\" content=\"2 minutos\" \/>\n<script type=\"application\/ld+json\" class=\"yoast-schema-graph\">{\"@context\":\"https:\\\/\\\/schema.org\",\"@graph\":[{\"@type\":\"WebPage\",\"@id\":\"https:\\\/\\\/esi.uclm.es\\\/index.php\\\/recursos\\\/talleres-techlab\\\/\",\"url\":\"https:\\\/\\\/esi.uclm.es\\\/index.php\\\/recursos\\\/talleres-techlab\\\/\",\"name\":\"Talleres TechLab - Escuela Superior de Inform\u00e1tica de UCLM\",\"isPartOf\":{\"@id\":\"https:\\\/\\\/esi.uclm.es\\\/#website\"},\"primaryImageOfPage\":{\"@id\":\"https:\\\/\\\/esi.uclm.es\\\/index.php\\\/recursos\\\/talleres-techlab\\\/#primaryimage\"},\"image\":{\"@id\":\"https:\\\/\\\/esi.uclm.es\\\/index.php\\\/recursos\\\/talleres-techlab\\\/#primaryimage\"},\"thumbnailUrl\":\"https:\\\/\\\/esi.uclm.es\\\/assets\\\/uploads\\\/2022\\\/05\\\/techlab-1-1024x241.png\",\"datePublished\":\"2022-01-27T18:57:47+00:00\",\"dateModified\":\"2022-05-30T21:00:13+00:00\",\"breadcrumb\":{\"@id\":\"https:\\\/\\\/esi.uclm.es\\\/index.php\\\/recursos\\\/talleres-techlab\\\/#breadcrumb\"},\"inLanguage\":\"es\",\"potentialAction\":[{\"@type\":\"ReadAction\",\"target\":[\"https:\\\/\\\/esi.uclm.es\\\/index.php\\\/recursos\\\/talleres-techlab\\\/\"]}]},{\"@type\":\"ImageObject\",\"inLanguage\":\"es\",\"@id\":\"https:\\\/\\\/esi.uclm.es\\\/index.php\\\/recursos\\\/talleres-techlab\\\/#primaryimage\",\"url\":\"https:\\\/\\\/esi.uclm.es\\\/assets\\\/uploads\\\/2022\\\/05\\\/techlab-1-1024x241.png\",\"contentUrl\":\"https:\\\/\\\/esi.uclm.es\\\/assets\\\/uploads\\\/2022\\\/05\\\/techlab-1-1024x241.png\"},{\"@type\":\"BreadcrumbList\",\"@id\":\"https:\\\/\\\/esi.uclm.es\\\/index.php\\\/recursos\\\/talleres-techlab\\\/#breadcrumb\",\"itemListElement\":[{\"@type\":\"ListItem\",\"position\":1,\"name\":\"Portada\",\"item\":\"https:\\\/\\\/esi.uclm.es\\\/\"},{\"@type\":\"ListItem\",\"position\":2,\"name\":\"Recursos\",\"item\":\"https:\\\/\\\/esi.uclm.es\\\/index.php\\\/recursos\\\/\"},{\"@type\":\"ListItem\",\"position\":3,\"name\":\"Talleres TechLab\"}]},{\"@type\":\"WebSite\",\"@id\":\"https:\\\/\\\/esi.uclm.es\\\/#website\",\"url\":\"https:\\\/\\\/esi.uclm.es\\\/\",\"name\":\"Escuela Superior de Inform\u00e1tica de UCLM en Ciudad Real, Castilla-La Mancha\",\"description\":\"La Escuela Superior de Inform\u00e1tica de Ciudad Real (Castilla-La Mancha), Universidad de Castilla-La Mancha es un centro universitario que imparte el ciclo completo de Ingenier\u00eda en Inform\u00e1tica: grado, m\u00e1ster y doctorado.\",\"publisher\":{\"@id\":\"https:\\\/\\\/esi.uclm.es\\\/#organization\"},\"potentialAction\":[{\"@type\":\"SearchAction\",\"target\":{\"@type\":\"EntryPoint\",\"urlTemplate\":\"https:\\\/\\\/esi.uclm.es\\\/?s={search_term_string}\"},\"query-input\":{\"@type\":\"PropertyValueSpecification\",\"valueRequired\":true,\"valueName\":\"search_term_string\"}}],\"inLanguage\":\"es\"},{\"@type\":\"Organization\",\"@id\":\"https:\\\/\\\/esi.uclm.es\\\/#organization\",\"name\":\"Escuela Superior de Inform\u00e1tica de UCLM\",\"url\":\"https:\\\/\\\/esi.uclm.es\\\/\",\"logo\":{\"@type\":\"ImageObject\",\"inLanguage\":\"es\",\"@id\":\"https:\\\/\\\/esi.uclm.es\\\/#\\\/schema\\\/logo\\\/image\\\/\",\"url\":\"https:\\\/\\\/esi.uclm.es\\\/assets\\\/uploads\\\/2022\\\/03\\\/LogoESI_cabecera-1.png\",\"contentUrl\":\"https:\\\/\\\/esi.uclm.es\\\/assets\\\/uploads\\\/2022\\\/03\\\/LogoESI_cabecera-1.png\",\"width\":460,\"height\":184,\"caption\":\"Escuela Superior de Inform\u00e1tica de UCLM\"},\"image\":{\"@id\":\"https:\\\/\\\/esi.uclm.es\\\/#\\\/schema\\\/logo\\\/image\\\/\"},\"sameAs\":[\"https:\\\/\\\/www.facebook.com\\\/Escuela-Superior-de-Informtica-543261809027158\",\"https:\\\/\\\/x.com\\\/esiuclm\",\"https:\\\/\\\/www.instagram.com\\\/esiuclm\\\/\",\"https:\\\/\\\/www.youtube.com\\\/user\\\/esiuclm\",\"https:\\\/\\\/www.twitch.tv\\\/esiuclm\",\"https:\\\/\\\/www.linkedin.com\\\/company\\\/12656631\\\/admin\\\/\"]}]}<\/script>\n<!-- \/ Yoast SEO plugin. -->","yoast_head_json":{"title":"Talleres TechLab - Escuela Superior de Inform\u00e1tica de UCLM","robots":{"index":"index","follow":"follow","max-snippet":"max-snippet:-1","max-image-preview":"max-image-preview:large","max-video-preview":"max-video-preview:-1"},"canonical":"https:\/\/esi.uclm.es\/index.php\/recursos\/talleres-techlab\/","og_locale":"es_ES","og_type":"article","og_title":"Talleres TechLab - Escuela Superior de Inform\u00e1tica de UCLM","og_description":"Programaci\u00f3n de Videojuegos y Automatizaci\u00f3n Qu\u00e9 es?&nbsp;Espacio para compartir conocimientos pr\u00e1cticos relacionados con la inform\u00e1tica, en el que los estudiantes no solo puedan aprender, sino tambi\u00e9n desarrollar sus propias ideas y proyectos \u00bfCon qu\u00e9 finalidad?&nbsp;Acercar la tecnolog\u00eda inform\u00e1tica a los estudiantes de \u00faltimos cursos de [&hellip;]","og_url":"https:\/\/esi.uclm.es\/index.php\/recursos\/talleres-techlab\/","og_site_name":"Escuela Superior de Inform\u00e1tica de UCLM","article_publisher":"https:\/\/www.facebook.com\/Escuela-Superior-de-Informtica-543261809027158","article_modified_time":"2022-05-30T21:00:13+00:00","og_image":[{"url":"https:\/\/esi.uclm.es\/assets\/uploads\/2022\/05\/techlab-1-1024x241.png","type":"","width":"","height":""}],"twitter_card":"summary_large_image","twitter_site":"@esiuclm","twitter_misc":{"Tiempo de lectura":"2 minutos"},"schema":{"@context":"https:\/\/schema.org","@graph":[{"@type":"WebPage","@id":"https:\/\/esi.uclm.es\/index.php\/recursos\/talleres-techlab\/","url":"https:\/\/esi.uclm.es\/index.php\/recursos\/talleres-techlab\/","name":"Talleres TechLab - Escuela Superior de Inform\u00e1tica de UCLM","isPartOf":{"@id":"https:\/\/esi.uclm.es\/#website"},"primaryImageOfPage":{"@id":"https:\/\/esi.uclm.es\/index.php\/recursos\/talleres-techlab\/#primaryimage"},"image":{"@id":"https:\/\/esi.uclm.es\/index.php\/recursos\/talleres-techlab\/#primaryimage"},"thumbnailUrl":"https:\/\/esi.uclm.es\/assets\/uploads\/2022\/05\/techlab-1-1024x241.png","datePublished":"2022-01-27T18:57:47+00:00","dateModified":"2022-05-30T21:00:13+00:00","breadcrumb":{"@id":"https:\/\/esi.uclm.es\/index.php\/recursos\/talleres-techlab\/#breadcrumb"},"inLanguage":"es","potentialAction":[{"@type":"ReadAction","target":["https:\/\/esi.uclm.es\/index.php\/recursos\/talleres-techlab\/"]}]},{"@type":"ImageObject","inLanguage":"es","@id":"https:\/\/esi.uclm.es\/index.php\/recursos\/talleres-techlab\/#primaryimage","url":"https:\/\/esi.uclm.es\/assets\/uploads\/2022\/05\/techlab-1-1024x241.png","contentUrl":"https:\/\/esi.uclm.es\/assets\/uploads\/2022\/05\/techlab-1-1024x241.png"},{"@type":"BreadcrumbList","@id":"https:\/\/esi.uclm.es\/index.php\/recursos\/talleres-techlab\/#breadcrumb","itemListElement":[{"@type":"ListItem","position":1,"name":"Portada","item":"https:\/\/esi.uclm.es\/"},{"@type":"ListItem","position":2,"name":"Recursos","item":"https:\/\/esi.uclm.es\/index.php\/recursos\/"},{"@type":"ListItem","position":3,"name":"Talleres TechLab"}]},{"@type":"WebSite","@id":"https:\/\/esi.uclm.es\/#website","url":"https:\/\/esi.uclm.es\/","name":"Escuela Superior de Inform\u00e1tica de UCLM en Ciudad Real, Castilla-La Mancha","description":"La Escuela Superior de Inform\u00e1tica de Ciudad Real (Castilla-La Mancha), Universidad de Castilla-La Mancha es un centro universitario que imparte el ciclo completo de Ingenier\u00eda en Inform\u00e1tica: grado, m\u00e1ster y doctorado.","publisher":{"@id":"https:\/\/esi.uclm.es\/#organization"},"potentialAction":[{"@type":"SearchAction","target":{"@type":"EntryPoint","urlTemplate":"https:\/\/esi.uclm.es\/?s={search_term_string}"},"query-input":{"@type":"PropertyValueSpecification","valueRequired":true,"valueName":"search_term_string"}}],"inLanguage":"es"},{"@type":"Organization","@id":"https:\/\/esi.uclm.es\/#organization","name":"Escuela Superior de Inform\u00e1tica de UCLM","url":"https:\/\/esi.uclm.es\/","logo":{"@type":"ImageObject","inLanguage":"es","@id":"https:\/\/esi.uclm.es\/#\/schema\/logo\/image\/","url":"https:\/\/esi.uclm.es\/assets\/uploads\/2022\/03\/LogoESI_cabecera-1.png","contentUrl":"https:\/\/esi.uclm.es\/assets\/uploads\/2022\/03\/LogoESI_cabecera-1.png","width":460,"height":184,"caption":"Escuela Superior de Inform\u00e1tica de UCLM"},"image":{"@id":"https:\/\/esi.uclm.es\/#\/schema\/logo\/image\/"},"sameAs":["https:\/\/www.facebook.com\/Escuela-Superior-de-Informtica-543261809027158","https:\/\/x.com\/esiuclm","https:\/\/www.instagram.com\/esiuclm\/","https:\/\/www.youtube.com\/user\/esiuclm","https:\/\/www.twitch.tv\/esiuclm","https:\/\/www.linkedin.com\/company\/12656631\/admin\/"]}]}},"_links":{"self":[{"href":"https:\/\/esi.uclm.es\/index.php\/wp-json\/wp\/v2\/pages\/4257","targetHints":{"allow":["GET"]}}],"collection":[{"href":"https:\/\/esi.uclm.es\/index.php\/wp-json\/wp\/v2\/pages"}],"about":[{"href":"https:\/\/esi.uclm.es\/index.php\/wp-json\/wp\/v2\/types\/page"}],"author":[{"embeddable":true,"href":"https:\/\/esi.uclm.es\/index.php\/wp-json\/wp\/v2\/users\/1"}],"replies":[{"embeddable":true,"href":"https:\/\/esi.uclm.es\/index.php\/wp-json\/wp\/v2\/comments?post=4257"}],"version-history":[{"count":8,"href":"https:\/\/esi.uclm.es\/index.php\/wp-json\/wp\/v2\/pages\/4257\/revisions"}],"predecessor-version":[{"id":10554,"href":"https:\/\/esi.uclm.es\/index.php\/wp-json\/wp\/v2\/pages\/4257\/revisions\/10554"}],"up":[{"embeddable":true,"href":"https:\/\/esi.uclm.es\/index.php\/wp-json\/wp\/v2\/pages\/6226"}],"wp:attachment":[{"href":"https:\/\/esi.uclm.es\/index.php\/wp-json\/wp\/v2\/media?parent=4257"}],"curies":[{"name":"wp","href":"https:\/\/api.w.org\/{rel}","templated":true}]}}