{"id":4184,"date":"2022-01-27T18:35:45","date_gmt":"2022-01-27T18:35:45","guid":{"rendered":"http:\/\/esiaz24.uclm.es\/?page_id=4184"},"modified":"2025-11-04T08:09:25","modified_gmt":"2025-11-04T08:09:25","slug":"jornada-de-empresas","status":"publish","type":"page","link":"https:\/\/esi.uclm.es\/index.php\/transferencia\/jornada-de-empresas\/","title":{"rendered":"VII Jornada de Empresas"},"content":{"rendered":"\n<p><\/p>\n\n\n\n<figure class=\"wp-block-image size-full\"><img loading=\"lazy\" decoding=\"async\" width=\"1829\" height=\"2560\" src=\"https:\/\/esi.uclm.es\/assets\/uploads\/2025\/10\/cartel-encuentro-scaled.jpg\" alt=\"\" class=\"wp-image-21930\" srcset=\"https:\/\/esi.uclm.es\/assets\/uploads\/2025\/10\/cartel-encuentro-scaled.jpg 1829w, https:\/\/esi.uclm.es\/assets\/uploads\/2025\/10\/cartel-encuentro-214x300.jpg 214w, https:\/\/esi.uclm.es\/assets\/uploads\/2025\/10\/cartel-encuentro-732x1024.jpg 732w, https:\/\/esi.uclm.es\/assets\/uploads\/2025\/10\/cartel-encuentro-768x1075.jpg 768w, https:\/\/esi.uclm.es\/assets\/uploads\/2025\/10\/cartel-encuentro-1098x1536.jpg 1098w, https:\/\/esi.uclm.es\/assets\/uploads\/2025\/10\/cartel-encuentro-1464x2048.jpg 1464w, https:\/\/esi.uclm.es\/assets\/uploads\/2025\/10\/cartel-encuentro-9x12.jpg 9w, https:\/\/esi.uclm.es\/assets\/uploads\/2025\/10\/cartel-encuentro-1300x1819.jpg 1300w\" sizes=\"auto, (max-width: 1829px) 100vw, 1829px\" \/><\/figure>\n\n\n\n<p>Las <strong>VII Jornadas de Empresas de la Escuela Superior de Inform\u00e1tica<\/strong> ser\u00e1n dinamizadas por la presentadora <a href=\"https:\/\/www.linkedin.com\/in\/marta-critikian-alonso-0534b662\/\"><strong>Marta Critikian Alonso<\/strong><\/a>. Para inscribirse en necesario rellenar <a href=\"http:\/\/forms.office.com\/e\/3dy2d06mVL\">este formulario<\/a>.<\/p>\n\n\n\n<p><strong><u>PROGRAMA DE ACTIVIDADES<\/u><\/strong><\/p>\n\n\n\n<p>9:00 \u2013 9:30 Recepci\u00f3n de empresas y estudiantes *<\/p>\n\n\n\n<p><strong>9:30 \u2013 10:45 Panel de empresas: AstroKube, aTurnos, GlobalSuite,&nbsp;NTT Data, Grupo Oesia, Zepo<\/strong><\/p>\n\n\n\n<p>10:45 \u2013 11:00 Atenci\u00f3n a los medios de comunicaci\u00f3n en el hall de la ESI<\/p>\n\n\n\n<p>11:00 \u2013 11:30&nbsp;<strong>Inauguraci\u00f3n de las Jornadas<\/strong><\/p>\n\n\n\n<p>11:30 \u2013 13:15 Mesas de intercambio y caf\u00e9 de networking**<\/p>\n\n\n\n<p><strong>13:15 \u2013 14:30 Panel de empresas: EY, Indra Group, Madrija, SDGgroup, Ub\u00f3tica, Zennio<\/strong><\/p>\n\n\n\n<p>14:30 \u2013 15:30 Comida estilo cocktail<\/p>\n\n\n\n<p><strong>15:30 \u2013 16:45 Panel de empresas: Bismart, Cojali, Defisoft, Inetum, Itestra, Xplain<\/strong><\/p>\n\n\n\n<p>16:45 \u2013 18:00 Mesas de intercambio y caf\u00e9 de networking**<\/p>\n\n\n\n<p>* Durante esta media hora, cada empresa dispondr\u00e1 de tiempo para localizar su mesa\/stand y realizar la instalaci\u00f3n o preparaci\u00f3n necesaria, de modo que todo quede listo para el inicio del primer panel de empresas a las 9.30 h.<\/p>\n\n\n\n<p>** Cada empresa tendr\u00e1 su stand en el hall de la ESI, donde los estudiantes podr\u00e1n acercarse, charlar y compartir un caf\u00e9 con profesionales del sector. Ser\u00e1 un espacio pensado para conversar de forma directa y relajada sobre oportunidades laborales, proyectos y los perfiles m\u00e1s demandados hoy en el mundo de la inform\u00e1tica. Una ocasi\u00f3n ideal para hacer contactos, resolver dudas y descubrir c\u00f3mo dar los primeros pasos en el \u00e1mbito profesional.<\/p>\n\n\n\n<p><\/p>\n\n\n\n<p><strong><u>EMPRESAS PARTICIPANTES<\/u><\/strong><\/p>\n\n\n\n<figure class=\"wp-block-table is-style-stripes\"><table><thead><tr><th scope=\"col\"><strong>Empresa<\/strong><\/th><td><strong>P\u00e1gina Web<\/strong><\/td><th>Video<\/th><\/tr><\/thead><tbody><tr><td>AstroKube<\/td><td><a href=\"https:\/\/www.astrokube.com\/\">https:\/\/www.astrokube.com\/<\/a><\/td><td><\/td><\/tr><tr><td>aTurnos<\/td><td><a href=\"https:\/\/aturnos.com\/\">https:\/\/aturnos.com\/<\/a><\/td><td><a href=\"https:\/\/www.youtube.com\/watch?v=vedF6AXk4us&amp;t=7s\">Enlace a video<\/a><\/td><\/tr><tr><td>Bismart<\/td><td><a href=\"https:\/\/bismart.com\">https:\/\/bismart.com<\/a><\/td><td><a href=\"https:\/\/drive.google.com\/file\/d\/1pEaBubA3B-Qwj139SLzkm3hf0DXvzlCm\/view?usp=drive_link\">Enlace a video<\/a><\/td><\/tr><tr><td>Cojali<\/td><td><a href=\"http:\/\/www.cojali.com\/es\/\">http:\/\/www.cojali.com\/es\/<\/a><\/td><td><a href=\"https:\/\/drive.google.com\/file\/d\/1mxFTSRfkHjp4voQoW7s4jevFm67rW3TJ\/view?usp=drive_link\">Enlace a video<\/a><\/td><\/tr><tr><td>Defisoft<\/td><td><a href=\"https:\/\/www.defisoft.es\/\">https:\/\/www.defisoft.es\/<\/a><\/td><td><a href=\"https:\/\/drive.google.com\/file\/d\/1XUQop70aARjNPAKXE-a0gMpbDWeNwn6x\/view?usp=drive_link\">Enlace a video<\/a><\/td><\/tr><tr><td>EY<\/td><td><a href=\"https:\/\/www.ey.com\/es_es\">https:\/\/www.ey.com\/es_es<\/a><\/td><td><a href=\"https:\/\/www.youtube.com\/watch?v=aIK4nFWFUek\">Enlace a video<\/a><\/td><\/tr><tr><td>GlobalSuite<\/td><td><a href=\"https:\/\/www.globalsuitesolutions.com\/\">https:\/\/www.globalsuitesolutions.com\/<\/a><\/td><td><a href=\"https:\/\/drive.google.com\/file\/d\/1FIAvIp_dqV3LQOAOyXA5JUKEQ3De9EB3\/view?usp=drive_link\">Enlace a video<\/a><\/td><\/tr><tr><td>Grupo Oesia<\/td><td><a href=\"http:\/\/grupooesia.com\/\">http:\/\/grupooesia.com\/<\/a><\/td><td><a href=\"https:\/\/drive.google.com\/file\/d\/1lFUXEvYEAh5ettrIvhA70_POfLzdFmBT\/view?usp=drive_link\">Enlace a video<\/a><\/td><\/tr><tr><td>Inetum<\/td><td><a href=\"http:\/\/inetum.com\">http:\/\/inetum.com<\/a><\/td><td><a href=\"https:\/\/www.youtube.com\/watch?v=xQj8xTJhkdI\">Enlace a video<\/a><\/td><\/tr><tr><td>Indra Group<\/td><td><a href=\"https:\/\/www.indracompany.com\/\">https:\/\/www.indracompany.com\/<\/a><\/td><td><a href=\"https:\/\/www.youtube.com\/watch?v=eJCDzUaDw5Q\">Enlace a video<\/a><\/td><\/tr><tr><td>Itestra<\/td><td><a href=\"https:\/\/itestra.com\/contact\/madrid\/\">https:\/\/www.itestra.com<\/a><\/td><td><a href=\"https:\/\/drive.google.com\/file\/d\/1711v-s3z7Oze4CqHP-rz5ZuNrdeZAs00\/view?usp=sharing\">Enlace a video<\/a><\/td><\/tr><tr><td>Madrija<\/td><td><a href=\"http:\/\/www.madrija.com\/es\/\">http:\/\/www.madrija.com\/es<\/a><\/td><td><a href=\"https:\/\/youtu.be\/ew53L8AIRjY?si=C38fpRxIlt9SLE9y\">Enlace a video<\/a><\/td><\/tr><tr><td>NTT Data<\/td><td><a href=\"https:\/\/es.nttdata.com\/\">https:\/\/es.nttdata.com\/<\/a><\/td><td><a href=\"https:\/\/drive.google.com\/file\/d\/1cWyrbvJJ_vcKXpewpHlW1SL5SrteuKu9\/view?usp=drive_link\">Enlace a video<\/a><\/td><\/tr><tr><td>SDGgroup<\/td><td><a href=\"http:\/\/www.sdggroup.com\/\">http:\/\/www.sdggroup.com\/<\/a><\/td><td><a href=\"https:\/\/www.youtube.com\/watch?v=E-PYotU6rR4\">Enlace a video empresa<\/a><br><a href=\"https:\/\/www.youtube.com\/watch?v=2vCPINdLTvk\">Enlace a video people<\/a><\/td><\/tr><tr><td>Ubotica<\/td><td><a href=\"http:\/\/ubotica.com\/\">http:\/\/ubotica.com<\/a><\/td><td><a href=\"https:\/\/youtu.be\/JWKZUrI4K94?si=556FgJkkwxYrvWjk&amp;t=84\">Enlace a Ubotica-ESI video<\/a><br><a href=\"https:\/\/www.youtube.com\/watch?v=uoAfYcY5skU\">Enlace a International Career video<\/a><\/td><\/tr><tr><td>Xplain<\/td><td><a href=\"https:\/\/www.xplain.ch\/\">https:\/\/www.xplain.ch\/<\/a><\/td><td><a href=\"https:\/\/drive.google.com\/file\/d\/1Jf9B91Gbh83vHIN1R-njKK5nDGVAyQ-6\/view?usp=drive_link\">Enlace a video<\/a><\/td><\/tr><tr><td>Zennio<\/td><td><a href=\"http:\/\/www.zennio.com\/\">http:\/\/www.zennio.com<\/a><\/td><td><a href=\"https:\/\/www.youtube.com\/watch?v=ijbrAkVHp5o\">Enlace a video<\/a><\/td><\/tr><tr><td>Zepo<\/td><td><a href=\"https:\/\/zepoapp.com\/\">https:\/\/zepoapp.com<\/a><\/td><td><a href=\"https:\/\/drive.google.com\/file\/d\/1-84UbuVGh-3zO-wBMNnM6fYG5G_MtLZx\/view?usp=drive_link\">Enlace a video<\/a><\/td><\/tr><\/tbody><\/table><\/figure>\n\n\n\n<figure class=\"wp-block-embed is-type-video is-provider-youtube wp-block-embed-youtube wp-embed-aspect-16-9 wp-has-aspect-ratio\"><div class=\"wp-block-embed__wrapper\">\n<iframe loading=\"lazy\" title=\"VII Jornadas de Empresas de la ESI\" width=\"1060\" height=\"596\" src=\"https:\/\/www.youtube.com\/embed\/W6GG3Tzf4Jc?start=4&#038;feature=oembed\" frameborder=\"0\" allow=\"accelerometer; autoplay; clipboard-write; encrypted-media; gyroscope; picture-in-picture; web-share\" referrerpolicy=\"strict-origin-when-cross-origin\" allowfullscreen><\/iframe>\n<\/div><\/figure>\n","protected":false},"excerpt":{"rendered":"<p>Las VII Jornadas de Empresas de la Escuela Superior de Inform\u00e1tica ser\u00e1n dinamizadas por la presentadora Marta Critikian Alonso. Para inscribirse en necesario rellenar este formulario. PROGRAMA DE ACTIVIDADES 9:00 \u2013 9:30 Recepci\u00f3n de empresas y estudiantes * 9:30 \u2013 10:45 Panel de empresas: AstroKube, [&hellip;]<\/p>\n","protected":false},"author":1,"featured_media":0,"parent":6380,"menu_order":0,"comment_status":"closed","ping_status":"closed","template":"","meta":{"footnotes":""},"class_list":["post-4184","page","type-page","status-publish","hentry"],"yoast_head":"<!-- This site is optimized with the Yoast SEO plugin v27.4 - https:\/\/yoast.com\/product\/yoast-seo-wordpress\/ -->\n<title>VII Jornada de Empresas - Escuela Superior de Inform\u00e1tica de UCLM<\/title>\n<meta name=\"robots\" content=\"index, follow, max-snippet:-1, max-image-preview:large, max-video-preview:-1\" \/>\n<link rel=\"canonical\" href=\"https:\/\/esi.uclm.es\/index.php\/transferencia\/jornada-de-empresas\/\" \/>\n<meta property=\"og:locale\" content=\"es_ES\" \/>\n<meta property=\"og:type\" content=\"article\" \/>\n<meta property=\"og:title\" content=\"VII Jornada de Empresas - Escuela Superior de Inform\u00e1tica de UCLM\" \/>\n<meta property=\"og:description\" content=\"Las VII Jornadas de Empresas de la Escuela Superior de Inform\u00e1tica ser\u00e1n dinamizadas por la presentadora Marta Critikian Alonso. Para inscribirse en necesario rellenar este formulario. PROGRAMA DE ACTIVIDADES 9:00 \u2013 9:30 Recepci\u00f3n de empresas y estudiantes * 9:30 \u2013 10:45 Panel de empresas: AstroKube, [&hellip;]\" \/>\n<meta property=\"og:url\" content=\"https:\/\/esi.uclm.es\/index.php\/transferencia\/jornada-de-empresas\/\" \/>\n<meta property=\"og:site_name\" content=\"Escuela Superior de Inform\u00e1tica de UCLM\" \/>\n<meta property=\"article:publisher\" content=\"https:\/\/www.facebook.com\/Escuela-Superior-de-Informtica-543261809027158\" \/>\n<meta property=\"article:modified_time\" content=\"2025-11-04T08:09:25+00:00\" \/>\n<meta property=\"og:image\" content=\"https:\/\/esi.uclm.es\/assets\/uploads\/2025\/10\/cartel-encuentro-scaled.jpg\" \/>\n\t<meta property=\"og:image:width\" content=\"1829\" \/>\n\t<meta property=\"og:image:height\" content=\"2560\" \/>\n\t<meta property=\"og:image:type\" content=\"image\/jpeg\" \/>\n<meta name=\"twitter:card\" content=\"summary_large_image\" \/>\n<meta name=\"twitter:site\" content=\"@esiuclm\" \/>\n<meta name=\"twitter:label1\" content=\"Tiempo de lectura\" \/>\n\t<meta name=\"twitter:data1\" content=\"2 minutos\" \/>\n<script type=\"application\/ld+json\" class=\"yoast-schema-graph\">{\"@context\":\"https:\\\/\\\/schema.org\",\"@graph\":[{\"@type\":\"WebPage\",\"@id\":\"https:\\\/\\\/esi.uclm.es\\\/index.php\\\/transferencia\\\/jornada-de-empresas\\\/\",\"url\":\"https:\\\/\\\/esi.uclm.es\\\/index.php\\\/transferencia\\\/jornada-de-empresas\\\/\",\"name\":\"VII Jornada de Empresas - Escuela Superior de Inform\u00e1tica de UCLM\",\"isPartOf\":{\"@id\":\"https:\\\/\\\/esi.uclm.es\\\/#website\"},\"primaryImageOfPage\":{\"@id\":\"https:\\\/\\\/esi.uclm.es\\\/index.php\\\/transferencia\\\/jornada-de-empresas\\\/#primaryimage\"},\"image\":{\"@id\":\"https:\\\/\\\/esi.uclm.es\\\/index.php\\\/transferencia\\\/jornada-de-empresas\\\/#primaryimage\"},\"thumbnailUrl\":\"https:\\\/\\\/esi.uclm.es\\\/assets\\\/uploads\\\/2025\\\/10\\\/cartel-encuentro-scaled.jpg\",\"datePublished\":\"2022-01-27T18:35:45+00:00\",\"dateModified\":\"2025-11-04T08:09:25+00:00\",\"breadcrumb\":{\"@id\":\"https:\\\/\\\/esi.uclm.es\\\/index.php\\\/transferencia\\\/jornada-de-empresas\\\/#breadcrumb\"},\"inLanguage\":\"es\",\"potentialAction\":[{\"@type\":\"ReadAction\",\"target\":[\"https:\\\/\\\/esi.uclm.es\\\/index.php\\\/transferencia\\\/jornada-de-empresas\\\/\"]}]},{\"@type\":\"ImageObject\",\"inLanguage\":\"es\",\"@id\":\"https:\\\/\\\/esi.uclm.es\\\/index.php\\\/transferencia\\\/jornada-de-empresas\\\/#primaryimage\",\"url\":\"https:\\\/\\\/esi.uclm.es\\\/assets\\\/uploads\\\/2025\\\/10\\\/cartel-encuentro-scaled.jpg\",\"contentUrl\":\"https:\\\/\\\/esi.uclm.es\\\/assets\\\/uploads\\\/2025\\\/10\\\/cartel-encuentro-scaled.jpg\",\"width\":1829,\"height\":2560},{\"@type\":\"BreadcrumbList\",\"@id\":\"https:\\\/\\\/esi.uclm.es\\\/index.php\\\/transferencia\\\/jornada-de-empresas\\\/#breadcrumb\",\"itemListElement\":[{\"@type\":\"ListItem\",\"position\":1,\"name\":\"Portada\",\"item\":\"https:\\\/\\\/esi.uclm.es\\\/\"},{\"@type\":\"ListItem\",\"position\":2,\"name\":\"Transferencia\",\"item\":\"https:\\\/\\\/esi.uclm.es\\\/index.php\\\/transferencia\\\/\"},{\"@type\":\"ListItem\",\"position\":3,\"name\":\"VII Jornada de Empresas\"}]},{\"@type\":\"WebSite\",\"@id\":\"https:\\\/\\\/esi.uclm.es\\\/#website\",\"url\":\"https:\\\/\\\/esi.uclm.es\\\/\",\"name\":\"Escuela Superior de Inform\u00e1tica de UCLM en Ciudad Real, Castilla-La Mancha\",\"description\":\"La Escuela Superior de Inform\u00e1tica de Ciudad Real (Castilla-La Mancha), Universidad de Castilla-La Mancha es un centro universitario que imparte el ciclo completo de Ingenier\u00eda en Inform\u00e1tica: grado, m\u00e1ster y doctorado.\",\"publisher\":{\"@id\":\"https:\\\/\\\/esi.uclm.es\\\/#organization\"},\"potentialAction\":[{\"@type\":\"SearchAction\",\"target\":{\"@type\":\"EntryPoint\",\"urlTemplate\":\"https:\\\/\\\/esi.uclm.es\\\/?s={search_term_string}\"},\"query-input\":{\"@type\":\"PropertyValueSpecification\",\"valueRequired\":true,\"valueName\":\"search_term_string\"}}],\"inLanguage\":\"es\"},{\"@type\":\"Organization\",\"@id\":\"https:\\\/\\\/esi.uclm.es\\\/#organization\",\"name\":\"Escuela Superior de Inform\u00e1tica de UCLM\",\"url\":\"https:\\\/\\\/esi.uclm.es\\\/\",\"logo\":{\"@type\":\"ImageObject\",\"inLanguage\":\"es\",\"@id\":\"https:\\\/\\\/esi.uclm.es\\\/#\\\/schema\\\/logo\\\/image\\\/\",\"url\":\"https:\\\/\\\/esi.uclm.es\\\/assets\\\/uploads\\\/2022\\\/03\\\/LogoESI_cabecera-1.png\",\"contentUrl\":\"https:\\\/\\\/esi.uclm.es\\\/assets\\\/uploads\\\/2022\\\/03\\\/LogoESI_cabecera-1.png\",\"width\":460,\"height\":184,\"caption\":\"Escuela Superior de Inform\u00e1tica de UCLM\"},\"image\":{\"@id\":\"https:\\\/\\\/esi.uclm.es\\\/#\\\/schema\\\/logo\\\/image\\\/\"},\"sameAs\":[\"https:\\\/\\\/www.facebook.com\\\/Escuela-Superior-de-Informtica-543261809027158\",\"https:\\\/\\\/x.com\\\/esiuclm\",\"https:\\\/\\\/www.instagram.com\\\/esiuclm\\\/\",\"https:\\\/\\\/www.youtube.com\\\/user\\\/esiuclm\",\"https:\\\/\\\/www.twitch.tv\\\/esiuclm\",\"https:\\\/\\\/www.linkedin.com\\\/company\\\/12656631\\\/admin\\\/\"]}]}<\/script>\n<!-- \/ Yoast SEO plugin. -->","yoast_head_json":{"title":"VII Jornada de Empresas - Escuela Superior de Inform\u00e1tica de UCLM","robots":{"index":"index","follow":"follow","max-snippet":"max-snippet:-1","max-image-preview":"max-image-preview:large","max-video-preview":"max-video-preview:-1"},"canonical":"https:\/\/esi.uclm.es\/index.php\/transferencia\/jornada-de-empresas\/","og_locale":"es_ES","og_type":"article","og_title":"VII Jornada de Empresas - Escuela Superior de Inform\u00e1tica de UCLM","og_description":"Las VII Jornadas de Empresas de la Escuela Superior de Inform\u00e1tica ser\u00e1n dinamizadas por la presentadora Marta Critikian Alonso. Para inscribirse en necesario rellenar este formulario. PROGRAMA DE ACTIVIDADES 9:00 \u2013 9:30 Recepci\u00f3n de empresas y estudiantes * 9:30 \u2013 10:45 Panel de empresas: AstroKube, [&hellip;]","og_url":"https:\/\/esi.uclm.es\/index.php\/transferencia\/jornada-de-empresas\/","og_site_name":"Escuela Superior de Inform\u00e1tica de UCLM","article_publisher":"https:\/\/www.facebook.com\/Escuela-Superior-de-Informtica-543261809027158","article_modified_time":"2025-11-04T08:09:25+00:00","og_image":[{"width":1829,"height":2560,"url":"https:\/\/esi.uclm.es\/assets\/uploads\/2025\/10\/cartel-encuentro-scaled.jpg","type":"image\/jpeg"}],"twitter_card":"summary_large_image","twitter_site":"@esiuclm","twitter_misc":{"Tiempo de lectura":"2 minutos"},"schema":{"@context":"https:\/\/schema.org","@graph":[{"@type":"WebPage","@id":"https:\/\/esi.uclm.es\/index.php\/transferencia\/jornada-de-empresas\/","url":"https:\/\/esi.uclm.es\/index.php\/transferencia\/jornada-de-empresas\/","name":"VII Jornada de Empresas - Escuela Superior de Inform\u00e1tica de UCLM","isPartOf":{"@id":"https:\/\/esi.uclm.es\/#website"},"primaryImageOfPage":{"@id":"https:\/\/esi.uclm.es\/index.php\/transferencia\/jornada-de-empresas\/#primaryimage"},"image":{"@id":"https:\/\/esi.uclm.es\/index.php\/transferencia\/jornada-de-empresas\/#primaryimage"},"thumbnailUrl":"https:\/\/esi.uclm.es\/assets\/uploads\/2025\/10\/cartel-encuentro-scaled.jpg","datePublished":"2022-01-27T18:35:45+00:00","dateModified":"2025-11-04T08:09:25+00:00","breadcrumb":{"@id":"https:\/\/esi.uclm.es\/index.php\/transferencia\/jornada-de-empresas\/#breadcrumb"},"inLanguage":"es","potentialAction":[{"@type":"ReadAction","target":["https:\/\/esi.uclm.es\/index.php\/transferencia\/jornada-de-empresas\/"]}]},{"@type":"ImageObject","inLanguage":"es","@id":"https:\/\/esi.uclm.es\/index.php\/transferencia\/jornada-de-empresas\/#primaryimage","url":"https:\/\/esi.uclm.es\/assets\/uploads\/2025\/10\/cartel-encuentro-scaled.jpg","contentUrl":"https:\/\/esi.uclm.es\/assets\/uploads\/2025\/10\/cartel-encuentro-scaled.jpg","width":1829,"height":2560},{"@type":"BreadcrumbList","@id":"https:\/\/esi.uclm.es\/index.php\/transferencia\/jornada-de-empresas\/#breadcrumb","itemListElement":[{"@type":"ListItem","position":1,"name":"Portada","item":"https:\/\/esi.uclm.es\/"},{"@type":"ListItem","position":2,"name":"Transferencia","item":"https:\/\/esi.uclm.es\/index.php\/transferencia\/"},{"@type":"ListItem","position":3,"name":"VII Jornada de Empresas"}]},{"@type":"WebSite","@id":"https:\/\/esi.uclm.es\/#website","url":"https:\/\/esi.uclm.es\/","name":"Escuela Superior de Inform\u00e1tica de UCLM en Ciudad Real, Castilla-La Mancha","description":"La Escuela Superior de Inform\u00e1tica de Ciudad Real (Castilla-La Mancha), Universidad de Castilla-La Mancha es un centro universitario que imparte el ciclo completo de Ingenier\u00eda en Inform\u00e1tica: grado, m\u00e1ster y doctorado.","publisher":{"@id":"https:\/\/esi.uclm.es\/#organization"},"potentialAction":[{"@type":"SearchAction","target":{"@type":"EntryPoint","urlTemplate":"https:\/\/esi.uclm.es\/?s={search_term_string}"},"query-input":{"@type":"PropertyValueSpecification","valueRequired":true,"valueName":"search_term_string"}}],"inLanguage":"es"},{"@type":"Organization","@id":"https:\/\/esi.uclm.es\/#organization","name":"Escuela Superior de Inform\u00e1tica de UCLM","url":"https:\/\/esi.uclm.es\/","logo":{"@type":"ImageObject","inLanguage":"es","@id":"https:\/\/esi.uclm.es\/#\/schema\/logo\/image\/","url":"https:\/\/esi.uclm.es\/assets\/uploads\/2022\/03\/LogoESI_cabecera-1.png","contentUrl":"https:\/\/esi.uclm.es\/assets\/uploads\/2022\/03\/LogoESI_cabecera-1.png","width":460,"height":184,"caption":"Escuela Superior de Inform\u00e1tica de UCLM"},"image":{"@id":"https:\/\/esi.uclm.es\/#\/schema\/logo\/image\/"},"sameAs":["https:\/\/www.facebook.com\/Escuela-Superior-de-Informtica-543261809027158","https:\/\/x.com\/esiuclm","https:\/\/www.instagram.com\/esiuclm\/","https:\/\/www.youtube.com\/user\/esiuclm","https:\/\/www.twitch.tv\/esiuclm","https:\/\/www.linkedin.com\/company\/12656631\/admin\/"]}]}},"_links":{"self":[{"href":"https:\/\/esi.uclm.es\/index.php\/wp-json\/wp\/v2\/pages\/4184","targetHints":{"allow":["GET"]}}],"collection":[{"href":"https:\/\/esi.uclm.es\/index.php\/wp-json\/wp\/v2\/pages"}],"about":[{"href":"https:\/\/esi.uclm.es\/index.php\/wp-json\/wp\/v2\/types\/page"}],"author":[{"embeddable":true,"href":"https:\/\/esi.uclm.es\/index.php\/wp-json\/wp\/v2\/users\/1"}],"replies":[{"embeddable":true,"href":"https:\/\/esi.uclm.es\/index.php\/wp-json\/wp\/v2\/comments?post=4184"}],"version-history":[{"count":55,"href":"https:\/\/esi.uclm.es\/index.php\/wp-json\/wp\/v2\/pages\/4184\/revisions"}],"predecessor-version":[{"id":22009,"href":"https:\/\/esi.uclm.es\/index.php\/wp-json\/wp\/v2\/pages\/4184\/revisions\/22009"}],"up":[{"embeddable":true,"href":"https:\/\/esi.uclm.es\/index.php\/wp-json\/wp\/v2\/pages\/6380"}],"wp:attachment":[{"href":"https:\/\/esi.uclm.es\/index.php\/wp-json\/wp\/v2\/media?parent=4184"}],"curies":[{"name":"wp","href":"https:\/\/api.w.org\/{rel}","templated":true}]}}