{"id":4173,"date":"2022-01-27T18:29:52","date_gmt":"2022-01-27T18:29:52","guid":{"rendered":"http:\/\/esiaz24.uclm.es\/?page_id=4173"},"modified":"2025-10-01T06:12:25","modified_gmt":"2025-10-01T06:12:25","slug":"calendario-master","status":"publish","type":"page","link":"https:\/\/esi.uclm.es\/index.php\/master-en-ingenieria-informatica\/calendario-master\/","title":{"rendered":"Calendario M\u00e1ster"},"content":{"rendered":"\n<figure class=\"wp-block-image size-large\"><img loading=\"lazy\" decoding=\"async\" width=\"1024\" height=\"256\" src=\"https:\/\/esi.uclm.es\/assets\/uploads\/2022\/05\/calendario_r-1024x256.webp\" alt=\"Calendario sobre fondo azul\" class=\"wp-image-10469\" srcset=\"https:\/\/esi.uclm.es\/assets\/uploads\/2022\/05\/calendario_r-1024x256.webp 1024w, https:\/\/esi.uclm.es\/assets\/uploads\/2022\/05\/calendario_r-300x75.webp 300w, https:\/\/esi.uclm.es\/assets\/uploads\/2022\/05\/calendario_r-768x192.webp 768w, https:\/\/esi.uclm.es\/assets\/uploads\/2022\/05\/calendario_r-600x150.webp 600w, https:\/\/esi.uclm.es\/assets\/uploads\/2022\/05\/calendario_r.webp 1199w\" sizes=\"auto, (max-width: 1024px) 100vw, 1024px\" \/><\/figure>\n\n\n\n<h2 class=\"wp-block-heading\">Calendario del M\u00e1ster Universitario en Ingenier\u00eda Inform\u00e1tica<\/h2>\n\n\n\n<hr class=\"wp-block-separator has-text-color has-vivid-cyan-blue-color has-css-opacity has-vivid-cyan-blue-background-color has-background is-style-default\"\/>\n\n\n\n<script>\n        setTimeout(function() {\n            window.location.href = \"https:\/\/www.uclm.es\/estudios\/masteres\/master-ingenieria-informatica%202024\";\n        }, 100);\n    <\/script>\n\n\n\n<h3 class=\"wp-block-heading\">PERIODOS DOCENTES Y DE EVALUACI\u00d3N<\/h3>\n\n\n\n<p><strong>Docencia<\/strong><\/p>\n\n\n\n<ul class=\"wp-block-list\">\n<li>Presentaci\u00f3n del curso acad\u00e9mico: lunes 15 de septiembre de 2025<\/li>\n\n\n\n<li>1er. semestre: lunes 15 de septiembre de 2025 a viernes 23 de enero de 2026<\/li>\n\n\n\n<li>2do. semestre: martes 27 de enero a viernes 29 de mayo de 2026<\/li>\n\n\n\n<li>Per\u00edodo lectivo 1er. Semestre: lunes 15 de septiembre de 2025 a viernes 9 de enero de 2026<\/li>\n\n\n\n<li>Per\u00edodo lectivo 2do. Semestre: martes 27 de enero a viernes 15 de mayo de 2026<\/li>\n<\/ul>\n\n\n\n<h3 class=\"wp-block-heading\">Evaluaci\u00f3n<\/h3>\n\n\n\n<ul class=\"wp-block-list\">\n<li>Especial finalizaci\u00f3n: lunes 17 a lunes 24 de noviembre de 2025<\/li>\n\n\n\n<li>Ordinaria 1er. semestre: lunes 12 a viernes 23 de enero de 2026<\/li>\n\n\n\n<li>Ordinaria 2do. semestre: lunes 18 a viernes 29 de mayo de 2026<\/li>\n\n\n\n<li>Extraordinaria 1er. semestre:&nbsp; lunes 1 de junio a viernes 12 de junio de 2026<\/li>\n\n\n\n<li>Extraordinaria 2do. semestre: lunes 15 de junio a viernes 26 de junio de 2026<\/li>\n<\/ul>\n\n\n\n<h3 class=\"wp-block-heading\">Defensas de TFM<\/h3>\n\n\n\n<ul class=\"wp-block-list\">\n<li>Convocatoria ordinaria (julio &#8211; curso 2024-2025):<sup data-fn=\"0364ade6-c64e-4420-b529-eb074414d959\" class=\"fn\"><a id=\"0364ade6-c64e-4420-b529-eb074414d959-link\" href=\"#0364ade6-c64e-4420-b529-eb074414d959\">1<\/a><\/sup>\n<ul class=\"wp-block-list\">\n<li>Entrega: hasta el lunes 30 de junio de 2025<\/li>\n\n\n\n<li>Publicaci\u00f3n de tribunales: lunes 7 de julio de 2025<\/li>\n\n\n\n<li>Defensa: lunes 14 a viernes 18 de julio de 2025<\/li>\n<\/ul>\n<\/li>\n\n\n\n<li>Convocatoria extraordinaria (octubre &#8211; curso 2024-2025):\n<ul class=\"wp-block-list\">\n<li>Entrega: hasta el mi\u00e9rcoles 8 de octubre de 2025<\/li>\n\n\n\n<li>Publicaci\u00f3n de tribunales: mi\u00e9rcoles 15 de octubre de 2025<\/li>\n\n\n\n<li>Defensa: mi\u00e9rcoles 22 a viernes 24 de octubre de 2025<\/li>\n<\/ul>\n<\/li>\n\n\n\n<li>Convocatoria especial de finalizaci\u00f3n:\n<ul class=\"wp-block-list\">\n<li>Entrega: hasta el mi\u00e9rcoles 3 de diciembre de 2025<\/li>\n\n\n\n<li>Defensa: mi\u00e9rcoles 17 a viernes 19 de diciembre de 2025<\/li>\n<\/ul>\n<\/li>\n\n\n\n<li>Convocatoria ordinaria (febrero):\n<ul class=\"wp-block-list\">\n<li>Entrega: hasta el mi\u00e9rcoles 4 de febrero de 2026<\/li>\n\n\n\n<li>Defensa: mi\u00e9rcoles 18 a viernes 20 de febrero de 2026<\/li>\n<\/ul>\n<\/li>\n\n\n\n<li>Convocatoria ordinaria (julio)<sup data-fn=\"655fe4e1-5df5-40ea-80b8-3555fb617461\" class=\"fn\"><a id=\"655fe4e1-5df5-40ea-80b8-3555fb617461-link\" href=\"#655fe4e1-5df5-40ea-80b8-3555fb617461\">2<\/a><\/sup>:\n<ul class=\"wp-block-list\">\n<li>Entrega: hasta el mi\u00e9rcoles 1 de julio de 2026<\/li>\n\n\n\n<li>Defensa: mi\u00e9rcoles 15 a viernes 24 de julio de 2026<\/li>\n<\/ul>\n<\/li>\n\n\n\n<li>Convocatoria ordinaria (octubre):\n<ul class=\"wp-block-list\">\n<li>Entrega: hasta el mi\u00e9rcoles 7 de octubre de 2026<\/li>\n\n\n\n<li>Defensa: mi\u00e9rcoles 22 a viernes 24 de octubre de 2026<\/li>\n<\/ul>\n<\/li>\n<\/ul>\n\n\n\n<h3 class=\"wp-block-heading\">CIERRE DE ACTAS<\/h3>\n\n\n\n<ul class=\"wp-block-list\">\n<li>TFM Convocatoria ordinaria (julio &#8211; curso 2024-2025): 21 de julio de 2025<\/li>\n\n\n\n<li>TFM<sup data-fn=\"fbb857e1-1f70-4257-95a9-da84cc462cde\" class=\"fn\"><a id=\"fbb857e1-1f70-4257-95a9-da84cc462cde-link\" href=\"#fbb857e1-1f70-4257-95a9-da84cc462cde\">3<\/a><\/sup> Convocatoria extraordinaria (octubre &#8211; curso 2024-2025): 31 de octubre de 2025<\/li>\n\n\n\n<li>Convocatoria ordinaria:\n<ul class=\"wp-block-list\">\n<li><strong>1er. semestre: <\/strong>6 de febrero de 2026<\/li>\n\n\n\n<li><strong>2do. semestre: <\/strong>11 de junio de 2026<\/li>\n<\/ul>\n<\/li>\n\n\n\n<li>Convocatoria extraordinaria 1er. y 2do. semestre: 8 de julio de 2026<\/li>\n\n\n\n<li>Convocatoria especial finalizaci\u00f3n: 1 de diciembre de 2025<\/li>\n\n\n\n<li>TFM Convocatoria ordinaria (julio): 31 de julio de 2026<\/li>\n\n\n\n<li>TFM<sup data-fn=\"fbb857e1-1f70-4257-95a9-da84cc462cde\" class=\"fn\"><a id=\"fbb857e1-1f70-4257-95a9-da84cc462cde-link\" href=\"#fbb857e1-1f70-4257-95a9-da84cc462cde\">3<\/a><\/sup> Convocatoria extraordinaria (octubre): 31 de octubre de 2026<\/li>\n<\/ul>\n\n\n\n<h3 class=\"wp-block-heading\">PERIODOS NO LECTIVOS<\/h3>\n\n\n\n<ul class=\"wp-block-list\">\n<li>Navidad: del 24 de diciembre de 2025 al 7 de enero de 2026<\/li>\n\n\n\n<li>Semana Santa: del 30 de marzo al 6 de abril de 2026<\/li>\n\n\n\n<li>Vacaciones verano: agosto de 2026<\/li>\n<\/ul>\n\n\n\n<h3 class=\"wp-block-heading\">ACTIVIDADES ACAD\u00c9MICAS, CULTURALES Y DEPORTIVAS DE SANTA TECLA<\/h3>\n\n\n\n<ul class=\"wp-block-list\">\n<li>Semana cultural de Santa Tecla (Ciudad Real): Del 28 al 31 de octubre de 2025<\/li>\n<\/ul>\n\n\n\n<h3 class=\"wp-block-heading\">D\u00cdAS FESTIVOS<sup data-fn=\"bceb2bda-3268-41eb-a73d-1d3c913c98e1\" class=\"fn\"><a id=\"bceb2bda-3268-41eb-a73d-1d3c913c98e1-link\" href=\"#bceb2bda-3268-41eb-a73d-1d3c913c98e1\">5<\/a><\/sup><\/h3>\n\n\n\n<ul class=\"wp-block-list\">\n<li>Santa Tecla (Ciudad Real): lunes 3 de noviembre de 2025<\/li>\n\n\n\n<li>Santo Tom\u00e1s de Aquino: lunes 26 de enero de 2026<\/li>\n\n\n\n<li>Santa Mar\u00eda de Alarcos (Ciudad Real): lunes 25 de mayo de 2025<\/li>\n\n\n\n<li>D\u00eda de Castilla-La Mancha: 31 de mayo de 2025<\/li>\n\n\n\n<li>Corpus Christi: jueves 4 de junio de 2026<\/li>\n\n\n\n<li>San Juan (Albacete): mi\u00e9rcoles 24 de junio de 2026<\/li>\n<\/ul>\n\n\n\n<div class=\"wp-block-file\"><a id=\"wp-block-file--media-b7632075-fab7-4b94-b698-9dddff306adf\" href=\"https:\/\/esi.uclm.es\/assets\/uploads\/2025\/07\/Calendario_academico_de_MUII_ESI_2025_2026_v2.pdf\">Calendario Acad\u00e9mico de M\u00e1ster ESI 2025-2026<\/a><a href=\"https:\/\/esi.uclm.es\/assets\/uploads\/2025\/07\/Calendario_academico_de_MUII_ESI_2025_2026_v2.pdf\" class=\"wp-block-file__button wp-element-button\" download aria-describedby=\"wp-block-file--media-b7632075-fab7-4b94-b698-9dddff306adf\">Descarga<\/a><\/div>\n\n\n\n<hr class=\"wp-block-separator has-alpha-channel-opacity\"\/>\n\n\n<ol class=\"wp-block-footnotes\"><li id=\"0364ade6-c64e-4420-b529-eb074414d959\">En cumplimiento a las pautas remitidas por el Vic. de Estudios, Calidad y Acreditaci\u00f3n para facilitar el acceso al M\u00e1ster U. en Profesor de Educaci\u00f3n Secundaria Obligatoria y Bachillerato, Formaci\u00f3n Profesional y Ense\u00f1anza de Idiomas (MUFPS) en el curso 2024-2025 <a href=\"#0364ade6-c64e-4420-b529-eb074414d959-link\" aria-label=\"Saltar a la referencia de la nota 1\">\u21a9\ufe0e<\/a><\/li><li id=\"655fe4e1-5df5-40ea-80b8-3555fb617461\">En cumplimiento a las pautas remitidas por el Vic. de Estudios, Calidad y Acreditaci\u00f3n para facilitar el acceso al M\u00e1ster U. en Profesor de Educaci\u00f3n Secundaria Obligatoria y Bachillerato, Formaci\u00f3n Profesional y Ense\u00f1anza de Idiomas (MUFPS) en el curso 2025-2026 <a href=\"#655fe4e1-5df5-40ea-80b8-3555fb617461-link\" aria-label=\"Saltar a la referencia de la nota 2\">\u21a9\ufe0e<\/a><\/li><li id=\"fbb857e1-1f70-4257-95a9-da84cc462cde\">Si a fecha de 31 de julio no se ha defendido el TFM se calificar\u00e1 como NP en la convocatoria ordinaria. <a href=\"#fbb857e1-1f70-4257-95a9-da84cc462cde-link\" aria-label=\"Saltar a la referencia de la nota 3\">\u21a9\ufe0e<\/a><\/li><li id=\"fbb857e1-1f70-4257-95a9-da84cc462cde\">Si a fecha de 31 de julio no se ha defendido el TFM se calificar\u00e1 como NP en la convocatoria ordinaria. <a href=\"#fbb857e1-1f70-4257-95a9-da84cc462cde-link\" aria-label=\"Saltar a la referencia de la nota 4\">\u21a9\ufe0e<\/a><\/li><li id=\"bceb2bda-3268-41eb-a73d-1d3c913c98e1\">La determinaci\u00f3n de las fiestas laborales, tanto de \u00e1mbito local como regional, aprobadas con posterioridad a este calendario acad\u00e9mico, pueden interferir en los per\u00edodos docentes y de ex\u00e1menes fijados en este calendario. De ser necesario, la ESI modificar\u00e1 las fechas afectadas con suficiente antelaci\u00f3n y previa autorizaci\u00f3n del Vic. de Docencia. <a href=\"#bceb2bda-3268-41eb-a73d-1d3c913c98e1-link\" aria-label=\"Saltar a la referencia de la nota 5\">\u21a9\ufe0e<\/a><\/li><\/ol>","protected":false},"excerpt":{"rendered":"<p>Calendario del M\u00e1ster Universitario en Ingenier\u00eda Inform\u00e1tica PERIODOS DOCENTES Y DE EVALUACI\u00d3N Docencia Evaluaci\u00f3n Defensas de TFM CIERRE DE ACTAS PERIODOS NO LECTIVOS ACTIVIDADES ACAD\u00c9MICAS, CULTURALES Y DEPORTIVAS DE SANTA TECLA D\u00cdAS FESTIVOS5<\/p>\n","protected":false},"author":1,"featured_media":0,"parent":3998,"menu_order":0,"comment_status":"closed","ping_status":"closed","template":"","meta":{"footnotes":"[{\"content\":\"En cumplimiento a las pautas remitidas por el Vic. de Estudios, Calidad y Acreditaci\u00f3n para facilitar el acceso al M\u00e1ster U. en Profesor de Educaci\u00f3n Secundaria Obligatoria y Bachillerato, Formaci\u00f3n Profesional y Ense\u00f1anza de Idiomas (MUFPS) en el curso 2024-2025\",\"id\":\"0364ade6-c64e-4420-b529-eb074414d959\"},{\"content\":\"En cumplimiento a las pautas remitidas por el Vic. de Estudios, Calidad y Acreditaci\u00f3n para facilitar el acceso al M\u00e1ster U. en Profesor de Educaci\u00f3n Secundaria Obligatoria y Bachillerato, Formaci\u00f3n Profesional y Ense\u00f1anza de Idiomas (MUFPS) en el curso 2025-2026\",\"id\":\"655fe4e1-5df5-40ea-80b8-3555fb617461\"},{\"content\":\"Si a fecha de 31 de julio no se ha defendido el TFM se calificar\u00e1 como NP en la convocatoria ordinaria.\",\"id\":\"fbb857e1-1f70-4257-95a9-da84cc462cde\"},{\"content\":\"Si a fecha de 31 de julio no se ha defendido el TFM se calificar\u00e1 como NP en la convocatoria ordinaria.\",\"id\":\"fbb857e1-1f70-4257-95a9-da84cc462cde\"},{\"content\":\"La determinaci\u00f3n de las fiestas laborales, tanto de \u00e1mbito local como regional, aprobadas con posterioridad a este calendario acad\u00e9mico, pueden interferir en los per\u00edodos docentes y de ex\u00e1menes fijados en este calendario. De ser necesario, la ESI modificar\u00e1 las fechas afectadas con suficiente antelaci\u00f3n y previa autorizaci\u00f3n del Vic. de Docencia.\",\"id\":\"bceb2bda-3268-41eb-a73d-1d3c913c98e1\"}]"},"class_list":["post-4173","page","type-page","status-publish","hentry"],"yoast_head":"<!-- This site is optimized with the Yoast SEO plugin v27.4 - https:\/\/yoast.com\/product\/yoast-seo-wordpress\/ -->\n<title>Calendario M\u00e1ster - Escuela Superior de Inform\u00e1tica de UCLM<\/title>\n<meta name=\"robots\" content=\"index, follow, max-snippet:-1, max-image-preview:large, max-video-preview:-1\" \/>\n<link rel=\"canonical\" href=\"https:\/\/esi.uclm.es\/index.php\/master-en-ingenieria-informatica\/calendario-master\/\" \/>\n<meta property=\"og:locale\" content=\"es_ES\" \/>\n<meta property=\"og:type\" content=\"article\" \/>\n<meta property=\"og:title\" content=\"Calendario M\u00e1ster - Escuela Superior de Inform\u00e1tica de UCLM\" \/>\n<meta property=\"og:description\" content=\"Calendario del M\u00e1ster Universitario en Ingenier\u00eda Inform\u00e1tica PERIODOS DOCENTES Y DE EVALUACI\u00d3N Docencia Evaluaci\u00f3n Defensas de TFM CIERRE DE ACTAS PERIODOS NO LECTIVOS ACTIVIDADES ACAD\u00c9MICAS, CULTURALES Y DEPORTIVAS DE SANTA TECLA D\u00cdAS FESTIVOS5\" \/>\n<meta property=\"og:url\" content=\"https:\/\/esi.uclm.es\/index.php\/master-en-ingenieria-informatica\/calendario-master\/\" \/>\n<meta property=\"og:site_name\" content=\"Escuela Superior de Inform\u00e1tica de UCLM\" \/>\n<meta property=\"article:publisher\" content=\"https:\/\/www.facebook.com\/Escuela-Superior-de-Informtica-543261809027158\" \/>\n<meta property=\"article:modified_time\" content=\"2025-10-01T06:12:25+00:00\" \/>\n<meta property=\"og:image\" content=\"https:\/\/esi.uclm.es\/assets\/uploads\/2022\/05\/calendario_r.webp\" \/>\n\t<meta property=\"og:image:width\" content=\"1199\" \/>\n\t<meta property=\"og:image:height\" content=\"300\" \/>\n\t<meta property=\"og:image:type\" content=\"image\/webp\" \/>\n<meta name=\"twitter:card\" content=\"summary_large_image\" \/>\n<meta name=\"twitter:site\" content=\"@esiuclm\" \/>\n<meta name=\"twitter:label1\" content=\"Tiempo de lectura\" \/>\n\t<meta name=\"twitter:data1\" content=\"3 minutos\" \/>\n<script type=\"application\/ld+json\" class=\"yoast-schema-graph\">{\"@context\":\"https:\\\/\\\/schema.org\",\"@graph\":[{\"@type\":\"WebPage\",\"@id\":\"https:\\\/\\\/esi.uclm.es\\\/index.php\\\/master-en-ingenieria-informatica\\\/calendario-master\\\/\",\"url\":\"https:\\\/\\\/esi.uclm.es\\\/index.php\\\/master-en-ingenieria-informatica\\\/calendario-master\\\/\",\"name\":\"Calendario M\u00e1ster - Escuela Superior de Inform\u00e1tica de UCLM\",\"isPartOf\":{\"@id\":\"https:\\\/\\\/esi.uclm.es\\\/#website\"},\"primaryImageOfPage\":{\"@id\":\"https:\\\/\\\/esi.uclm.es\\\/index.php\\\/master-en-ingenieria-informatica\\\/calendario-master\\\/#primaryimage\"},\"image\":{\"@id\":\"https:\\\/\\\/esi.uclm.es\\\/index.php\\\/master-en-ingenieria-informatica\\\/calendario-master\\\/#primaryimage\"},\"thumbnailUrl\":\"https:\\\/\\\/esi.uclm.es\\\/assets\\\/uploads\\\/2022\\\/05\\\/calendario_r-1024x256.webp\",\"datePublished\":\"2022-01-27T18:29:52+00:00\",\"dateModified\":\"2025-10-01T06:12:25+00:00\",\"breadcrumb\":{\"@id\":\"https:\\\/\\\/esi.uclm.es\\\/index.php\\\/master-en-ingenieria-informatica\\\/calendario-master\\\/#breadcrumb\"},\"inLanguage\":\"es\",\"potentialAction\":[{\"@type\":\"ReadAction\",\"target\":[\"https:\\\/\\\/esi.uclm.es\\\/index.php\\\/master-en-ingenieria-informatica\\\/calendario-master\\\/\"]}]},{\"@type\":\"ImageObject\",\"inLanguage\":\"es\",\"@id\":\"https:\\\/\\\/esi.uclm.es\\\/index.php\\\/master-en-ingenieria-informatica\\\/calendario-master\\\/#primaryimage\",\"url\":\"https:\\\/\\\/esi.uclm.es\\\/assets\\\/uploads\\\/2022\\\/05\\\/calendario_r-1024x256.webp\",\"contentUrl\":\"https:\\\/\\\/esi.uclm.es\\\/assets\\\/uploads\\\/2022\\\/05\\\/calendario_r-1024x256.webp\"},{\"@type\":\"BreadcrumbList\",\"@id\":\"https:\\\/\\\/esi.uclm.es\\\/index.php\\\/master-en-ingenieria-informatica\\\/calendario-master\\\/#breadcrumb\",\"itemListElement\":[{\"@type\":\"ListItem\",\"position\":1,\"name\":\"Portada\",\"item\":\"https:\\\/\\\/esi.uclm.es\\\/\"},{\"@type\":\"ListItem\",\"position\":2,\"name\":\"M\u00e1ster en Ingenier\u00eda Inform\u00e1tica\",\"item\":\"https:\\\/\\\/esi.uclm.es\\\/index.php\\\/master-en-ingenieria-informatica\\\/\"},{\"@type\":\"ListItem\",\"position\":3,\"name\":\"Calendario M\u00e1ster\"}]},{\"@type\":\"WebSite\",\"@id\":\"https:\\\/\\\/esi.uclm.es\\\/#website\",\"url\":\"https:\\\/\\\/esi.uclm.es\\\/\",\"name\":\"Escuela Superior de Inform\u00e1tica de UCLM en Ciudad Real, Castilla-La Mancha\",\"description\":\"La Escuela Superior de Inform\u00e1tica de Ciudad Real (Castilla-La Mancha), Universidad de Castilla-La Mancha es un centro universitario que imparte el ciclo completo de Ingenier\u00eda en Inform\u00e1tica: grado, m\u00e1ster y doctorado.\",\"publisher\":{\"@id\":\"https:\\\/\\\/esi.uclm.es\\\/#organization\"},\"potentialAction\":[{\"@type\":\"SearchAction\",\"target\":{\"@type\":\"EntryPoint\",\"urlTemplate\":\"https:\\\/\\\/esi.uclm.es\\\/?s={search_term_string}\"},\"query-input\":{\"@type\":\"PropertyValueSpecification\",\"valueRequired\":true,\"valueName\":\"search_term_string\"}}],\"inLanguage\":\"es\"},{\"@type\":\"Organization\",\"@id\":\"https:\\\/\\\/esi.uclm.es\\\/#organization\",\"name\":\"Escuela Superior de Inform\u00e1tica de UCLM\",\"url\":\"https:\\\/\\\/esi.uclm.es\\\/\",\"logo\":{\"@type\":\"ImageObject\",\"inLanguage\":\"es\",\"@id\":\"https:\\\/\\\/esi.uclm.es\\\/#\\\/schema\\\/logo\\\/image\\\/\",\"url\":\"https:\\\/\\\/esi.uclm.es\\\/assets\\\/uploads\\\/2022\\\/03\\\/LogoESI_cabecera-1.png\",\"contentUrl\":\"https:\\\/\\\/esi.uclm.es\\\/assets\\\/uploads\\\/2022\\\/03\\\/LogoESI_cabecera-1.png\",\"width\":460,\"height\":184,\"caption\":\"Escuela Superior de Inform\u00e1tica de UCLM\"},\"image\":{\"@id\":\"https:\\\/\\\/esi.uclm.es\\\/#\\\/schema\\\/logo\\\/image\\\/\"},\"sameAs\":[\"https:\\\/\\\/www.facebook.com\\\/Escuela-Superior-de-Informtica-543261809027158\",\"https:\\\/\\\/x.com\\\/esiuclm\",\"https:\\\/\\\/www.instagram.com\\\/esiuclm\\\/\",\"https:\\\/\\\/www.youtube.com\\\/user\\\/esiuclm\",\"https:\\\/\\\/www.twitch.tv\\\/esiuclm\",\"https:\\\/\\\/www.linkedin.com\\\/company\\\/12656631\\\/admin\\\/\"]}]}<\/script>\n<!-- \/ Yoast SEO plugin. -->","yoast_head_json":{"title":"Calendario M\u00e1ster - Escuela Superior de Inform\u00e1tica de UCLM","robots":{"index":"index","follow":"follow","max-snippet":"max-snippet:-1","max-image-preview":"max-image-preview:large","max-video-preview":"max-video-preview:-1"},"canonical":"https:\/\/esi.uclm.es\/index.php\/master-en-ingenieria-informatica\/calendario-master\/","og_locale":"es_ES","og_type":"article","og_title":"Calendario M\u00e1ster - Escuela Superior de Inform\u00e1tica de UCLM","og_description":"Calendario del M\u00e1ster Universitario en Ingenier\u00eda Inform\u00e1tica PERIODOS DOCENTES Y DE EVALUACI\u00d3N Docencia Evaluaci\u00f3n Defensas de TFM CIERRE DE ACTAS PERIODOS NO LECTIVOS ACTIVIDADES ACAD\u00c9MICAS, CULTURALES Y DEPORTIVAS DE SANTA TECLA D\u00cdAS FESTIVOS5","og_url":"https:\/\/esi.uclm.es\/index.php\/master-en-ingenieria-informatica\/calendario-master\/","og_site_name":"Escuela Superior de Inform\u00e1tica de UCLM","article_publisher":"https:\/\/www.facebook.com\/Escuela-Superior-de-Informtica-543261809027158","article_modified_time":"2025-10-01T06:12:25+00:00","og_image":[{"width":1199,"height":300,"url":"https:\/\/esi.uclm.es\/assets\/uploads\/2022\/05\/calendario_r.webp","type":"image\/webp"}],"twitter_card":"summary_large_image","twitter_site":"@esiuclm","twitter_misc":{"Tiempo de lectura":"3 minutos"},"schema":{"@context":"https:\/\/schema.org","@graph":[{"@type":"WebPage","@id":"https:\/\/esi.uclm.es\/index.php\/master-en-ingenieria-informatica\/calendario-master\/","url":"https:\/\/esi.uclm.es\/index.php\/master-en-ingenieria-informatica\/calendario-master\/","name":"Calendario M\u00e1ster - Escuela Superior de Inform\u00e1tica de UCLM","isPartOf":{"@id":"https:\/\/esi.uclm.es\/#website"},"primaryImageOfPage":{"@id":"https:\/\/esi.uclm.es\/index.php\/master-en-ingenieria-informatica\/calendario-master\/#primaryimage"},"image":{"@id":"https:\/\/esi.uclm.es\/index.php\/master-en-ingenieria-informatica\/calendario-master\/#primaryimage"},"thumbnailUrl":"https:\/\/esi.uclm.es\/assets\/uploads\/2022\/05\/calendario_r-1024x256.webp","datePublished":"2022-01-27T18:29:52+00:00","dateModified":"2025-10-01T06:12:25+00:00","breadcrumb":{"@id":"https:\/\/esi.uclm.es\/index.php\/master-en-ingenieria-informatica\/calendario-master\/#breadcrumb"},"inLanguage":"es","potentialAction":[{"@type":"ReadAction","target":["https:\/\/esi.uclm.es\/index.php\/master-en-ingenieria-informatica\/calendario-master\/"]}]},{"@type":"ImageObject","inLanguage":"es","@id":"https:\/\/esi.uclm.es\/index.php\/master-en-ingenieria-informatica\/calendario-master\/#primaryimage","url":"https:\/\/esi.uclm.es\/assets\/uploads\/2022\/05\/calendario_r-1024x256.webp","contentUrl":"https:\/\/esi.uclm.es\/assets\/uploads\/2022\/05\/calendario_r-1024x256.webp"},{"@type":"BreadcrumbList","@id":"https:\/\/esi.uclm.es\/index.php\/master-en-ingenieria-informatica\/calendario-master\/#breadcrumb","itemListElement":[{"@type":"ListItem","position":1,"name":"Portada","item":"https:\/\/esi.uclm.es\/"},{"@type":"ListItem","position":2,"name":"M\u00e1ster en Ingenier\u00eda Inform\u00e1tica","item":"https:\/\/esi.uclm.es\/index.php\/master-en-ingenieria-informatica\/"},{"@type":"ListItem","position":3,"name":"Calendario M\u00e1ster"}]},{"@type":"WebSite","@id":"https:\/\/esi.uclm.es\/#website","url":"https:\/\/esi.uclm.es\/","name":"Escuela Superior de Inform\u00e1tica de UCLM en Ciudad Real, Castilla-La Mancha","description":"La Escuela Superior de Inform\u00e1tica de Ciudad Real (Castilla-La Mancha), Universidad de Castilla-La Mancha es un centro universitario que imparte el ciclo completo de Ingenier\u00eda en Inform\u00e1tica: grado, m\u00e1ster y doctorado.","publisher":{"@id":"https:\/\/esi.uclm.es\/#organization"},"potentialAction":[{"@type":"SearchAction","target":{"@type":"EntryPoint","urlTemplate":"https:\/\/esi.uclm.es\/?s={search_term_string}"},"query-input":{"@type":"PropertyValueSpecification","valueRequired":true,"valueName":"search_term_string"}}],"inLanguage":"es"},{"@type":"Organization","@id":"https:\/\/esi.uclm.es\/#organization","name":"Escuela Superior de Inform\u00e1tica de UCLM","url":"https:\/\/esi.uclm.es\/","logo":{"@type":"ImageObject","inLanguage":"es","@id":"https:\/\/esi.uclm.es\/#\/schema\/logo\/image\/","url":"https:\/\/esi.uclm.es\/assets\/uploads\/2022\/03\/LogoESI_cabecera-1.png","contentUrl":"https:\/\/esi.uclm.es\/assets\/uploads\/2022\/03\/LogoESI_cabecera-1.png","width":460,"height":184,"caption":"Escuela Superior de Inform\u00e1tica de UCLM"},"image":{"@id":"https:\/\/esi.uclm.es\/#\/schema\/logo\/image\/"},"sameAs":["https:\/\/www.facebook.com\/Escuela-Superior-de-Informtica-543261809027158","https:\/\/x.com\/esiuclm","https:\/\/www.instagram.com\/esiuclm\/","https:\/\/www.youtube.com\/user\/esiuclm","https:\/\/www.twitch.tv\/esiuclm","https:\/\/www.linkedin.com\/company\/12656631\/admin\/"]}]}},"_links":{"self":[{"href":"https:\/\/esi.uclm.es\/index.php\/wp-json\/wp\/v2\/pages\/4173","targetHints":{"allow":["GET"]}}],"collection":[{"href":"https:\/\/esi.uclm.es\/index.php\/wp-json\/wp\/v2\/pages"}],"about":[{"href":"https:\/\/esi.uclm.es\/index.php\/wp-json\/wp\/v2\/types\/page"}],"author":[{"embeddable":true,"href":"https:\/\/esi.uclm.es\/index.php\/wp-json\/wp\/v2\/users\/1"}],"replies":[{"embeddable":true,"href":"https:\/\/esi.uclm.es\/index.php\/wp-json\/wp\/v2\/comments?post=4173"}],"version-history":[{"count":44,"href":"https:\/\/esi.uclm.es\/index.php\/wp-json\/wp\/v2\/pages\/4173\/revisions"}],"predecessor-version":[{"id":21616,"href":"https:\/\/esi.uclm.es\/index.php\/wp-json\/wp\/v2\/pages\/4173\/revisions\/21616"}],"up":[{"embeddable":true,"href":"https:\/\/esi.uclm.es\/index.php\/wp-json\/wp\/v2\/pages\/3998"}],"wp:attachment":[{"href":"https:\/\/esi.uclm.es\/index.php\/wp-json\/wp\/v2\/media?parent=4173"}],"curies":[{"name":"wp","href":"https:\/\/api.w.org\/{rel}","templated":true}]}}