{"id":3846,"date":"2022-01-27T10:21:40","date_gmt":"2022-01-27T10:21:40","guid":{"rendered":"http:\/\/esiaz24.uclm.es\/?page_id=3846"},"modified":"2026-03-12T16:37:55","modified_gmt":"2026-03-12T16:37:55","slug":"equipo-de-gobierno","status":"publish","type":"page","link":"https:\/\/esi.uclm.es\/index.php\/personal\/equipo-de-gobierno\/","title":{"rendered":"Equipo de Gobierno"},"content":{"rendered":"\n<figure class=\"wp-block-image size-large\"><img loading=\"lazy\" decoding=\"async\" width=\"1024\" height=\"236\" src=\"https:\/\/esi.uclm.es\/assets\/uploads\/2022\/02\/team-1024x236.jpg\" alt=\"\" class=\"wp-image-6788\" srcset=\"https:\/\/esi.uclm.es\/assets\/uploads\/2022\/02\/team-1024x236.jpg 1024w, https:\/\/esi.uclm.es\/assets\/uploads\/2022\/02\/team-300x69.jpg 300w, https:\/\/esi.uclm.es\/assets\/uploads\/2022\/02\/team-768x177.jpg 768w, https:\/\/esi.uclm.es\/assets\/uploads\/2022\/02\/team-1536x355.jpg 1536w, https:\/\/esi.uclm.es\/assets\/uploads\/2022\/02\/team-1300x300.jpg 1300w, https:\/\/esi.uclm.es\/assets\/uploads\/2022\/02\/team-600x139.jpg 600w\" sizes=\"auto, (max-width: 1024px) 100vw, 1024px\" \/><\/figure>\n\n\n\n<h2 class=\"wp-block-heading\" id=\"equipo-de-direccion\">Equipo de Direcci\u00f3n<\/h2>\n\n\n\n<hr class=\"wp-block-separator has-text-color has-vivid-cyan-blue-color has-css-opacity has-vivid-cyan-blue-background-color has-background is-style-wide\"\/>\n\n\n\n<div class=\"wp-block-columns is-layout-flex wp-container-core-columns-is-layout-9d6595d7 wp-block-columns-is-layout-flex\">\n<div class=\"wp-block-column is-layout-flow wp-block-column-is-layout-flow\">\n<figure class=\"wp-block-image size-large\"><img loading=\"lazy\" decoding=\"async\" width=\"1024\" height=\"630\" src=\"https:\/\/esi.uclm.es\/assets\/uploads\/2022\/07\/EquipoESI_cartoon_v2_alpha-1024x630.png\" alt=\"\" class=\"wp-image-11679\" srcset=\"https:\/\/esi.uclm.es\/assets\/uploads\/2022\/07\/EquipoESI_cartoon_v2_alpha-1024x630.png 1024w, https:\/\/esi.uclm.es\/assets\/uploads\/2022\/07\/EquipoESI_cartoon_v2_alpha-300x185.png 300w, https:\/\/esi.uclm.es\/assets\/uploads\/2022\/07\/EquipoESI_cartoon_v2_alpha-768x473.png 768w, https:\/\/esi.uclm.es\/assets\/uploads\/2022\/07\/EquipoESI_cartoon_v2_alpha-600x369.png 600w, https:\/\/esi.uclm.es\/assets\/uploads\/2022\/07\/EquipoESI_cartoon_v2_alpha.png 1300w\" sizes=\"auto, (max-width: 1024px) 100vw, 1024px\" \/><\/figure>\n<\/div>\n\n\n\n<div class=\"wp-block-column is-vertically-aligned-bottom is-layout-flow wp-block-column-is-layout-flow\">\n<p><strong>Director:<\/strong><br>Crescencio Bravo Santos<\/p>\n\n\n\n<p><strong>Secretario Acad\u00e9mico e Internacionalizaci\u00f3n:<\/strong><br>Jes\u00fas Serrano Guerrero<\/p>\n\n\n\n<p><strong>Subdirectora de Ordenaci\u00f3n Acad\u00e9mica y&nbsp;<em>Smart&nbsp;<\/em>ESI:<\/strong><br>Mar\u00eda Soledad Escolar D\u00edaz<\/p>\n\n\n\n<p><strong>Subdirector de T\u00edtulos y Promoci\u00f3n:<\/strong><br>Javier Alonso Albusac Jim\u00e9nez<\/p>\n\n\n\n<p><strong>Subdirectora de Empleabilidad y Responsabilidad Social:<\/strong><br>Marcela Fabiana Genero Bocco<\/p>\n<\/div>\n<\/div>\n\n\n\n<p><\/p>\n\n\n\n<h2 class=\"wp-block-heading\" id=\"coordinadores\">Coordinadores<\/h2>\n\n\n\n<hr class=\"wp-block-separator has-text-color has-vivid-cyan-blue-color has-css-opacity has-vivid-cyan-blue-background-color has-background is-style-wide\"\/>\n\n\n\n<h3 class=\"wp-block-heading\" id=\"master-en-ingenieria-informatica\">M\u00e1ster en Ingenier\u00eda Inform\u00e1tica<\/h3>\n\n\n\n<ul class=\"wp-block-list\">\n<li><strong>Coordinador<\/strong>: Luis Enrique S\u00e1nchez Crespo <\/li>\n<\/ul>\n\n\n\n<h3 class=\"wp-block-heading\" id=\"grado-en-ingenieria-informatica\">Grado en Ingenier\u00eda Inform\u00e1tica<\/h3>\n\n\n\n<ul class=\"wp-block-list\">\n<li><strong>Coordinador de Grado<\/strong>: Jos\u00e9 Antonio Cruz Lemus<\/li>\n\n\n\n<li><strong>Coordinador de Grado Biling\u00fce<\/strong>: Jos\u00e9 \u00c1ngel Mart\u00edn Baos<\/li>\n\n\n\n<li><strong>Coordinador de Primer Curso<\/strong>: Fernando Jos\u00e9 Ter\u00e1n Sierra<\/li>\n\n\n\n<li><strong>Coordinadora de Segundo Curso<\/strong>: Carmen Lacave Rodero<\/li>\n\n\n\n<li><strong>Coordinador de Tercer Curso<\/strong>: Fernando Rinc\u00f3n Calle<\/li>\n\n\n\n<li><strong>Coordinadora de Tecnolog\u00edas de la Informaci\u00f3n<\/strong>: Ana Isabel Molina Diaz<\/li>\n\n\n\n<li><strong>Coordinador de Ingenier\u00eda del Software<\/strong>: Mois\u00e9s Rodr\u00edguez Monje<\/li>\n\n\n\n<li><strong>Coordinador de Computaci\u00f3n<\/strong>: Jos\u00e9 \u00c1ngel Olivas Varela<\/li>\n\n\n\n<li><strong>Coordinador de Ingenier\u00eda de Computadores<\/strong>: Xavier del Toro Garc\u00eda<\/li>\n<\/ul>\n\n\n\n<h3 class=\"wp-block-heading\" id=\"programas-singulares\">Programas singulares<\/h3>\n\n\n\n<ul class=\"wp-block-list\">\n<li><strong>Coordinador de Movilidad<\/strong>: Jes\u00fas Serrano Guerrero<\/li>\n\n\n\n<li><strong>Coordinador de Pr\u00e1cticas:<\/strong>&nbsp;Manuel \u00c1ngel Serrano Mart\u00edn<\/li>\n\n\n\n<li><strong>Coordinador de la Olimpiada Inform\u00e1tica<\/strong>:<strong>&nbsp;<\/strong>Julio Alberto L\u00f3pez G\u00f3mez<\/li>\n\n\n\n<li><strong>Coordinador del Programa Mentor<\/strong>: Jos\u00e9 Luis Espinosa<\/li>\n\n\n\n<li><strong>Coordinadora del Programa Mentor Profesional<\/strong>: Aurora Vizca\u00edno Barcel\u00f3<\/li>\n<\/ul>\n\n\n\n<h2 class=\"wp-block-heading\" id=\"junta-de-centro\">Junta de Centro&nbsp;<\/h2>\n\n\n\n<hr class=\"wp-block-separator has-text-color has-vivid-cyan-blue-color has-css-opacity has-vivid-cyan-blue-background-color has-background is-style-wide\"\/>\n\n\n\n<h4 class=\"wp-block-heading\"><\/h4>\n\n\n\n<h4 class=\"wp-block-heading\"><strong>PDI<\/strong><\/h4>\n\n\n\n<ul class=\"wp-block-list\">\n<li>Bravo Santos, Crescencio<\/li>\n\n\n\n<li>Cruz Lemus, Jos\u00e9 Antonio<\/li>\n\n\n\n<li>Escolar D\u00edaz, Mar\u00eda Soledad<\/li>\n\n\n\n<li>Albusac Jim\u00e9nez, Javier Alonso<\/li>\n\n\n\n<li>Serrano Guerrero, Jes\u00fas<\/li>\n\n\n\n<li>Garc\u00eda Rubio, F\u00e9lix \u00d3scar<\/li>\n\n\n\n<li>Garc\u00eda Rodr\u00edguez de Guzm\u00e1n, Ignacio<\/li>\n\n\n\n<li>Romero Chicharro, Francisco Pascual<\/li>\n\n\n\n<li>Genero Bocco, Marcela Fabiana<\/li>\n\n\n\n<li>Castro S\u00e1nchez, Jos\u00e9 Jes\u00fas<\/li>\n\n\n\n<li>Herv\u00e1s Lucas, Ram\u00f3n<\/li>\n\n\n\n<li>Fern\u00e1ndez-Medina Pat\u00f3n, Eduardo<\/li>\n\n\n\n<li>Salido Tercero, Jes\u00fas<\/li>\n\n\n\n<li>Olivas Varela, Jose \u00c1ngel<\/li>\n\n\n\n<li>Ter\u00e1n Sierra, Fernando Jos\u00e9<\/li>\n\n\n\n<li>Rinc\u00f3n Calle, Fernando<\/li>\n\n\n\n<li>S\u00e1nchez Crespo, Luis Enrique<\/li>\n\n\n\n<li>Fontecha Diezma, Jes\u00fas<\/li>\n\n\n\n<li>Rodr\u00edguez Monje, Mois\u00e9s<\/li>\n\n\n\n<li>Barba Romero, Jes\u00fas<\/li>\n\n\n\n<li>Espinosa Aranda, Jos\u00e9 Luis<\/li>\n\n\n\n<li>Mart\u00edn Baos, Jos\u00e9 \u00c1ngel<\/li>\n\n\n\n<li>Torre de las Heras, Jos\u00e9 Antonio de la<\/li>\n\n\n\n<li>L\u00f3pez G\u00f3mez, Julio Alberto<\/li>\n\n\n\n<li>Dorado Chaparro, Javier<\/li>\n\n\n\n<li>Fern\u00e1ndez-Bermejo Ruiz, Jes\u00fas<\/li>\n<\/ul>\n\n\n\n<h4 class=\"wp-block-heading\" id=\"pas\"><strong>PTGAS<\/strong><\/h4>\n\n\n\n<ul class=\"wp-block-list\">\n<li>F\u00e9rnandez del Moral D\u00edaz-Salazar, Jos\u00e9 Antonio<\/li>\n\n\n\n<li>Benito Romero, Domingo<\/li>\n\n\n\n<li>D\u00edaz S\u00e1nchez, Manuela<\/li>\n<\/ul>\n\n\n\n<h4 class=\"wp-block-heading\" id=\"estudiantes\"><strong>Estudiantes<\/strong><\/h4>\n\n\n\n<ul class=\"wp-block-list\">\n<li>Garc\u00eda Carpintero Garc\u00eda Rayo, Jes\u00fas Manuel<\/li>\n\n\n\n<li>Palomares C\u00e9spedes, Rodrigo<\/li>\n\n\n\n<li>Toledo Torrico, V\u00edctor<\/li>\n\n\n\n<li>Llorente Ram\u00edrez, Alba<\/li>\n\n\n\n<li>Redondo Madruga, Marcos<\/li>\n\n\n\n<li>Villanueva Alcaide, \u00c1ngel<\/li>\n<\/ul>\n\n\n\n<p><\/p>\n","protected":false},"excerpt":{"rendered":"<p>Equipo de Direcci\u00f3n Director:Crescencio Bravo Santos Secretario Acad\u00e9mico e Internacionalizaci\u00f3n:Jes\u00fas Serrano Guerrero Subdirectora de Ordenaci\u00f3n Acad\u00e9mica y&nbsp;Smart&nbsp;ESI:Mar\u00eda Soledad Escolar D\u00edaz Subdirector de T\u00edtulos y Promoci\u00f3n:Javier Alonso Albusac Jim\u00e9nez Subdirectora de Empleabilidad y Responsabilidad Social:Marcela Fabiana Genero Bocco Coordinadores M\u00e1ster en Ingenier\u00eda Inform\u00e1tica Grado en Ingenier\u00eda [&hellip;]<\/p>\n","protected":false},"author":1,"featured_media":0,"parent":5510,"menu_order":0,"comment_status":"closed","ping_status":"closed","template":"","meta":{"footnotes":""},"class_list":["post-3846","page","type-page","status-publish","hentry"],"yoast_head":"<!-- This site is optimized with the Yoast SEO plugin v27.4 - https:\/\/yoast.com\/product\/yoast-seo-wordpress\/ -->\n<title>Equipo de Gobierno - Escuela Superior de Inform\u00e1tica de UCLM<\/title>\n<meta name=\"robots\" content=\"index, follow, max-snippet:-1, max-image-preview:large, max-video-preview:-1\" \/>\n<link rel=\"canonical\" href=\"https:\/\/esi.uclm.es\/index.php\/personal\/equipo-de-gobierno\/\" \/>\n<meta property=\"og:locale\" content=\"es_ES\" \/>\n<meta property=\"og:type\" content=\"article\" \/>\n<meta property=\"og:title\" content=\"Equipo de Gobierno - Escuela Superior de Inform\u00e1tica de UCLM\" \/>\n<meta property=\"og:description\" content=\"Equipo de Direcci\u00f3n Director:Crescencio Bravo Santos Secretario Acad\u00e9mico e Internacionalizaci\u00f3n:Jes\u00fas Serrano Guerrero Subdirectora de Ordenaci\u00f3n Acad\u00e9mica y&nbsp;Smart&nbsp;ESI:Mar\u00eda Soledad Escolar D\u00edaz Subdirector de T\u00edtulos y Promoci\u00f3n:Javier Alonso Albusac Jim\u00e9nez Subdirectora de Empleabilidad y Responsabilidad Social:Marcela Fabiana Genero Bocco Coordinadores M\u00e1ster en Ingenier\u00eda Inform\u00e1tica Grado en Ingenier\u00eda [&hellip;]\" \/>\n<meta property=\"og:url\" content=\"https:\/\/esi.uclm.es\/index.php\/personal\/equipo-de-gobierno\/\" \/>\n<meta property=\"og:site_name\" content=\"Escuela Superior de Inform\u00e1tica de UCLM\" \/>\n<meta property=\"article:publisher\" content=\"https:\/\/www.facebook.com\/Escuela-Superior-de-Informtica-543261809027158\" \/>\n<meta property=\"article:modified_time\" content=\"2026-03-12T16:37:55+00:00\" \/>\n<meta property=\"og:image\" content=\"https:\/\/esi.uclm.es\/assets\/uploads\/2022\/02\/team-scaled.jpg\" \/>\n\t<meta property=\"og:image:width\" content=\"2560\" \/>\n\t<meta property=\"og:image:height\" content=\"591\" \/>\n\t<meta property=\"og:image:type\" content=\"image\/jpeg\" \/>\n<meta name=\"twitter:card\" content=\"summary_large_image\" \/>\n<meta name=\"twitter:site\" content=\"@esiuclm\" \/>\n<meta name=\"twitter:label1\" content=\"Tiempo de lectura\" \/>\n\t<meta name=\"twitter:data1\" content=\"2 minutos\" \/>\n<script type=\"application\/ld+json\" class=\"yoast-schema-graph\">{\"@context\":\"https:\\\/\\\/schema.org\",\"@graph\":[{\"@type\":\"WebPage\",\"@id\":\"https:\\\/\\\/esi.uclm.es\\\/index.php\\\/personal\\\/equipo-de-gobierno\\\/\",\"url\":\"https:\\\/\\\/esi.uclm.es\\\/index.php\\\/personal\\\/equipo-de-gobierno\\\/\",\"name\":\"Equipo de Gobierno - Escuela Superior de Inform\u00e1tica de UCLM\",\"isPartOf\":{\"@id\":\"https:\\\/\\\/esi.uclm.es\\\/#website\"},\"primaryImageOfPage\":{\"@id\":\"https:\\\/\\\/esi.uclm.es\\\/index.php\\\/personal\\\/equipo-de-gobierno\\\/#primaryimage\"},\"image\":{\"@id\":\"https:\\\/\\\/esi.uclm.es\\\/index.php\\\/personal\\\/equipo-de-gobierno\\\/#primaryimage\"},\"thumbnailUrl\":\"https:\\\/\\\/esi.uclm.es\\\/assets\\\/uploads\\\/2022\\\/02\\\/team-1024x236.jpg\",\"datePublished\":\"2022-01-27T10:21:40+00:00\",\"dateModified\":\"2026-03-12T16:37:55+00:00\",\"breadcrumb\":{\"@id\":\"https:\\\/\\\/esi.uclm.es\\\/index.php\\\/personal\\\/equipo-de-gobierno\\\/#breadcrumb\"},\"inLanguage\":\"es\",\"potentialAction\":[{\"@type\":\"ReadAction\",\"target\":[\"https:\\\/\\\/esi.uclm.es\\\/index.php\\\/personal\\\/equipo-de-gobierno\\\/\"]}]},{\"@type\":\"ImageObject\",\"inLanguage\":\"es\",\"@id\":\"https:\\\/\\\/esi.uclm.es\\\/index.php\\\/personal\\\/equipo-de-gobierno\\\/#primaryimage\",\"url\":\"https:\\\/\\\/esi.uclm.es\\\/assets\\\/uploads\\\/2022\\\/02\\\/team-1024x236.jpg\",\"contentUrl\":\"https:\\\/\\\/esi.uclm.es\\\/assets\\\/uploads\\\/2022\\\/02\\\/team-1024x236.jpg\"},{\"@type\":\"BreadcrumbList\",\"@id\":\"https:\\\/\\\/esi.uclm.es\\\/index.php\\\/personal\\\/equipo-de-gobierno\\\/#breadcrumb\",\"itemListElement\":[{\"@type\":\"ListItem\",\"position\":1,\"name\":\"Portada\",\"item\":\"https:\\\/\\\/esi.uclm.es\\\/\"},{\"@type\":\"ListItem\",\"position\":2,\"name\":\"Personas y Equipo\",\"item\":\"https:\\\/\\\/esi.uclm.es\\\/index.php\\\/personal\\\/\"},{\"@type\":\"ListItem\",\"position\":3,\"name\":\"Equipo de Gobierno\"}]},{\"@type\":\"WebSite\",\"@id\":\"https:\\\/\\\/esi.uclm.es\\\/#website\",\"url\":\"https:\\\/\\\/esi.uclm.es\\\/\",\"name\":\"Escuela Superior de Inform\u00e1tica de UCLM en Ciudad Real, Castilla-La Mancha\",\"description\":\"La Escuela Superior de Inform\u00e1tica de Ciudad Real (Castilla-La Mancha), Universidad de Castilla-La Mancha es un centro universitario que imparte el ciclo completo de Ingenier\u00eda en Inform\u00e1tica: grado, m\u00e1ster y doctorado.\",\"publisher\":{\"@id\":\"https:\\\/\\\/esi.uclm.es\\\/#organization\"},\"potentialAction\":[{\"@type\":\"SearchAction\",\"target\":{\"@type\":\"EntryPoint\",\"urlTemplate\":\"https:\\\/\\\/esi.uclm.es\\\/?s={search_term_string}\"},\"query-input\":{\"@type\":\"PropertyValueSpecification\",\"valueRequired\":true,\"valueName\":\"search_term_string\"}}],\"inLanguage\":\"es\"},{\"@type\":\"Organization\",\"@id\":\"https:\\\/\\\/esi.uclm.es\\\/#organization\",\"name\":\"Escuela Superior de Inform\u00e1tica de UCLM\",\"url\":\"https:\\\/\\\/esi.uclm.es\\\/\",\"logo\":{\"@type\":\"ImageObject\",\"inLanguage\":\"es\",\"@id\":\"https:\\\/\\\/esi.uclm.es\\\/#\\\/schema\\\/logo\\\/image\\\/\",\"url\":\"https:\\\/\\\/esi.uclm.es\\\/assets\\\/uploads\\\/2022\\\/03\\\/LogoESI_cabecera-1.png\",\"contentUrl\":\"https:\\\/\\\/esi.uclm.es\\\/assets\\\/uploads\\\/2022\\\/03\\\/LogoESI_cabecera-1.png\",\"width\":460,\"height\":184,\"caption\":\"Escuela Superior de Inform\u00e1tica de UCLM\"},\"image\":{\"@id\":\"https:\\\/\\\/esi.uclm.es\\\/#\\\/schema\\\/logo\\\/image\\\/\"},\"sameAs\":[\"https:\\\/\\\/www.facebook.com\\\/Escuela-Superior-de-Informtica-543261809027158\",\"https:\\\/\\\/x.com\\\/esiuclm\",\"https:\\\/\\\/www.instagram.com\\\/esiuclm\\\/\",\"https:\\\/\\\/www.youtube.com\\\/user\\\/esiuclm\",\"https:\\\/\\\/www.twitch.tv\\\/esiuclm\",\"https:\\\/\\\/www.linkedin.com\\\/company\\\/12656631\\\/admin\\\/\"]}]}<\/script>\n<!-- \/ Yoast SEO plugin. -->","yoast_head_json":{"title":"Equipo de Gobierno - Escuela Superior de Inform\u00e1tica de UCLM","robots":{"index":"index","follow":"follow","max-snippet":"max-snippet:-1","max-image-preview":"max-image-preview:large","max-video-preview":"max-video-preview:-1"},"canonical":"https:\/\/esi.uclm.es\/index.php\/personal\/equipo-de-gobierno\/","og_locale":"es_ES","og_type":"article","og_title":"Equipo de Gobierno - Escuela Superior de Inform\u00e1tica de UCLM","og_description":"Equipo de Direcci\u00f3n Director:Crescencio Bravo Santos Secretario Acad\u00e9mico e Internacionalizaci\u00f3n:Jes\u00fas Serrano Guerrero Subdirectora de Ordenaci\u00f3n Acad\u00e9mica y&nbsp;Smart&nbsp;ESI:Mar\u00eda Soledad Escolar D\u00edaz Subdirector de T\u00edtulos y Promoci\u00f3n:Javier Alonso Albusac Jim\u00e9nez Subdirectora de Empleabilidad y Responsabilidad Social:Marcela Fabiana Genero Bocco Coordinadores M\u00e1ster en Ingenier\u00eda Inform\u00e1tica Grado en Ingenier\u00eda [&hellip;]","og_url":"https:\/\/esi.uclm.es\/index.php\/personal\/equipo-de-gobierno\/","og_site_name":"Escuela Superior de Inform\u00e1tica de UCLM","article_publisher":"https:\/\/www.facebook.com\/Escuela-Superior-de-Informtica-543261809027158","article_modified_time":"2026-03-12T16:37:55+00:00","og_image":[{"width":2560,"height":591,"url":"https:\/\/esi.uclm.es\/assets\/uploads\/2022\/02\/team-scaled.jpg","type":"image\/jpeg"}],"twitter_card":"summary_large_image","twitter_site":"@esiuclm","twitter_misc":{"Tiempo de lectura":"2 minutos"},"schema":{"@context":"https:\/\/schema.org","@graph":[{"@type":"WebPage","@id":"https:\/\/esi.uclm.es\/index.php\/personal\/equipo-de-gobierno\/","url":"https:\/\/esi.uclm.es\/index.php\/personal\/equipo-de-gobierno\/","name":"Equipo de Gobierno - Escuela Superior de Inform\u00e1tica de UCLM","isPartOf":{"@id":"https:\/\/esi.uclm.es\/#website"},"primaryImageOfPage":{"@id":"https:\/\/esi.uclm.es\/index.php\/personal\/equipo-de-gobierno\/#primaryimage"},"image":{"@id":"https:\/\/esi.uclm.es\/index.php\/personal\/equipo-de-gobierno\/#primaryimage"},"thumbnailUrl":"https:\/\/esi.uclm.es\/assets\/uploads\/2022\/02\/team-1024x236.jpg","datePublished":"2022-01-27T10:21:40+00:00","dateModified":"2026-03-12T16:37:55+00:00","breadcrumb":{"@id":"https:\/\/esi.uclm.es\/index.php\/personal\/equipo-de-gobierno\/#breadcrumb"},"inLanguage":"es","potentialAction":[{"@type":"ReadAction","target":["https:\/\/esi.uclm.es\/index.php\/personal\/equipo-de-gobierno\/"]}]},{"@type":"ImageObject","inLanguage":"es","@id":"https:\/\/esi.uclm.es\/index.php\/personal\/equipo-de-gobierno\/#primaryimage","url":"https:\/\/esi.uclm.es\/assets\/uploads\/2022\/02\/team-1024x236.jpg","contentUrl":"https:\/\/esi.uclm.es\/assets\/uploads\/2022\/02\/team-1024x236.jpg"},{"@type":"BreadcrumbList","@id":"https:\/\/esi.uclm.es\/index.php\/personal\/equipo-de-gobierno\/#breadcrumb","itemListElement":[{"@type":"ListItem","position":1,"name":"Portada","item":"https:\/\/esi.uclm.es\/"},{"@type":"ListItem","position":2,"name":"Personas y Equipo","item":"https:\/\/esi.uclm.es\/index.php\/personal\/"},{"@type":"ListItem","position":3,"name":"Equipo de Gobierno"}]},{"@type":"WebSite","@id":"https:\/\/esi.uclm.es\/#website","url":"https:\/\/esi.uclm.es\/","name":"Escuela Superior de Inform\u00e1tica de UCLM en Ciudad Real, Castilla-La Mancha","description":"La Escuela Superior de Inform\u00e1tica de Ciudad Real (Castilla-La Mancha), Universidad de Castilla-La Mancha es un centro universitario que imparte el ciclo completo de Ingenier\u00eda en Inform\u00e1tica: grado, m\u00e1ster y doctorado.","publisher":{"@id":"https:\/\/esi.uclm.es\/#organization"},"potentialAction":[{"@type":"SearchAction","target":{"@type":"EntryPoint","urlTemplate":"https:\/\/esi.uclm.es\/?s={search_term_string}"},"query-input":{"@type":"PropertyValueSpecification","valueRequired":true,"valueName":"search_term_string"}}],"inLanguage":"es"},{"@type":"Organization","@id":"https:\/\/esi.uclm.es\/#organization","name":"Escuela Superior de Inform\u00e1tica de UCLM","url":"https:\/\/esi.uclm.es\/","logo":{"@type":"ImageObject","inLanguage":"es","@id":"https:\/\/esi.uclm.es\/#\/schema\/logo\/image\/","url":"https:\/\/esi.uclm.es\/assets\/uploads\/2022\/03\/LogoESI_cabecera-1.png","contentUrl":"https:\/\/esi.uclm.es\/assets\/uploads\/2022\/03\/LogoESI_cabecera-1.png","width":460,"height":184,"caption":"Escuela Superior de Inform\u00e1tica de UCLM"},"image":{"@id":"https:\/\/esi.uclm.es\/#\/schema\/logo\/image\/"},"sameAs":["https:\/\/www.facebook.com\/Escuela-Superior-de-Informtica-543261809027158","https:\/\/x.com\/esiuclm","https:\/\/www.instagram.com\/esiuclm\/","https:\/\/www.youtube.com\/user\/esiuclm","https:\/\/www.twitch.tv\/esiuclm","https:\/\/www.linkedin.com\/company\/12656631\/admin\/"]}]}},"_links":{"self":[{"href":"https:\/\/esi.uclm.es\/index.php\/wp-json\/wp\/v2\/pages\/3846","targetHints":{"allow":["GET"]}}],"collection":[{"href":"https:\/\/esi.uclm.es\/index.php\/wp-json\/wp\/v2\/pages"}],"about":[{"href":"https:\/\/esi.uclm.es\/index.php\/wp-json\/wp\/v2\/types\/page"}],"author":[{"embeddable":true,"href":"https:\/\/esi.uclm.es\/index.php\/wp-json\/wp\/v2\/users\/1"}],"replies":[{"embeddable":true,"href":"https:\/\/esi.uclm.es\/index.php\/wp-json\/wp\/v2\/comments?post=3846"}],"version-history":[{"count":29,"href":"https:\/\/esi.uclm.es\/index.php\/wp-json\/wp\/v2\/pages\/3846\/revisions"}],"predecessor-version":[{"id":22876,"href":"https:\/\/esi.uclm.es\/index.php\/wp-json\/wp\/v2\/pages\/3846\/revisions\/22876"}],"up":[{"embeddable":true,"href":"https:\/\/esi.uclm.es\/index.php\/wp-json\/wp\/v2\/pages\/5510"}],"wp:attachment":[{"href":"https:\/\/esi.uclm.es\/index.php\/wp-json\/wp\/v2\/media?parent=3846"}],"curies":[{"name":"wp","href":"https:\/\/api.w.org\/{rel}","templated":true}]}}