{"id":20465,"date":"2025-03-16T08:55:21","date_gmt":"2025-03-16T08:55:21","guid":{"rendered":"https:\/\/esi.uclm.es\/?page_id=20465"},"modified":"2025-04-10T05:33:15","modified_gmt":"2025-04-10T05:33:15","slug":"plan-de-estudios-ii-ade","status":"publish","type":"page","link":"https:\/\/esi.uclm.es\/index.php\/doble-grado-informatica-ade\/plan-de-estudios-ii-ade\/","title":{"rendered":"Plan de Estudios II-ADE"},"content":{"rendered":"\n<p>La siguiente tabla recoge los cr\u00e9ditos totales a cursar para obtener las titulaciones que componen el doble t\u00edtulo. Se trata en ambos casos de itinerarios de 4 cursos.<\/p>\n\n\n\n<figure class=\"wp-block-table\"><table class=\"has-fixed-layout\"><tbody><tr><td><strong>Distribuci\u00f3n de cr\u00e9ditos<\/strong><\/td><td><strong>GII<\/strong><strong><\/strong><\/td><td><strong>GADE<\/strong><\/td><td><strong>TOTAL<\/strong><\/td><\/tr><tr><td>Formaci\u00f3n B\u00e1sica (FB)<\/td><td>60<\/td><td>60<\/td><td><strong>120<\/strong><\/td><\/tr><tr><td>Obligatorios (OB)<\/td><td>96<\/td><td>126<\/td><td><strong>222<\/strong><\/td><\/tr><tr><td>Optativos (OP) (*)<\/td><td>72<\/td><td>30<\/td><td><strong>102<\/strong><\/td><\/tr><tr><td>Pr\u00e1cticas de Empresas (PE)<\/td><td>12<\/td><td>12<\/td><td><strong>12<\/strong><\/td><\/tr><tr><td>TFG<\/td><td>12<\/td><td>12<\/td><td><strong>24<\/strong><\/td><\/tr><tr><td><strong>TOTALES<\/strong><\/td><td><strong>240<\/strong><\/td><td><strong>240<\/strong><\/td><td><strong>480<\/strong><\/td><\/tr><\/tbody><\/table><\/figure>\n\n\n\n<p>(*) Los cr\u00e9ditos optativos a cursar en el GII ser\u00e1n 72 (8 asignaturas de la menci\u00f3n + 4 optativas).<\/p>\n\n\n\n<p>La tabla siguiente muestra un resumen del itinerario curricular:<\/p>\n\n\n\n<figure class=\"wp-block-table\"><table class=\"has-fixed-layout\"><tbody><tr><td colspan=\"4\"><strong>RESUMEN DEL GRADO EN INGENIER\u00cdA INFORM\u00c1TICA<\/strong><\/td><\/tr><tr><td><strong>TIPO DE CR\u00c9DITOS<\/strong><\/td><td><strong>A CURSAR<\/strong><\/td><td><strong>A RECONOCER<\/strong><\/td><td><strong>TOTALES<\/strong><\/td><\/tr><tr><td>Formaci\u00f3n B\u00e1sica (FB)<\/td><td>54<\/td><td>6<\/td><td>60<\/td><\/tr><tr><td>Obligatorios (OB)<\/td><td>90<\/td><td>6<\/td><td>96<\/td><\/tr><tr><td>Optativos (Tecnolog\u00eda Espec\u00edfica)<\/td><td>42<\/td><td>6<\/td><td>48<\/td><\/tr><tr><td>Optativos (OP)(*)<\/td><td>0<\/td><td>12<\/td><td>12<\/td><\/tr><tr><td>Pr\u00e1cticas de Empresas (PE)<\/td><td>0<\/td><td>12<\/td><td>12<\/td><\/tr><tr><td>TFG<\/td><td>12<\/td><td>0<\/td><td>12<\/td><\/tr><tr><td><strong>TOTALES<\/strong><\/td><td><strong>198<\/strong><\/td><td><strong>42<\/strong><\/td><td><strong>240<\/strong><\/td><\/tr><\/tbody><\/table><\/figure>\n\n\n\n<p>(*) Puesto que la optatividad no va vinculada a resultados de aprendizaje espec\u00edficos a alcanzar en el t\u00edtulo, no se ofertan cr\u00e9ditos optativos a cursar, sino que se reconocer\u00e1n de los cursados en el otro t\u00edtulo.<\/p>\n\n\n\n<figure class=\"wp-block-table\"><table class=\"has-fixed-layout\"><tbody><tr><td colspan=\"4\"><strong>RESUMEN DEL GRADO EN ADMINISTRACI\u00d3N Y DIRECCI\u00d3N DE EMPRESAS<\/strong><\/td><\/tr><tr><td><strong>TIPO DE CR\u00c9DITOS<\/strong><\/td><td><strong>A CURSAR<\/strong><\/td><td><strong>A RECONOCER<\/strong><\/td><td><strong>TOTALES<\/strong><\/td><\/tr><tr><td>Formaci\u00f3n B\u00e1sica (FB)<\/td><td>36<\/td><td>18<\/td><td>60<\/td><\/tr><tr><td>Obligatorios (OB)<\/td><td>132<\/td><td>0<\/td><td>126<\/td><\/tr><tr><td>Optativos (OP) (*)<\/td><td>0<\/td><td>31,5<\/td><td>31,5<\/td><\/tr><tr><td>Pr\u00e1cticas de Empresas (PE)<\/td><td>12<\/td><td>0<\/td><td>12<\/td><\/tr><tr><td>TFG<\/td><td>12<\/td><td>0<\/td><td>12<\/td><\/tr><tr><td><strong>TOTALES<\/strong><\/td><td><strong>192<\/strong><\/td><td><strong>49,5<\/strong><strong><\/strong><\/td><td><strong>241,5<\/strong><strong><\/strong><\/td><\/tr><\/tbody><\/table><\/figure>\n\n\n\n<p>(*) Puesto que la optatividad no va vinculada a resultados de aprendizaje espec\u00edficos a alcanzar en el t\u00edtulo, no se ofertan cr\u00e9ditos optativos a cursar, sino que se reconocer\u00e1n de los cursados en el otro t\u00edtulo.<\/p>\n\n\n\n<figure class=\"wp-block-table\"><table class=\"has-fixed-layout\"><tbody><tr><td colspan=\"2\"><strong>RESUMEN DEL DOBLE GRADO<\/strong><\/td><\/tr><tr><td>CR\u00c9DITOS TOTALES A CURSAR<\/td><td><strong>390<\/strong><\/td><\/tr><tr><td>CR\u00c9DITOS TOTALES A RECONOCER<\/td><td><strong>91,5<\/strong><strong><\/strong><\/td><\/tr><tr><td>TOTAL CR\u00c9DITOS<\/td><td><strong>481,5<\/strong><strong><\/strong><\/td><\/tr><\/tbody><\/table><\/figure>\n\n\n\n<h2 class=\"wp-block-heading\"><strong>Plan de estudios<\/strong><\/h2>\n\n\n\n<figure class=\"wp-block-table\"><table class=\"has-fixed-layout\"><tbody><tr><td colspan=\"4\"><strong>PRIMER CURSO<\/strong><\/td><\/tr><tr><td colspan=\"4\">PRIMER SEMESTRE Y ANUALES(*)<\/td><\/tr><tr><td>C\u00f3digo<\/td><td>Asignatura<\/td><td>Car\u00e1cter<\/td><td>ECTS<\/td><\/tr><tr><td>42300<\/td><td>C\u00e1lculo y M\u00e9todos Num\u00e9ricos<\/td><td>FB<\/td><td>6<\/td><\/tr><tr><td>54302<\/td><td>Historia Econ\u00f3mica Mundial y de Espa\u00f1a<\/td><td>FB<\/td><td>6<\/td><\/tr><tr><td>54300<\/td><td>Introducci\u00f3n a la Econom\u00eda *<\/td><td>FB<\/td><td>9<\/td><\/tr><tr><td>54309<\/td><td>Econom\u00eda Internacional *<\/td><td>FB<\/td><td>9<\/td><\/tr><tr><td>54301<\/td><td>Contabilidad General *<\/td><td>OB<\/td><td>9<\/td><\/tr><tr><td>42301<\/td><td>Fundamentos F\u00edsicos de la Inform\u00e1tica<\/td><td>FB<\/td><td>6<\/td><\/tr><tr><td>42302<\/td><td>Fundamentos de Programaci\u00f3n I<\/td><td>FB<\/td><td>6<\/td><\/tr><tr><td colspan=\"4\">SEGUNDO SEMESTRE<\/td><\/tr><tr><td>C\u00f3digo<\/td><td>Asignatura<\/td><td>Car\u00e1cter<\/td><td>ECTS<\/td><\/tr><tr><td>42305<\/td><td>\u00c1lgebra y Matem\u00e1tica Discreta<\/td><td>FB<\/td><td>6<\/td><\/tr><tr><td>54307<\/td><td>Fundamentos de Administraci\u00f3n de Empresas<\/td><td>FB<\/td><td>6<\/td><\/tr><tr><td>54316<\/td><td>Fundamentos de Marketing<\/td><td>FB<\/td><td>6<\/td><\/tr><tr><td>42306<\/td><td>Fundamentos de Programaci\u00f3n II<\/td><td>FB<\/td><td>6<\/td><\/tr><tr><td colspan=\"3\">TOTAL CR\u00c9DITOS CURSADOS&nbsp;<\/td><td><strong>75<\/strong><\/td><\/tr><\/tbody><\/table><\/figure>\n\n\n\n<p>(*) Anuales<\/p>\n\n\n\n<figure class=\"wp-block-table\"><table class=\"has-fixed-layout\"><tbody><tr><td colspan=\"4\"><strong>SEGUNDO CURSO<\/strong><\/td><\/tr><tr><td colspan=\"4\">PRIMER SEMESTRE Y ANUALES (*)<\/td><\/tr><tr><td>C\u00f3digo<\/td><td>Asignatura<\/td><td>Car\u00e1cter<\/td><td>ECTS<\/td><\/tr><tr><td>54310<\/td><td>Pol\u00edtica Econ\u00f3mica *<\/td><td>OB<\/td><td>9<\/td><\/tr><tr><td>54311<\/td><td>Organizaci\u00f3n de Empresas y Direcci\u00f3n de Recursos Humanos *<\/td><td>OB<\/td><td>9<\/td><\/tr><tr><td>54312<\/td><td>Derecho de la Empresa<\/td><td>OB<\/td><td>9<\/td><\/tr><tr><td>54303<\/td><td>Estructura de Datos<\/td><td>FB<\/td><td>6<\/td><\/tr><tr><td>42314<\/td><td>Ingenier\u00eda del Software I<\/td><td>OB<\/td><td>6<\/td><\/tr><tr><td>42310<\/td><td>L\u00f3gica<\/td><td>FB<\/td><td>6<\/td><\/tr><tr><td>42303<\/td><td>Tecnolog\u00eda de Computadores<\/td><td>FB<\/td><td>6<\/td><\/tr><tr><td colspan=\"4\">SEGUNDO SEMESTRE<\/td><\/tr><tr><td>C\u00f3digo<\/td><td>Asignatura<\/td><td>Car\u00e1cter<\/td><td>ECTS<\/td><\/tr><tr><td>42315<\/td><td>Estad\u00edstica<\/td><td>FB<\/td><td>6<\/td><\/tr><tr><td>42307<\/td><td>Estructura de Computadores<\/td><td>FB<\/td><td>6<\/td><\/tr><tr><td>42308<\/td><td>Redes de Computadores I<\/td><td>OB<\/td><td>6<\/td><\/tr><tr><td>42309<\/td><td>Sistemas de Informaci\u00f3n<\/td><td>OB<\/td><td>6<\/td><\/tr><tr><td colspan=\"3\">TOTAL CR\u00c9DITOS CURSADOS&nbsp;<\/td><td><strong>75<\/strong><\/td><\/tr><\/tbody><\/table><\/figure>\n\n\n\n<p>(*) Anuales<\/p>\n\n\n\n<figure class=\"wp-block-table\"><table class=\"has-fixed-layout\"><tbody><tr><td colspan=\"4\"><strong>TERCER CURSO<\/strong><\/td><\/tr><tr><td colspan=\"4\">PRIMER SEMESTRE Y ANUALES<\/td><\/tr><tr><td>C\u00f3digo<\/td><td>Asignatura<\/td><td>Car\u00e1cter<\/td><td>ECTS<\/td><\/tr><tr><td>54318<\/td><td>Inferencia Estad\u00edstica e Introducci\u00f3n a la Econometr\u00eda<\/td><td>OB<\/td><td>6<\/td><\/tr><tr><td>54314<\/td><td>Contabilidad Financiera y Sociedades<\/td><td>OB<\/td><td>6<\/td><\/tr><tr><td>54313<\/td><td>Microeconom\u00eda Intermedia<\/td><td>OB<\/td><td>6<\/td><\/tr><tr><td>42314<\/td><td>Ingenier\u00eda del Software II<\/td><td>OB<\/td><td>6<\/td><\/tr><tr><td>42311<\/td><td>Organizaci\u00f3n de Computadores<\/td><td>OB<\/td><td>6<\/td><\/tr><tr><td>42313<\/td><td>Sistemas Operativos I<\/td><td>OB<\/td><td>6<\/td><\/tr><tr><td colspan=\"4\">SEGUNDO SEMESTRE<\/td><\/tr><tr><td>C\u00f3digo<\/td><td>Asignatura<\/td><td>Car\u00e1cter<\/td><td>ECTS<\/td><\/tr><tr><td>54315<\/td><td>Macroeconom\u00eda Intermedia<\/td><td>OB<\/td><td>6<\/td><\/tr><tr><td>42318<\/td><td>Redes de Computadores II<\/td><td>OB<\/td><td>6<\/td><\/tr><tr><td>54308<\/td><td>Matem\u00e1ticas de las Operaciones Financieras<\/td><td>OB<\/td><td>6<\/td><\/tr><tr><td>42319<\/td><td>Bases de Datos<\/td><td>OB<\/td><td>6<\/td><\/tr><tr><td>42317<\/td><td>Programaci\u00f3n Concurrente y Tiempo Real<\/td><td>OB<\/td><td>6<\/td><\/tr><tr><td>42316<\/td><td>Metodolog\u00eda de la Programaci\u00f3n<\/td><td>OB<\/td><td>6<\/td><\/tr><tr><td colspan=\"3\">TOTAL CR\u00c9DITOS CURSADOS&nbsp;<\/td><td><strong>72<\/strong><\/td><\/tr><\/tbody><\/table><\/figure>\n\n\n\n<figure class=\"wp-block-table\"><table class=\"has-fixed-layout\"><tbody><tr><td colspan=\"4\"><strong>CUARTO CURSO<\/strong><\/td><\/tr><tr><td colspan=\"4\">PRIMER SEMESTRE Y ANUALES<\/td><\/tr><tr><td>C\u00f3digo<\/td><td>Asignatura<\/td><td>Car\u00e1cter<\/td><td>ECTS<\/td><\/tr><tr><td>42322<\/td><td>Sistemas Distribuidos<\/td><td>OB<\/td><td>6<\/td><\/tr><tr><td>42320<\/td><td>Interacci\u00f3n Persona-Ordenador I<\/td><td>OB<\/td><td>6<\/td><\/tr><tr><td>54312<\/td><td>Inversi\u00f3n y Financiaci\u00f3n de la Empresa (*)<\/td><td>OB<\/td><td>6<\/td><\/tr><tr><td>54320<\/td><td>Direcci\u00f3n Comercial de la Empresa<\/td><td>OB<\/td><td>6<\/td><\/tr><tr><td>54317<\/td><td>Econom\u00eda Espa\u00f1ola<\/td><td>OB<\/td><td>6<\/td><\/tr><tr><td>54319<\/td><td>Contabilidad de Costes<\/td><td>OB<\/td><td>6<\/td><\/tr><tr><td colspan=\"4\">SEGUNDO SEMESTRE<\/td><\/tr><tr><td>C\u00f3digo<\/td><td>Asignatura<\/td><td>Car\u00e1cter<\/td><td>ECTS<\/td><\/tr><tr><td>54322<\/td><td>Fiscalidad Empresarial: Introducci\u00f3n y Fiscalidad Personal<\/td><td>OB<\/td><td>6<\/td><\/tr><tr><td>54325<\/td><td>Direcci\u00f3n de Operaciones<\/td><td>OB<\/td><td>6<\/td><\/tr><tr><td>54324<\/td><td>An\u00e1lisis Contable<\/td><td>OB<\/td><td>6<\/td><\/tr><tr><td>54323<\/td><td>M\u00e9todos y Modelos Econom\u00e9tricos<\/td><td>OB<\/td><td>6<\/td><\/tr><tr><td>42326<\/td><td>Ingenier\u00eda de Requisitos<\/td><td>OP\/TE-IS*<\/td><td>6<\/td><\/tr><tr><td>42327<\/td><td>Dise\u00f1o de Software<\/td><td>OP\/TE-IS*<\/td><td>6<\/td><\/tr><tr><td colspan=\"3\">TOTAL CR\u00c9DITOS CURSADOS&nbsp;<\/td><td><strong>72<\/strong><\/td><\/tr><\/tbody><\/table><\/figure>\n\n\n\n<figure class=\"wp-block-table\"><table class=\"has-fixed-layout\"><tbody><tr><td colspan=\"4\"><strong>QUINTO CURSO<\/strong><\/td><\/tr><tr><td colspan=\"4\">PRIMER SEMESTRE<\/td><\/tr><tr><td>C\u00f3digo<\/td><td>Asignatura<\/td><td>Car\u00e1cter<\/td><td>ECTS<\/td><\/tr><tr><td>54321<\/td><td>Direcci\u00f3n Financiera<\/td><td>OB<\/td><td>6<\/td><\/tr><tr><td>54327<\/td><td>Direcci\u00f3n Estrat\u00e9gica<\/td><td>OB<\/td><td>6<\/td><\/tr><tr><td>42321<\/td><td>Sistemas Inteligentes<\/td><td>OB<\/td><td>6<\/td><\/tr><tr><td>42323<\/td><td>Arquitectura de Computadores<\/td><td>OB<\/td><td>6<\/td><\/tr><tr><td>42330<\/td><td>Procesos de Ingenier\u00eda del Software<\/td><td>OP\/M-IS*<\/td><td>6<\/td><\/tr><tr><td>42331<\/td><td>Calidad de Sistemas Software<\/td><td>OP\/M-IS*<\/td><td>6<\/td><\/tr><tr><td colspan=\"4\">SEGUNDO SEMESTRE<\/td><\/tr><tr><td>C\u00f3digo<\/td><td>Asignatura<\/td><td>Car\u00e1cter<\/td><td>ECTS<\/td><\/tr><tr><td>54326<\/td><td>Investigaci\u00f3n de Mercados<\/td><td>OB<\/td><td>6<\/td><\/tr><tr><td>42328<\/td><td>Desarrollo de Bases de Datos<\/td><td>OP\/TE-IS*<\/td><td>6<\/td><\/tr><tr><td>54328<\/td><td>Pr\u00e1cticas en Empresa<\/td><td>OB<\/td><td>12<\/td><\/tr><tr><td>54329<\/td><td>Trabajo Fin de Grado (ADE)<\/td><td>TFG<\/td><td>12<\/td><\/tr><tr><td colspan=\"3\">TOTAL CR\u00c9DITOS CURSADOS&nbsp;<\/td><td><strong>72<\/strong><\/td><\/tr><\/tbody><\/table><\/figure>\n\n\n\n<figure class=\"wp-block-table\"><table class=\"has-fixed-layout\"><tbody><tr><td colspan=\"4\"><strong>SEXTO CURSO<\/strong><\/td><\/tr><tr><td colspan=\"4\">PRIMER SEMESTRE<\/td><\/tr><tr><td>C\u00f3digo<\/td><td>Asignatura<\/td><td>Car\u00e1cter<\/td><td>ECTS<\/td><\/tr><tr><td>42332<\/td><td>Gesti\u00f3n de Proyectos Software<\/td><td>OP\/TE-IS*<\/td><td>6<\/td><\/tr><tr><td>42333<\/td><td>Seguridad de Sistemas Software<\/td><td>OP\/TE-IS*<\/td><td>6<\/td><\/tr><tr><td>42358<\/td><td>Trabajo Fin de Grado (INF)<\/td><td>TFG<\/td><td>12<\/td><\/tr><tr><td colspan=\"3\">TOTAL CR\u00c9DITOS CURSADOS&nbsp;<\/td><td><strong>24<\/strong><\/td><\/tr><\/tbody><\/table><\/figure>\n\n\n\n<p>OP\/TE-IS*:&nbsp; Asignatura Optativa de la Tecnolog\u00eda Espec\u00edfica de Ingenier\u00eda del Software<\/p>\n","protected":false},"excerpt":{"rendered":"<p>La siguiente tabla recoge los cr\u00e9ditos totales a cursar para obtener las titulaciones que componen el doble t\u00edtulo. Se trata en ambos casos de itinerarios de 4 cursos. Distribuci\u00f3n de cr\u00e9ditos GII GADE TOTAL Formaci\u00f3n B\u00e1sica (FB) 60 60 120 Obligatorios (OB) 96 126 222 [&hellip;]<\/p>\n","protected":false},"author":1,"featured_media":0,"parent":20462,"menu_order":0,"comment_status":"closed","ping_status":"closed","template":"","meta":{"footnotes":""},"class_list":["post-20465","page","type-page","status-publish","hentry"],"yoast_head":"<!-- This site is optimized with the Yoast SEO plugin v27.4 - https:\/\/yoast.com\/product\/yoast-seo-wordpress\/ -->\n<title>Plan de Estudios II-ADE - Escuela Superior de Inform\u00e1tica de UCLM<\/title>\n<meta name=\"description\" content=\"En esta p\u00e1gina podr\u00e1s acceder al plan de estudios del Doble Grado Inform\u00e1tica-ADE en el campus de Ciudad Real de la Universidad de Castilla-La Mancha\" \/>\n<meta name=\"robots\" content=\"index, follow, max-snippet:-1, max-image-preview:large, max-video-preview:-1\" \/>\n<link rel=\"canonical\" href=\"https:\/\/esi.uclm.es\/index.php\/doble-grado-informatica-ade\/plan-de-estudios-ii-ade\/\" \/>\n<meta property=\"og:locale\" content=\"es_ES\" \/>\n<meta property=\"og:type\" content=\"article\" \/>\n<meta property=\"og:title\" content=\"Plan de Estudios II-ADE - Escuela Superior de Inform\u00e1tica de UCLM\" \/>\n<meta property=\"og:description\" content=\"En esta p\u00e1gina podr\u00e1s acceder al plan de estudios del Doble Grado Inform\u00e1tica-ADE en el campus de Ciudad Real de la Universidad de Castilla-La Mancha\" \/>\n<meta property=\"og:url\" content=\"https:\/\/esi.uclm.es\/index.php\/doble-grado-informatica-ade\/plan-de-estudios-ii-ade\/\" \/>\n<meta property=\"og:site_name\" content=\"Escuela Superior de Inform\u00e1tica de UCLM\" \/>\n<meta property=\"article:publisher\" content=\"https:\/\/www.facebook.com\/Escuela-Superior-de-Informtica-543261809027158\" \/>\n<meta property=\"article:modified_time\" content=\"2025-04-10T05:33:15+00:00\" \/>\n<meta name=\"twitter:card\" content=\"summary_large_image\" \/>\n<meta name=\"twitter:site\" content=\"@esiuclm\" \/>\n<meta name=\"twitter:label1\" content=\"Tiempo de lectura\" \/>\n\t<meta name=\"twitter:data1\" content=\"4 minutos\" \/>\n<script type=\"application\/ld+json\" class=\"yoast-schema-graph\">{\"@context\":\"https:\\\/\\\/schema.org\",\"@graph\":[{\"@type\":\"WebPage\",\"@id\":\"https:\\\/\\\/esi.uclm.es\\\/index.php\\\/doble-grado-informatica-ade\\\/plan-de-estudios-ii-ade\\\/\",\"url\":\"https:\\\/\\\/esi.uclm.es\\\/index.php\\\/doble-grado-informatica-ade\\\/plan-de-estudios-ii-ade\\\/\",\"name\":\"Plan de Estudios II-ADE - Escuela Superior de Inform\u00e1tica de UCLM\",\"isPartOf\":{\"@id\":\"https:\\\/\\\/esi.uclm.es\\\/#website\"},\"datePublished\":\"2025-03-16T08:55:21+00:00\",\"dateModified\":\"2025-04-10T05:33:15+00:00\",\"description\":\"En esta p\u00e1gina podr\u00e1s acceder al plan de estudios del Doble Grado Inform\u00e1tica-ADE en el campus de Ciudad Real de la Universidad de Castilla-La Mancha\",\"breadcrumb\":{\"@id\":\"https:\\\/\\\/esi.uclm.es\\\/index.php\\\/doble-grado-informatica-ade\\\/plan-de-estudios-ii-ade\\\/#breadcrumb\"},\"inLanguage\":\"es\",\"potentialAction\":[{\"@type\":\"ReadAction\",\"target\":[\"https:\\\/\\\/esi.uclm.es\\\/index.php\\\/doble-grado-informatica-ade\\\/plan-de-estudios-ii-ade\\\/\"]}]},{\"@type\":\"BreadcrumbList\",\"@id\":\"https:\\\/\\\/esi.uclm.es\\\/index.php\\\/doble-grado-informatica-ade\\\/plan-de-estudios-ii-ade\\\/#breadcrumb\",\"itemListElement\":[{\"@type\":\"ListItem\",\"position\":1,\"name\":\"Portada\",\"item\":\"https:\\\/\\\/esi.uclm.es\\\/\"},{\"@type\":\"ListItem\",\"position\":2,\"name\":\"Doble Grado Inform\u00e1tica-ADE\",\"item\":\"https:\\\/\\\/esi.uclm.es\\\/index.php\\\/doble-grado-informatica-ade\\\/\"},{\"@type\":\"ListItem\",\"position\":3,\"name\":\"Plan de Estudios II-ADE\"}]},{\"@type\":\"WebSite\",\"@id\":\"https:\\\/\\\/esi.uclm.es\\\/#website\",\"url\":\"https:\\\/\\\/esi.uclm.es\\\/\",\"name\":\"Escuela Superior de Inform\u00e1tica de UCLM en Ciudad Real, Castilla-La Mancha\",\"description\":\"La Escuela Superior de Inform\u00e1tica de Ciudad Real (Castilla-La Mancha), Universidad de Castilla-La Mancha es un centro universitario que imparte el ciclo completo de Ingenier\u00eda en Inform\u00e1tica: grado, m\u00e1ster y doctorado.\",\"publisher\":{\"@id\":\"https:\\\/\\\/esi.uclm.es\\\/#organization\"},\"potentialAction\":[{\"@type\":\"SearchAction\",\"target\":{\"@type\":\"EntryPoint\",\"urlTemplate\":\"https:\\\/\\\/esi.uclm.es\\\/?s={search_term_string}\"},\"query-input\":{\"@type\":\"PropertyValueSpecification\",\"valueRequired\":true,\"valueName\":\"search_term_string\"}}],\"inLanguage\":\"es\"},{\"@type\":\"Organization\",\"@id\":\"https:\\\/\\\/esi.uclm.es\\\/#organization\",\"name\":\"Escuela Superior de Inform\u00e1tica de UCLM\",\"url\":\"https:\\\/\\\/esi.uclm.es\\\/\",\"logo\":{\"@type\":\"ImageObject\",\"inLanguage\":\"es\",\"@id\":\"https:\\\/\\\/esi.uclm.es\\\/#\\\/schema\\\/logo\\\/image\\\/\",\"url\":\"https:\\\/\\\/esi.uclm.es\\\/assets\\\/uploads\\\/2022\\\/03\\\/LogoESI_cabecera-1.png\",\"contentUrl\":\"https:\\\/\\\/esi.uclm.es\\\/assets\\\/uploads\\\/2022\\\/03\\\/LogoESI_cabecera-1.png\",\"width\":460,\"height\":184,\"caption\":\"Escuela Superior de Inform\u00e1tica de UCLM\"},\"image\":{\"@id\":\"https:\\\/\\\/esi.uclm.es\\\/#\\\/schema\\\/logo\\\/image\\\/\"},\"sameAs\":[\"https:\\\/\\\/www.facebook.com\\\/Escuela-Superior-de-Informtica-543261809027158\",\"https:\\\/\\\/x.com\\\/esiuclm\",\"https:\\\/\\\/www.instagram.com\\\/esiuclm\\\/\",\"https:\\\/\\\/www.youtube.com\\\/user\\\/esiuclm\",\"https:\\\/\\\/www.twitch.tv\\\/esiuclm\",\"https:\\\/\\\/www.linkedin.com\\\/company\\\/12656631\\\/admin\\\/\"]}]}<\/script>\n<!-- \/ Yoast SEO plugin. -->","yoast_head_json":{"title":"Plan de Estudios II-ADE - Escuela Superior de Inform\u00e1tica de UCLM","description":"En esta p\u00e1gina podr\u00e1s acceder al plan de estudios del Doble Grado Inform\u00e1tica-ADE en el campus de Ciudad Real de la Universidad de Castilla-La Mancha","robots":{"index":"index","follow":"follow","max-snippet":"max-snippet:-1","max-image-preview":"max-image-preview:large","max-video-preview":"max-video-preview:-1"},"canonical":"https:\/\/esi.uclm.es\/index.php\/doble-grado-informatica-ade\/plan-de-estudios-ii-ade\/","og_locale":"es_ES","og_type":"article","og_title":"Plan de Estudios II-ADE - Escuela Superior de Inform\u00e1tica de UCLM","og_description":"En esta p\u00e1gina podr\u00e1s acceder al plan de estudios del Doble Grado Inform\u00e1tica-ADE en el campus de Ciudad Real de la Universidad de Castilla-La Mancha","og_url":"https:\/\/esi.uclm.es\/index.php\/doble-grado-informatica-ade\/plan-de-estudios-ii-ade\/","og_site_name":"Escuela Superior de Inform\u00e1tica de UCLM","article_publisher":"https:\/\/www.facebook.com\/Escuela-Superior-de-Informtica-543261809027158","article_modified_time":"2025-04-10T05:33:15+00:00","twitter_card":"summary_large_image","twitter_site":"@esiuclm","twitter_misc":{"Tiempo de lectura":"4 minutos"},"schema":{"@context":"https:\/\/schema.org","@graph":[{"@type":"WebPage","@id":"https:\/\/esi.uclm.es\/index.php\/doble-grado-informatica-ade\/plan-de-estudios-ii-ade\/","url":"https:\/\/esi.uclm.es\/index.php\/doble-grado-informatica-ade\/plan-de-estudios-ii-ade\/","name":"Plan de Estudios II-ADE - Escuela Superior de Inform\u00e1tica de UCLM","isPartOf":{"@id":"https:\/\/esi.uclm.es\/#website"},"datePublished":"2025-03-16T08:55:21+00:00","dateModified":"2025-04-10T05:33:15+00:00","description":"En esta p\u00e1gina podr\u00e1s acceder al plan de estudios del Doble Grado Inform\u00e1tica-ADE en el campus de Ciudad Real de la Universidad de Castilla-La Mancha","breadcrumb":{"@id":"https:\/\/esi.uclm.es\/index.php\/doble-grado-informatica-ade\/plan-de-estudios-ii-ade\/#breadcrumb"},"inLanguage":"es","potentialAction":[{"@type":"ReadAction","target":["https:\/\/esi.uclm.es\/index.php\/doble-grado-informatica-ade\/plan-de-estudios-ii-ade\/"]}]},{"@type":"BreadcrumbList","@id":"https:\/\/esi.uclm.es\/index.php\/doble-grado-informatica-ade\/plan-de-estudios-ii-ade\/#breadcrumb","itemListElement":[{"@type":"ListItem","position":1,"name":"Portada","item":"https:\/\/esi.uclm.es\/"},{"@type":"ListItem","position":2,"name":"Doble Grado Inform\u00e1tica-ADE","item":"https:\/\/esi.uclm.es\/index.php\/doble-grado-informatica-ade\/"},{"@type":"ListItem","position":3,"name":"Plan de Estudios II-ADE"}]},{"@type":"WebSite","@id":"https:\/\/esi.uclm.es\/#website","url":"https:\/\/esi.uclm.es\/","name":"Escuela Superior de Inform\u00e1tica de UCLM en Ciudad Real, Castilla-La Mancha","description":"La Escuela Superior de Inform\u00e1tica de Ciudad Real (Castilla-La Mancha), Universidad de Castilla-La Mancha es un centro universitario que imparte el ciclo completo de Ingenier\u00eda en Inform\u00e1tica: grado, m\u00e1ster y doctorado.","publisher":{"@id":"https:\/\/esi.uclm.es\/#organization"},"potentialAction":[{"@type":"SearchAction","target":{"@type":"EntryPoint","urlTemplate":"https:\/\/esi.uclm.es\/?s={search_term_string}"},"query-input":{"@type":"PropertyValueSpecification","valueRequired":true,"valueName":"search_term_string"}}],"inLanguage":"es"},{"@type":"Organization","@id":"https:\/\/esi.uclm.es\/#organization","name":"Escuela Superior de Inform\u00e1tica de UCLM","url":"https:\/\/esi.uclm.es\/","logo":{"@type":"ImageObject","inLanguage":"es","@id":"https:\/\/esi.uclm.es\/#\/schema\/logo\/image\/","url":"https:\/\/esi.uclm.es\/assets\/uploads\/2022\/03\/LogoESI_cabecera-1.png","contentUrl":"https:\/\/esi.uclm.es\/assets\/uploads\/2022\/03\/LogoESI_cabecera-1.png","width":460,"height":184,"caption":"Escuela Superior de Inform\u00e1tica de UCLM"},"image":{"@id":"https:\/\/esi.uclm.es\/#\/schema\/logo\/image\/"},"sameAs":["https:\/\/www.facebook.com\/Escuela-Superior-de-Informtica-543261809027158","https:\/\/x.com\/esiuclm","https:\/\/www.instagram.com\/esiuclm\/","https:\/\/www.youtube.com\/user\/esiuclm","https:\/\/www.twitch.tv\/esiuclm","https:\/\/www.linkedin.com\/company\/12656631\/admin\/"]}]}},"_links":{"self":[{"href":"https:\/\/esi.uclm.es\/index.php\/wp-json\/wp\/v2\/pages\/20465","targetHints":{"allow":["GET"]}}],"collection":[{"href":"https:\/\/esi.uclm.es\/index.php\/wp-json\/wp\/v2\/pages"}],"about":[{"href":"https:\/\/esi.uclm.es\/index.php\/wp-json\/wp\/v2\/types\/page"}],"author":[{"embeddable":true,"href":"https:\/\/esi.uclm.es\/index.php\/wp-json\/wp\/v2\/users\/1"}],"replies":[{"embeddable":true,"href":"https:\/\/esi.uclm.es\/index.php\/wp-json\/wp\/v2\/comments?post=20465"}],"version-history":[{"count":2,"href":"https:\/\/esi.uclm.es\/index.php\/wp-json\/wp\/v2\/pages\/20465\/revisions"}],"predecessor-version":[{"id":20664,"href":"https:\/\/esi.uclm.es\/index.php\/wp-json\/wp\/v2\/pages\/20465\/revisions\/20664"}],"up":[{"embeddable":true,"href":"https:\/\/esi.uclm.es\/index.php\/wp-json\/wp\/v2\/pages\/20462"}],"wp:attachment":[{"href":"https:\/\/esi.uclm.es\/index.php\/wp-json\/wp\/v2\/media?parent=20465"}],"curies":[{"name":"wp","href":"https:\/\/api.w.org\/{rel}","templated":true}]}}