{"id":12166,"date":"2022-09-16T09:43:50","date_gmt":"2022-09-16T09:43:50","guid":{"rendered":"https:\/\/esi.uclm.es\/?page_id=12166"},"modified":"2025-10-08T08:37:30","modified_gmt":"2025-10-08T08:37:30","slug":"torneo-abierto-ajedrez","status":"publish","type":"page","link":"https:\/\/esi.uclm.es\/index.php\/vida-en-la-esi\/deportes-y-ocio\/torneo-abierto-ajedrez\/","title":{"rendered":"Torneo Abierto de Ajedrez Santa Tecla 2025"},"content":{"rendered":"\n<div style=\"height:10px\" aria-hidden=\"true\" class=\"wp-block-spacer\"><\/div>\n\n\n\n<div class=\"wp-block-media-text alignwide is-stacked-on-mobile\" style=\"grid-template-columns:15% auto\"><figure class=\"wp-block-media-text__media\"><img loading=\"lazy\" decoding=\"async\" width=\"314\" height=\"669\" src=\"https:\/\/esi.uclm.es\/assets\/uploads\/2022\/09\/rey_grande.jpg\" alt=\"\" class=\"wp-image-12216 size-full\" srcset=\"https:\/\/esi.uclm.es\/assets\/uploads\/2022\/09\/rey_grande.jpg 314w, https:\/\/esi.uclm.es\/assets\/uploads\/2022\/09\/rey_grande-141x300.jpg 141w\" sizes=\"auto, (max-width: 314px) 100vw, 314px\" \/><\/figure><div class=\"wp-block-media-text__content\">\n<h2 class=\"wp-block-heading\">27 de octubre de 2025<\/h2>\n\n\n\n<div style=\"height:10px\" aria-hidden=\"true\" class=\"wp-block-spacer\"><\/div>\n\n\n\n<h3 class=\"wp-block-heading\">Bases del Torneo<\/h3>\n\n\n\n<p><strong>Jugadores<\/strong><\/p>\n\n\n\n<ul class=\"wp-block-list\">\n<li>Torneo abierto presencial.<\/li>\n\n\n\n<li>Se admitir\u00e1n un m\u00e1ximo de 64 jugadores.<\/li>\n<\/ul>\n\n\n\n<p><strong>Lugar de juego<\/strong><\/p>\n\n\n\n<ul class=\"wp-block-list\">\n<li>Escuela Superior de Inform\u00e1tica (ESI). UCLM. Paseo de la Universidad 4, Ciudad Real.<\/li>\n<\/ul>\n\n\n\n<p><\/p>\n<\/div><\/div>\n\n\n\n<p><strong>Fecha<\/strong><\/p>\n\n\n\n<ul class=\"wp-block-list\">\n<li>27 de octubre de 2025<\/li>\n<\/ul>\n\n\n\n<p><strong>Horario de juego<\/strong><\/p>\n\n\n\n<ul class=\"wp-block-list\">\n<li>16:00 h&nbsp; Recepci\u00f3n y confirmaci\u00f3n de participantes. Presentaci\u00f3n del Torneo.<\/li>\n\n\n\n<li>Rondas 1\u00aa a 6\u00aa: 16:30, 17:05, 17:40, 18:15, 18:50, 19:35 y 20:15 h.<\/li>\n<\/ul>\n\n\n\n<p><strong>Sistema de juego<\/strong><\/p>\n\n\n\n<ul class=\"wp-block-list\">\n<li>Suizo. 10 minutos m\u00e1s 3 segundos por movimiento.<\/li>\n<\/ul>\n\n\n\n<p><strong>Premios<\/strong><\/p>\n\n\n\n<figure class=\"wp-block-table is-style-stripes\"><table><thead><tr><th class=\"has-text-align-left\" data-align=\"left\" scope=\"col\">Premios<\/th><td class=\"has-text-align-left\" data-align=\"left\"><strong>Categor\u00eda absoluta<\/strong><\/td><td class=\"has-text-align-left\" data-align=\"left\"><strong>Miembros de la ESI<\/strong><\/td><th>Miembros de la UCLM<\/th><\/tr><\/thead><tbody><tr><td class=\"has-text-align-left\" data-align=\"left\">Primero<\/td><td class=\"has-text-align-left\" data-align=\"left\">150 \u20ac<\/td><td class=\"has-text-align-left\" data-align=\"left\">60 \u20ac<\/td><td>75 \u20ac<\/td><\/tr><tr><td class=\"has-text-align-left\" data-align=\"left\">Segundo<\/td><td class=\"has-text-align-left\" data-align=\"left\">75 \u20ac<\/td><td class=\"has-text-align-left\" data-align=\"left\">40 \u20ac<\/td><td>60 \u20ac<\/td><\/tr><tr><td class=\"has-text-align-left\" data-align=\"left\">Tercero<\/td><td class=\"has-text-align-left\" data-align=\"left\">Obsequio<\/td><td class=\"has-text-align-left\" data-align=\"left\">Obsequio<\/td><td>Obsequio<\/td><\/tr><\/tbody><\/table><figcaption class=\"wp-element-caption\">Los jugadores tendr\u00e1n derecho siempre al premio mayor que les corresponda de acuerdo con la clasificaci\u00f3n y en ning\u00fan caso podr\u00e1n ser acumulados. Los antiguos alumnos de la Escuela quedan contemplados en la categor\u00eda ESI.<\/figcaption><\/figure>\n\n\n\n<p><\/p>\n\n\n\n<p><strong>Emparejamientos<\/strong><\/p>\n\n\n\n<ul id=\"block-79622ba8-4a82-4619-af80-295a2afeae0d\" class=\"wp-block-list\">\n<li>Sistema inform\u00e1tico.<\/li>\n\n\n\n<li>Elo FIDE. Elo FEDA. Alfab\u00e9tico por apellidos.<\/li>\n<\/ul>\n\n\n\n<p><strong>Desempates<\/strong><\/p>\n\n\n\n<ul class=\"wp-block-list\">\n<li>Bucholz Mediano. Bucholz Total. Progresivo.<\/li>\n<\/ul>\n\n\n\n<p><strong>Inscripciones<\/strong><\/p>\n\n\n\n<ul class=\"wp-block-list\">\n<li>Formulario electr\u00f3nico: <a href=\"https:\/\/forms.office.com\/e\/rSWiN8RW4F\" target=\"_blank\" rel=\"noreferrer noopener\">Inscripci\u00f3n al Torneo Abierto de Ajedrez Santa Tecla 2025<\/a>.<\/li>\n\n\n\n<li>Fecha tope de inscripci\u00f3n: las 22:00 horas del d\u00eda anterior al torneo.<\/li>\n\n\n\n<li>Todos los datos facilitados ser\u00e1n tratados de acuerdo con lo establecido en la legislaci\u00f3n sobre protecci\u00f3n de datos personales con la \u00fanica finalidad de gestionar la participaci\u00f3n en el torneo y su desarrollo.<\/li>\n\n\n\n<li>Consultas: <a href=\"mailto:delestudiantes.informatica.cr@uclm.es\">delestudiantes.informatica.cr@uclm.es<\/a> y <a href=\"mailto:esi@uclm.es\">esi@uclm.es<\/a>.<\/li>\n<\/ul>\n\n\n\n<p><strong>Reglas y comportamiento<\/strong><\/p>\n\n\n\n<ul class=\"wp-block-list\">\n<li>Se observar\u00e1n las <em>Leyes del Ajedrez de la FIDE<\/em>.<\/li>\n\n\n\n<li>Est\u00e1 estrictamente prohibido llevar tel\u00e9fonos m\u00f3viles o cualquier otro medio electr\u00f3nico de comunicaci\u00f3n, no permitido por el \u00e1rbitro, dentro del recito de juego. Si durante las partidas suena el m\u00f3vil de un jugador, este perder\u00e1 su partida (art\u00edculo 12.2).<\/li>\n\n\n\n<li>Los participantes en el torneo autorizan la publicaci\u00f3n de sus datos personales en los diferentes medios de comunicaci\u00f3n que la organizaci\u00f3n considere oportunos para la necesaria difusi\u00f3n del evento (emparejamientos, resultados, clasificaciones, fotograf\u00edas, etc.).<\/li>\n\n\n\n<li>En todo momento los jugadores no actuar\u00e1n de forma que deshonren el juego del ajedrez.<\/li>\n\n\n\n<li>La participaci\u00f3n en este Torneo supone la aceptaci\u00f3n de las presentes bases.<\/li>\n<\/ul>\n\n\n\n<p><strong>Jurado<\/strong><\/p>\n\n\n\n<ul class=\"wp-block-list\">\n<li>Para el cumplimiento de las reglas, tomar decisiones en funci\u00f3n del curso de los acontecimientos y dictar los ganadores, el jurado estar\u00e1 compuesto por el Director de la Escuela, el \u00c1rbitro del torneo y un representante de la Delegaci\u00f3n de Alumnos de Inform\u00e1tica.<\/li>\n<\/ul>\n\n\n\n<p><strong>Entrega de premios<\/strong><\/p>\n\n\n\n<ul class=\"wp-block-list\">\n<li>En el acto de entrega de premios de las Actividades de Santa Tecla 2025 de la ESI.<\/li>\n<\/ul>\n\n\n\n<p><strong>M\u00e1s informaci\u00f3n<\/strong><\/p>\n\n\n\n<ul class=\"wp-block-list\">\n<li>En la p\u00e1gina del Torneo: <a href=\"https:\/\/esi.uclm.es\/index.php\/vida-en-la-esi\/deportes-y-ocio\/torneo-abierto-ajedrez\/\"><strong>https:\/\/esi.uclm.es\/index.php\/vida-en-la-esi\/deportes-y-ocio\/torneo-abierto-ajedrez\/<\/strong><\/a><\/li>\n<\/ul>\n\n\n\n<p><strong>Organizan<\/strong><\/p>\n\n\n\n<ul class=\"wp-block-list\">\n<li>Escuela Superior de Inform\u00e1tica de Ciudad Real. UCLM.<\/li>\n\n\n\n<li>Delegaci\u00f3n de Alumnos de Inform\u00e1tica.<\/li>\n\n\n\n<li>Club de Ajedrez de Ciudad Real.<\/li>\n<\/ul>\n","protected":false},"excerpt":{"rendered":"<p>Fecha Horario de juego Sistema de juego Premios Premios Categor\u00eda absoluta Miembros de la ESI Miembros de la UCLM Primero 150 \u20ac 60 \u20ac 75 \u20ac Segundo 75 \u20ac 40 \u20ac 60 \u20ac Tercero Obsequio Obsequio Obsequio Los jugadores tendr\u00e1n derecho siempre al premio mayor [&hellip;]<\/p>\n","protected":false},"author":4,"featured_media":0,"parent":4265,"menu_order":0,"comment_status":"closed","ping_status":"closed","template":"","meta":{"footnotes":""},"class_list":["post-12166","page","type-page","status-publish","hentry"],"yoast_head":"<!-- This site is optimized with the Yoast SEO plugin v27.4 - https:\/\/yoast.com\/product\/yoast-seo-wordpress\/ -->\n<title>Torneo Abierto de Ajedrez Santa Tecla 2025 - Escuela Superior de Inform\u00e1tica de UCLM<\/title>\n<meta name=\"robots\" content=\"index, follow, max-snippet:-1, max-image-preview:large, max-video-preview:-1\" \/>\n<link rel=\"canonical\" href=\"https:\/\/esi.uclm.es\/index.php\/vida-en-la-esi\/deportes-y-ocio\/torneo-abierto-ajedrez\/\" \/>\n<meta property=\"og:locale\" content=\"es_ES\" \/>\n<meta property=\"og:type\" content=\"article\" \/>\n<meta property=\"og:title\" content=\"Torneo Abierto de Ajedrez Santa Tecla 2025 - Escuela Superior de Inform\u00e1tica de UCLM\" \/>\n<meta property=\"og:description\" content=\"Fecha Horario de juego Sistema de juego Premios Premios Categor\u00eda absoluta Miembros de la ESI Miembros de la UCLM Primero 150 \u20ac 60 \u20ac 75 \u20ac Segundo 75 \u20ac 40 \u20ac 60 \u20ac Tercero Obsequio Obsequio Obsequio Los jugadores tendr\u00e1n derecho siempre al premio mayor [&hellip;]\" \/>\n<meta property=\"og:url\" content=\"https:\/\/esi.uclm.es\/index.php\/vida-en-la-esi\/deportes-y-ocio\/torneo-abierto-ajedrez\/\" \/>\n<meta property=\"og:site_name\" content=\"Escuela Superior de Inform\u00e1tica de UCLM\" \/>\n<meta property=\"article:publisher\" content=\"https:\/\/www.facebook.com\/Escuela-Superior-de-Informtica-543261809027158\" \/>\n<meta property=\"article:modified_time\" content=\"2025-10-08T08:37:30+00:00\" \/>\n<meta property=\"og:image\" content=\"https:\/\/esi.uclm.es\/assets\/uploads\/2022\/09\/rey_grande.jpg\" \/>\n\t<meta property=\"og:image:width\" content=\"314\" \/>\n\t<meta property=\"og:image:height\" content=\"669\" \/>\n\t<meta property=\"og:image:type\" content=\"image\/jpeg\" \/>\n<meta name=\"twitter:card\" content=\"summary_large_image\" \/>\n<meta name=\"twitter:site\" content=\"@esiuclm\" \/>\n<meta name=\"twitter:label1\" content=\"Tiempo de lectura\" \/>\n\t<meta name=\"twitter:data1\" content=\"3 minutos\" \/>\n<script type=\"application\/ld+json\" class=\"yoast-schema-graph\">{\"@context\":\"https:\\\/\\\/schema.org\",\"@graph\":[{\"@type\":\"WebPage\",\"@id\":\"https:\\\/\\\/esi.uclm.es\\\/index.php\\\/vida-en-la-esi\\\/deportes-y-ocio\\\/torneo-abierto-ajedrez\\\/\",\"url\":\"https:\\\/\\\/esi.uclm.es\\\/index.php\\\/vida-en-la-esi\\\/deportes-y-ocio\\\/torneo-abierto-ajedrez\\\/\",\"name\":\"Torneo Abierto de Ajedrez Santa Tecla 2025 - Escuela Superior de Inform\u00e1tica de UCLM\",\"isPartOf\":{\"@id\":\"https:\\\/\\\/esi.uclm.es\\\/#website\"},\"primaryImageOfPage\":{\"@id\":\"https:\\\/\\\/esi.uclm.es\\\/index.php\\\/vida-en-la-esi\\\/deportes-y-ocio\\\/torneo-abierto-ajedrez\\\/#primaryimage\"},\"image\":{\"@id\":\"https:\\\/\\\/esi.uclm.es\\\/index.php\\\/vida-en-la-esi\\\/deportes-y-ocio\\\/torneo-abierto-ajedrez\\\/#primaryimage\"},\"thumbnailUrl\":\"https:\\\/\\\/esi.uclm.es\\\/assets\\\/uploads\\\/2022\\\/09\\\/rey_grande.jpg\",\"datePublished\":\"2022-09-16T09:43:50+00:00\",\"dateModified\":\"2025-10-08T08:37:30+00:00\",\"breadcrumb\":{\"@id\":\"https:\\\/\\\/esi.uclm.es\\\/index.php\\\/vida-en-la-esi\\\/deportes-y-ocio\\\/torneo-abierto-ajedrez\\\/#breadcrumb\"},\"inLanguage\":\"es\",\"potentialAction\":[{\"@type\":\"ReadAction\",\"target\":[\"https:\\\/\\\/esi.uclm.es\\\/index.php\\\/vida-en-la-esi\\\/deportes-y-ocio\\\/torneo-abierto-ajedrez\\\/\"]}]},{\"@type\":\"ImageObject\",\"inLanguage\":\"es\",\"@id\":\"https:\\\/\\\/esi.uclm.es\\\/index.php\\\/vida-en-la-esi\\\/deportes-y-ocio\\\/torneo-abierto-ajedrez\\\/#primaryimage\",\"url\":\"https:\\\/\\\/esi.uclm.es\\\/assets\\\/uploads\\\/2022\\\/09\\\/rey_grande.jpg\",\"contentUrl\":\"https:\\\/\\\/esi.uclm.es\\\/assets\\\/uploads\\\/2022\\\/09\\\/rey_grande.jpg\"},{\"@type\":\"BreadcrumbList\",\"@id\":\"https:\\\/\\\/esi.uclm.es\\\/index.php\\\/vida-en-la-esi\\\/deportes-y-ocio\\\/torneo-abierto-ajedrez\\\/#breadcrumb\",\"itemListElement\":[{\"@type\":\"ListItem\",\"position\":1,\"name\":\"Portada\",\"item\":\"https:\\\/\\\/esi.uclm.es\\\/\"},{\"@type\":\"ListItem\",\"position\":2,\"name\":\"Vida en la ESI\",\"item\":\"https:\\\/\\\/esi.uclm.es\\\/index.php\\\/vida-en-la-esi\\\/\"},{\"@type\":\"ListItem\",\"position\":3,\"name\":\"Deportes y Ocio\",\"item\":\"https:\\\/\\\/esi.uclm.es\\\/index.php\\\/vida-en-la-esi\\\/deportes-y-ocio\\\/\"},{\"@type\":\"ListItem\",\"position\":4,\"name\":\"Torneo Abierto de Ajedrez Santa Tecla 2025\"}]},{\"@type\":\"WebSite\",\"@id\":\"https:\\\/\\\/esi.uclm.es\\\/#website\",\"url\":\"https:\\\/\\\/esi.uclm.es\\\/\",\"name\":\"Escuela Superior de Inform\u00e1tica de UCLM en Ciudad Real, Castilla-La Mancha\",\"description\":\"La Escuela Superior de Inform\u00e1tica de Ciudad Real (Castilla-La Mancha), Universidad de Castilla-La Mancha es un centro universitario que imparte el ciclo completo de Ingenier\u00eda en Inform\u00e1tica: grado, m\u00e1ster y doctorado.\",\"publisher\":{\"@id\":\"https:\\\/\\\/esi.uclm.es\\\/#organization\"},\"potentialAction\":[{\"@type\":\"SearchAction\",\"target\":{\"@type\":\"EntryPoint\",\"urlTemplate\":\"https:\\\/\\\/esi.uclm.es\\\/?s={search_term_string}\"},\"query-input\":{\"@type\":\"PropertyValueSpecification\",\"valueRequired\":true,\"valueName\":\"search_term_string\"}}],\"inLanguage\":\"es\"},{\"@type\":\"Organization\",\"@id\":\"https:\\\/\\\/esi.uclm.es\\\/#organization\",\"name\":\"Escuela Superior de Inform\u00e1tica de UCLM\",\"url\":\"https:\\\/\\\/esi.uclm.es\\\/\",\"logo\":{\"@type\":\"ImageObject\",\"inLanguage\":\"es\",\"@id\":\"https:\\\/\\\/esi.uclm.es\\\/#\\\/schema\\\/logo\\\/image\\\/\",\"url\":\"https:\\\/\\\/esi.uclm.es\\\/assets\\\/uploads\\\/2022\\\/03\\\/LogoESI_cabecera-1.png\",\"contentUrl\":\"https:\\\/\\\/esi.uclm.es\\\/assets\\\/uploads\\\/2022\\\/03\\\/LogoESI_cabecera-1.png\",\"width\":460,\"height\":184,\"caption\":\"Escuela Superior de Inform\u00e1tica de UCLM\"},\"image\":{\"@id\":\"https:\\\/\\\/esi.uclm.es\\\/#\\\/schema\\\/logo\\\/image\\\/\"},\"sameAs\":[\"https:\\\/\\\/www.facebook.com\\\/Escuela-Superior-de-Informtica-543261809027158\",\"https:\\\/\\\/x.com\\\/esiuclm\",\"https:\\\/\\\/www.instagram.com\\\/esiuclm\\\/\",\"https:\\\/\\\/www.youtube.com\\\/user\\\/esiuclm\",\"https:\\\/\\\/www.twitch.tv\\\/esiuclm\",\"https:\\\/\\\/www.linkedin.com\\\/company\\\/12656631\\\/admin\\\/\"]}]}<\/script>\n<!-- \/ Yoast SEO plugin. -->","yoast_head_json":{"title":"Torneo Abierto de Ajedrez Santa Tecla 2025 - Escuela Superior de Inform\u00e1tica de UCLM","robots":{"index":"index","follow":"follow","max-snippet":"max-snippet:-1","max-image-preview":"max-image-preview:large","max-video-preview":"max-video-preview:-1"},"canonical":"https:\/\/esi.uclm.es\/index.php\/vida-en-la-esi\/deportes-y-ocio\/torneo-abierto-ajedrez\/","og_locale":"es_ES","og_type":"article","og_title":"Torneo Abierto de Ajedrez Santa Tecla 2025 - Escuela Superior de Inform\u00e1tica de UCLM","og_description":"Fecha Horario de juego Sistema de juego Premios Premios Categor\u00eda absoluta Miembros de la ESI Miembros de la UCLM Primero 150 \u20ac 60 \u20ac 75 \u20ac Segundo 75 \u20ac 40 \u20ac 60 \u20ac Tercero Obsequio Obsequio Obsequio Los jugadores tendr\u00e1n derecho siempre al premio mayor [&hellip;]","og_url":"https:\/\/esi.uclm.es\/index.php\/vida-en-la-esi\/deportes-y-ocio\/torneo-abierto-ajedrez\/","og_site_name":"Escuela Superior de Inform\u00e1tica de UCLM","article_publisher":"https:\/\/www.facebook.com\/Escuela-Superior-de-Informtica-543261809027158","article_modified_time":"2025-10-08T08:37:30+00:00","og_image":[{"width":314,"height":669,"url":"https:\/\/esi.uclm.es\/assets\/uploads\/2022\/09\/rey_grande.jpg","type":"image\/jpeg"}],"twitter_card":"summary_large_image","twitter_site":"@esiuclm","twitter_misc":{"Tiempo de lectura":"3 minutos"},"schema":{"@context":"https:\/\/schema.org","@graph":[{"@type":"WebPage","@id":"https:\/\/esi.uclm.es\/index.php\/vida-en-la-esi\/deportes-y-ocio\/torneo-abierto-ajedrez\/","url":"https:\/\/esi.uclm.es\/index.php\/vida-en-la-esi\/deportes-y-ocio\/torneo-abierto-ajedrez\/","name":"Torneo Abierto de Ajedrez Santa Tecla 2025 - Escuela Superior de Inform\u00e1tica de UCLM","isPartOf":{"@id":"https:\/\/esi.uclm.es\/#website"},"primaryImageOfPage":{"@id":"https:\/\/esi.uclm.es\/index.php\/vida-en-la-esi\/deportes-y-ocio\/torneo-abierto-ajedrez\/#primaryimage"},"image":{"@id":"https:\/\/esi.uclm.es\/index.php\/vida-en-la-esi\/deportes-y-ocio\/torneo-abierto-ajedrez\/#primaryimage"},"thumbnailUrl":"https:\/\/esi.uclm.es\/assets\/uploads\/2022\/09\/rey_grande.jpg","datePublished":"2022-09-16T09:43:50+00:00","dateModified":"2025-10-08T08:37:30+00:00","breadcrumb":{"@id":"https:\/\/esi.uclm.es\/index.php\/vida-en-la-esi\/deportes-y-ocio\/torneo-abierto-ajedrez\/#breadcrumb"},"inLanguage":"es","potentialAction":[{"@type":"ReadAction","target":["https:\/\/esi.uclm.es\/index.php\/vida-en-la-esi\/deportes-y-ocio\/torneo-abierto-ajedrez\/"]}]},{"@type":"ImageObject","inLanguage":"es","@id":"https:\/\/esi.uclm.es\/index.php\/vida-en-la-esi\/deportes-y-ocio\/torneo-abierto-ajedrez\/#primaryimage","url":"https:\/\/esi.uclm.es\/assets\/uploads\/2022\/09\/rey_grande.jpg","contentUrl":"https:\/\/esi.uclm.es\/assets\/uploads\/2022\/09\/rey_grande.jpg"},{"@type":"BreadcrumbList","@id":"https:\/\/esi.uclm.es\/index.php\/vida-en-la-esi\/deportes-y-ocio\/torneo-abierto-ajedrez\/#breadcrumb","itemListElement":[{"@type":"ListItem","position":1,"name":"Portada","item":"https:\/\/esi.uclm.es\/"},{"@type":"ListItem","position":2,"name":"Vida en la ESI","item":"https:\/\/esi.uclm.es\/index.php\/vida-en-la-esi\/"},{"@type":"ListItem","position":3,"name":"Deportes y Ocio","item":"https:\/\/esi.uclm.es\/index.php\/vida-en-la-esi\/deportes-y-ocio\/"},{"@type":"ListItem","position":4,"name":"Torneo Abierto de Ajedrez Santa Tecla 2025"}]},{"@type":"WebSite","@id":"https:\/\/esi.uclm.es\/#website","url":"https:\/\/esi.uclm.es\/","name":"Escuela Superior de Inform\u00e1tica de UCLM en Ciudad Real, Castilla-La Mancha","description":"La Escuela Superior de Inform\u00e1tica de Ciudad Real (Castilla-La Mancha), Universidad de Castilla-La Mancha es un centro universitario que imparte el ciclo completo de Ingenier\u00eda en Inform\u00e1tica: grado, m\u00e1ster y doctorado.","publisher":{"@id":"https:\/\/esi.uclm.es\/#organization"},"potentialAction":[{"@type":"SearchAction","target":{"@type":"EntryPoint","urlTemplate":"https:\/\/esi.uclm.es\/?s={search_term_string}"},"query-input":{"@type":"PropertyValueSpecification","valueRequired":true,"valueName":"search_term_string"}}],"inLanguage":"es"},{"@type":"Organization","@id":"https:\/\/esi.uclm.es\/#organization","name":"Escuela Superior de Inform\u00e1tica de UCLM","url":"https:\/\/esi.uclm.es\/","logo":{"@type":"ImageObject","inLanguage":"es","@id":"https:\/\/esi.uclm.es\/#\/schema\/logo\/image\/","url":"https:\/\/esi.uclm.es\/assets\/uploads\/2022\/03\/LogoESI_cabecera-1.png","contentUrl":"https:\/\/esi.uclm.es\/assets\/uploads\/2022\/03\/LogoESI_cabecera-1.png","width":460,"height":184,"caption":"Escuela Superior de Inform\u00e1tica de UCLM"},"image":{"@id":"https:\/\/esi.uclm.es\/#\/schema\/logo\/image\/"},"sameAs":["https:\/\/www.facebook.com\/Escuela-Superior-de-Informtica-543261809027158","https:\/\/x.com\/esiuclm","https:\/\/www.instagram.com\/esiuclm\/","https:\/\/www.youtube.com\/user\/esiuclm","https:\/\/www.twitch.tv\/esiuclm","https:\/\/www.linkedin.com\/company\/12656631\/admin\/"]}]}},"_links":{"self":[{"href":"https:\/\/esi.uclm.es\/index.php\/wp-json\/wp\/v2\/pages\/12166","targetHints":{"allow":["GET"]}}],"collection":[{"href":"https:\/\/esi.uclm.es\/index.php\/wp-json\/wp\/v2\/pages"}],"about":[{"href":"https:\/\/esi.uclm.es\/index.php\/wp-json\/wp\/v2\/types\/page"}],"author":[{"embeddable":true,"href":"https:\/\/esi.uclm.es\/index.php\/wp-json\/wp\/v2\/users\/4"}],"replies":[{"embeddable":true,"href":"https:\/\/esi.uclm.es\/index.php\/wp-json\/wp\/v2\/comments?post=12166"}],"version-history":[{"count":22,"href":"https:\/\/esi.uclm.es\/index.php\/wp-json\/wp\/v2\/pages\/12166\/revisions"}],"predecessor-version":[{"id":21676,"href":"https:\/\/esi.uclm.es\/index.php\/wp-json\/wp\/v2\/pages\/12166\/revisions\/21676"}],"up":[{"embeddable":true,"href":"https:\/\/esi.uclm.es\/index.php\/wp-json\/wp\/v2\/pages\/4265"}],"wp:attachment":[{"href":"https:\/\/esi.uclm.es\/index.php\/wp-json\/wp\/v2\/media?parent=12166"}],"curies":[{"name":"wp","href":"https:\/\/api.w.org\/{rel}","templated":true}]}}