{"version":"1.0","provider_name":"Escuela Superior de Inform\u00e1tica de UCLM","provider_url":"https:\/\/esi.uclm.es","title":"Clausura del Programa Mentor Profesional 2024 - Escuela Superior de Inform\u00e1tica de UCLM","type":"rich","width":600,"height":338,"html":"<blockquote class=\"wp-embedded-content\" data-secret=\"oGjJS8Rzbs\"><a href=\"https:\/\/esi.uclm.es\/index.php\/2024\/05\/28\/clausura-del-programa-mentor-2024\/\">Clausura del Programa Mentor Profesional 2024<\/a><\/blockquote><iframe sandbox=\"allow-scripts\" security=\"restricted\" src=\"https:\/\/esi.uclm.es\/index.php\/2024\/05\/28\/clausura-del-programa-mentor-2024\/embed\/#?secret=oGjJS8Rzbs\" width=\"600\" height=\"338\" title=\"\u00abClausura del Programa Mentor Profesional 2024\u00bb \u2014 Escuela Superior de Inform\u00e1tica de UCLM\" data-secret=\"oGjJS8Rzbs\" frameborder=\"0\" marginwidth=\"0\" marginheight=\"0\" scrolling=\"no\" class=\"wp-embedded-content\"><\/iframe><script type=\"text\/javascript\">\n\/* <![CDATA[ *\/\n\/*! This file is auto-generated *\/\n!function(d,l){\"use strict\";l.querySelector&&d.addEventListener&&\"undefined\"!=typeof URL&&(d.wp=d.wp||{},d.wp.receiveEmbedMessage||(d.wp.receiveEmbedMessage=function(e){var t=e.data;if((t||t.secret||t.message||t.value)&&!\/[^a-zA-Z0-9]\/.test(t.secret)){for(var s,r,n,a=l.querySelectorAll('iframe[data-secret=\"'+t.secret+'\"]'),o=l.querySelectorAll('blockquote[data-secret=\"'+t.secret+'\"]'),c=new RegExp(\"^https?:$\",\"i\"),i=0;i<o.length;i++)o[i].style.display=\"none\";for(i=0;i<a.length;i++)s=a[i],e.source===s.contentWindow&&(s.removeAttribute(\"style\"),\"height\"===t.message?(1e3<(r=parseInt(t.value,10))?r=1e3:~~r<200&&(r=200),s.height=r):\"link\"===t.message&&(r=new URL(s.getAttribute(\"src\")),n=new URL(t.value),c.test(n.protocol))&&n.host===r.host&&l.activeElement===s&&(d.top.location.href=t.value))}},d.addEventListener(\"message\",d.wp.receiveEmbedMessage,!1),l.addEventListener(\"DOMContentLoaded\",function(){for(var e,t,s=l.querySelectorAll(\"iframe.wp-embedded-content\"),r=0;r<s.length;r++)(t=(e=s[r]).getAttribute(\"data-secret\"))||(t=Math.random().toString(36).substring(2,12),e.src+=\"#?secret=\"+t,e.setAttribute(\"data-secret\",t)),e.contentWindow.postMessage({message:\"ready\",secret:t},\"*\")},!1)))}(window,document);\n\/\/# sourceURL=https:\/\/esi.uclm.es\/wp-includes\/js\/wp-embed.min.js\n\/* ]]> *\/\n<\/script>\n","thumbnail_url":"http:\/\/esi.uclm.es\/assets\/uploads\/2024\/05\/mentorportada.jpg","thumbnail_width":1600,"thumbnail_height":900,"description":"\u00a1Qu\u00e9 r\u00e1pido ha pasado el tiempo!\u00a0Tanto que la\u00a0II Edici\u00f3n del\u00a0Programa\u00a0Mentor\u00a0Profesional\u00a0lleg\u00f3 este\u00a0viernes 24 de mayo\u00a0a su fin. Pero no te preocupes que habr\u00e1 m\u00e1s \ud83d\ude42. Desde la Direcci\u00f3n de la Escuela se prepar\u00f3 con mucha ilusi\u00f3n un\u00a0acto de\u00a0clausura en el que mentores\/as y mentorizados\/as\u00a0se encontraron para [&hellip;]"}

Escuela Superior de Informática de UCLM

Clausura del Programa Mentor Profesional 2024 - Escuela Superior de Informática de UCLM

<blockquote class="wp-embedded-content" data-secret="oGjJS8Rzbs"><a href="https://esi.uclm.es/index.php/2024/05/28/clausura-del-programa-mentor-2024/">Clausura del Programa Mentor Profesional 2024</a></blockquote><iframe sandbox="allow-scripts" security="restricted" src="https://esi.uclm.es/index.php/2024/05/28/clausura-del-programa-mentor-2024/embed/#?secret=oGjJS8Rzbs" width="600" height="338" title="«Clausura del Programa Mentor Profesional 2024» — Escuela Superior de Informática de UCLM" data-secret="oGjJS8Rzbs" frameborder="0" marginwidth="0" marginheight="0" scrolling="no" class="wp-embedded-content"></iframe><script type="text/javascript">
/* <![CDATA[ */
/*! This file is auto-generated */
!function(d,l){"use strict";l.querySelector&&d.addEventListener&&"undefined"!=typeof URL&&(d.wp=d.wp||{},d.wp.receiveEmbedMessage||(d.wp.receiveEmbedMessage=function(e){var t=e.data;if((t||t.secret||t.message||t.value)&&!/[^a-zA-Z0-9]/.test(t.secret)){for(var s,r,n,a=l.querySelectorAll('iframe[data-secret="'+t.secret+'"]'),o=l.querySelectorAll('blockquote[data-secret="'+t.secret+'"]'),c=new RegExp("^https?:$","i"),i=0;i<o.length;i++)o[i].style.display="none";for(i=0;i<a.length;i++)s=a[i],e.source===s.contentWindow&&(s.removeAttribute("style"),"height"===t.message?(1e3<(r=parseInt(t.value,10))?r=1e3:~~r<200&&(r=200),s.height=r):"link"===t.message&&(r=new URL(s.getAttribute("src")),n=new URL(t.value),c.test(n.protocol))&&n.host===r.host&&l.activeElement===s&&(d.top.location.href=t.value))}},d.addEventListener("message",d.wp.receiveEmbedMessage,!1),l.addEventListener("DOMContentLoaded",function(){for(var e,t,s=l.querySelectorAll("iframe.wp-embedded-content"),r=0;r<s.length;r++)(t=(e=s[r]).getAttribute("data-secret"))||(t=Math.random().toString(36).substring(2,12),e.src+="#?secret="+t,e.setAttribute("data-secret",t)),e.contentWindow.postMessage({message:"ready",secret:t},"*")},!1)))}(window,document);
//# sourceURL=https://esi.uclm.es/wp-includes/js/wp-embed.min.js
/* ]]> */
</script>

¡Qué rápido ha pasado el tiempo! Tanto que la II Edición del Programa Mentor Profesional llegó este viernes 24 de mayo a su fin. Pero no te preocupes que habrá más 🙂. Desde la Dirección de la Escuela se preparó con mucha ilusión un acto de clausura en el que mentores/as y mentorizados/as se encontraron para [&hellip;]
