{"version":"1.0","provider_name":"Escuela Superior de Inform\u00e1tica de UCLM","provider_url":"https:\/\/esi.uclm.es","title":"Ganadores del concurso de cortos - Escuela Superior de Inform\u00e1tica de UCLM","type":"rich","width":600,"height":338,"html":"<blockquote class=\"wp-embedded-content\" data-secret=\"uu0J9telOF\"><a href=\"https:\/\/esi.uclm.es\/index.php\/2023\/11\/13\/ganadores-del-concurso-de-cortos\/\">Ganadores del concurso de cortos<\/a><\/blockquote><iframe sandbox=\"allow-scripts\" security=\"restricted\" src=\"https:\/\/esi.uclm.es\/index.php\/2023\/11\/13\/ganadores-del-concurso-de-cortos\/embed\/#?secret=uu0J9telOF\" width=\"600\" height=\"338\" title=\"\u00abGanadores del concurso de cortos\u00bb \u2014 Escuela Superior de Inform\u00e1tica de UCLM\" data-secret=\"uu0J9telOF\" frameborder=\"0\" marginwidth=\"0\" marginheight=\"0\" scrolling=\"no\" class=\"wp-embedded-content\"><\/iframe><script type=\"text\/javascript\">\n\/* <![CDATA[ *\/\n\/*! This file is auto-generated *\/\n!function(d,l){\"use strict\";l.querySelector&&d.addEventListener&&\"undefined\"!=typeof URL&&(d.wp=d.wp||{},d.wp.receiveEmbedMessage||(d.wp.receiveEmbedMessage=function(e){var t=e.data;if((t||t.secret||t.message||t.value)&&!\/[^a-zA-Z0-9]\/.test(t.secret)){for(var s,r,n,a=l.querySelectorAll('iframe[data-secret=\"'+t.secret+'\"]'),o=l.querySelectorAll('blockquote[data-secret=\"'+t.secret+'\"]'),c=new RegExp(\"^https?:$\",\"i\"),i=0;i<o.length;i++)o[i].style.display=\"none\";for(i=0;i<a.length;i++)s=a[i],e.source===s.contentWindow&&(s.removeAttribute(\"style\"),\"height\"===t.message?(1e3<(r=parseInt(t.value,10))?r=1e3:~~r<200&&(r=200),s.height=r):\"link\"===t.message&&(r=new URL(s.getAttribute(\"src\")),n=new URL(t.value),c.test(n.protocol))&&n.host===r.host&&l.activeElement===s&&(d.top.location.href=t.value))}},d.addEventListener(\"message\",d.wp.receiveEmbedMessage,!1),l.addEventListener(\"DOMContentLoaded\",function(){for(var e,t,s=l.querySelectorAll(\"iframe.wp-embedded-content\"),r=0;r<s.length;r++)(t=(e=s[r]).getAttribute(\"data-secret\"))||(t=Math.random().toString(36).substring(2,12),e.src+=\"#?secret=\"+t,e.setAttribute(\"data-secret\",t)),e.contentWindow.postMessage({message:\"ready\",secret:t},\"*\")},!1)))}(window,document);\n\/\/# sourceURL=https:\/\/esi.uclm.es\/wp-includes\/js\/wp-embed.min.js\n\/* ]]> *\/\n<\/script>\n","thumbnail_url":"http:\/\/esi.uclm.es\/assets\/uploads\/2023\/11\/portada_concurso_cortos.webp","thumbnail_width":1960,"thumbnail_height":1144,"description":"Una de las actividades organizadas durante Santa Tecla 2023, en la categor\u00eda de Cultura, ha sido el Concurso de Cortos en la que los estudiantes, de alg\u00fan modo, deb\u00edan reflejar la vida en la ESI. Los estudiantes, previamente, recibieron en la propia Escuela Superior de [&hellip;]"}

Escuela Superior de Informática de UCLM

Ganadores del concurso de cortos - Escuela Superior de Informática de UCLM

<blockquote class="wp-embedded-content" data-secret="uu0J9telOF"><a href="https://esi.uclm.es/index.php/2023/11/13/ganadores-del-concurso-de-cortos/">Ganadores del concurso de cortos</a></blockquote><iframe sandbox="allow-scripts" security="restricted" src="https://esi.uclm.es/index.php/2023/11/13/ganadores-del-concurso-de-cortos/embed/#?secret=uu0J9telOF" width="600" height="338" title="«Ganadores del concurso de cortos» — Escuela Superior de Informática de UCLM" data-secret="uu0J9telOF" frameborder="0" marginwidth="0" marginheight="0" scrolling="no" class="wp-embedded-content"></iframe><script type="text/javascript">
/* <![CDATA[ */
/*! This file is auto-generated */
!function(d,l){"use strict";l.querySelector&&d.addEventListener&&"undefined"!=typeof URL&&(d.wp=d.wp||{},d.wp.receiveEmbedMessage||(d.wp.receiveEmbedMessage=function(e){var t=e.data;if((t||t.secret||t.message||t.value)&&!/[^a-zA-Z0-9]/.test(t.secret)){for(var s,r,n,a=l.querySelectorAll('iframe[data-secret="'+t.secret+'"]'),o=l.querySelectorAll('blockquote[data-secret="'+t.secret+'"]'),c=new RegExp("^https?:$","i"),i=0;i<o.length;i++)o[i].style.display="none";for(i=0;i<a.length;i++)s=a[i],e.source===s.contentWindow&&(s.removeAttribute("style"),"height"===t.message?(1e3<(r=parseInt(t.value,10))?r=1e3:~~r<200&&(r=200),s.height=r):"link"===t.message&&(r=new URL(s.getAttribute("src")),n=new URL(t.value),c.test(n.protocol))&&n.host===r.host&&l.activeElement===s&&(d.top.location.href=t.value))}},d.addEventListener("message",d.wp.receiveEmbedMessage,!1),l.addEventListener("DOMContentLoaded",function(){for(var e,t,s=l.querySelectorAll("iframe.wp-embedded-content"),r=0;r<s.length;r++)(t=(e=s[r]).getAttribute("data-secret"))||(t=Math.random().toString(36).substring(2,12),e.src+="#?secret="+t,e.setAttribute("data-secret",t)),e.contentWindow.postMessage({message:"ready",secret:t},"*")},!1)))}(window,document);
//# sourceURL=https://esi.uclm.es/wp-includes/js/wp-embed.min.js
/* ]]> */
</script>

Una de las actividades organizadas durante Santa Tecla 2023, en la categoría de Cultura, ha sido el Concurso de Cortos en la que los estudiantes, de algún modo, debían reflejar la vida en la ESI. Los estudiantes, previamente, recibieron en la propia Escuela Superior de [&hellip;]
